From mboxrd@z Thu Jan 1 00:00:00 1970 Return-Path: Received: from mails.dpdk.org (mails.dpdk.org [217.70.189.124]) by inbox.dpdk.org (Postfix) with ESMTP id E8B5D467B9 for ; Thu, 22 May 2025 16:42:38 +0200 (CEST) Received: from mails.dpdk.org (localhost [127.0.0.1]) by mails.dpdk.org (Postfix) with ESMTP id B69F04060F; Thu, 22 May 2025 16:42:38 +0200 (CEST) Received: from mail-qv1-f98.google.com (mail-qv1-f98.google.com [209.85.219.98]) by mails.dpdk.org (Postfix) with ESMTP id 46C02402E5 for ; Thu, 22 May 2025 16:42:37 +0200 (CEST) Received: by mail-qv1-f98.google.com with SMTP id 6a1803df08f44-6f5373067b3so102433396d6.2 for ; Thu, 22 May 2025 07:42:37 -0700 (PDT) DKIM-Signature: v=1; a=rsa-sha256; c=relaxed/relaxed; d=iol.unh.edu; s=unh-iol; t=1747924956; x=1748529756; darn=dpdk.org; h=references:in-reply-to:cc:to:from:subject:message-id:date:from:to :cc:subject:date:message-id:reply-to; bh=OzxP/SUzRzJP8oEy+1GCPIDUin4yxzc7tphgfX9EzAM=; b=TYIIgf+aRuNGChBCDYqEtsNxgZxUje3luhKThgSiVlWB2sTU2PkkUz9A+N21QZ5xVg zGvcwWyXtGJYbPOJ234H/OhnfFgjqSYPTDQjuIIbyYw0VQKEh6/xD+X32IZlnPg+9Y3o prIzm6Kmj/D8Gqa2PJE1ZSeK3/f0o0xUlHE7Y= X-Google-DKIM-Signature: v=1; a=rsa-sha256; c=relaxed/relaxed; d=1e100.net; s=20230601; t=1747924956; x=1748529756; h=references:in-reply-to:cc:to:from:subject:message-id:date :x-gm-message-state:from:to:cc:subject:date:message-id:reply-to; bh=OzxP/SUzRzJP8oEy+1GCPIDUin4yxzc7tphgfX9EzAM=; b=qWK7rFLfSJ+aO08Dbl1DktnuSR09u2zMTMwTX/ih3Gtrvb260l80Enf6L4PuPHaQDe EE5ZJPJYcAUsSMR0PgEcBqfiXekd0kCGTLbZzRbKY9Z32/4EeboPLIRFA7nzNM9Fof2x 0We+XU53RJbb2XoBLWLGoNq2Z6fgno2c7T4KWk/cZX/4OM/d9eaLhGaSzhI3D7W0blNX 7AMxUWnEOC+NfJPgp9/HeU174TLEAhpbsmnGvydcqLM0d7XN01X+3tMQkh+cA9uM8Ork Cj+GIrkRs3jOFCMY0WRYPUTXfXOQvJQoL/RgYusJKY0N4BFbiYyWvWDPjGUgHDqd2TkF RnOg== X-Gm-Message-State: AOJu0YyVyiqrSlnZ4Golg1LjEpeMXuywzplMoYQTsGirNfU3L91K72nO psBM5YxY3vIlOqEOmzD1ygiGpnw1wBuDlV2RgMEwXElpYUhaITN0gOebJZjbM9quJ1l3Zh3r4zc Z90+gaPZjS0x3Sc24m+qEkEbq7VUyFwYvVQj5KNLjkjYjMjMqF10CS+qXj8k7 X-Gm-Gg: ASbGncu2n6EuKamkKk2kB4ut6z53UU0Jhr5E8NahqEyT44AAKKPmNMbH6DHQyn6BjUQ NCdO24dzqpZeUxPihoDpmV58MnjNzmf/9RQe2JqVii58BEztw4f1HY6gnudYh0OFYALm4ABbKJv vhyTA3pAfqK2QBp16RADGHXtLPMZQE5FtbmV6wAe8C/8AnkANBfW4dDH8odpaHgI2XvIa1+plYT xr8W8qPdGytrv/rlRwydJujia1a0ufcOGCczD8B3zSkcGgTV9KlzZOAx0Hoy/4fDC6z77ax6VKC GG1TyGyLNSWa0ipDB99GWb1lBKMPuerg4F8j X-Google-Smtp-Source: AGHT+IGGN5/Y6bQ9KN4jKHJhpcXhBxqnwjwgtrQYzscg1BfGzrLraFWcsrfGs4UZcux+g8BsP4ktbdwbLG/S X-Received: by 2002:a05:6214:2346:b0:6f5:374d:3cf6 with SMTP id 6a1803df08f44-6f8b2d2e395mr333522906d6.41.1747924956616; Thu, 22 May 2025 07:42:36 -0700 (PDT) Received: from postal.iol.unh.edu (postal.iol.unh.edu. [2606:4100:3880:1234::84]) by smtp-relay.gmail.com with ESMTPS id 6a1803df08f44-6f8b09a52efsm4860276d6.55.2025.05.22.07.42.36 (version=TLS1_2 cipher=ECDHE-ECDSA-AES128-GCM-SHA256 bits=128/128); Thu, 22 May 2025 07:42:36 -0700 (PDT) X-Relaying-Domain: iol.unh.edu Date: Thu, 22 May 2025 07:42:36 -0700 (PDT) Message-ID: <682f37dc.050a0220.289777.a89cSMTPIN_ADDED_MISSING@mx.google.com> Received: from [172.21.0.6] (unknown [172.18.0.240]) by postal.iol.unh.edu (Postfix) with ESMTP id 52EF06052471; Thu, 22 May 2025 10:42:36 -0400 (EDT) Subject: |WARNING| pw153590 [PATCH] [v3] ethdev: fix the bug where the flag v From: dpdklab@iol.unh.edu To: Test Report Cc: dpdk-test-reports@iol.unh.edu In-Reply-To: <20250522074242.30376-1-sunyang.wu@jaguarmicro.com> References: <20250522074242.30376-1-sunyang.wu@jaguarmicro.com> Content-Type: text/plain X-BeenThere: test-report@dpdk.org X-Mailman-Version: 2.1.29 Precedence: list List-Id: automatic DPDK test reports List-Unsubscribe: , List-Archive: List-Post: List-Help: List-Subscribe: , Errors-To: test-report-bounces@dpdk.org Test-Label: iol-abi-testing Test-Status: WARNING http://dpdk.org/patch/153590 _Testing issues_ Submitter: Sunyang Wu Date: Thursday, May 22 2025 07:42:42 DPDK git baseline: Repo:dpdk Branch: master CommitID:a0ad790eb9fcef4b00366ae474132bee4bcdab75 153590 --> testing issues Upstream job id: Generic-DPDK-Compile-ABI#127354 Test environment and result as below: +-------------------+----------+ | Environment | abi_test | +===================+==========+ | CentOS Stream 9 | FAIL | +-------------------+----------+ | CentOS Stream 10 | FAIL | +-------------------+----------+ | Debian 12 | FAIL | +-------------------+----------+ | Fedora 40 (Clang) | FAIL | +-------------------+----------+ | Fedora 40 | FAIL | +-------------------+----------+ | Fedora 41 | FAIL | +-------------------+----------+ | openSUSE Leap 15 | FAIL | +-------------------+----------+ | RHEL8 | FAIL | +-------------------+----------+ | Ubuntu 22.04 | FAIL | +-------------------+----------+ | Ubuntu 24.04 | FAIL | +-------------------+----------+ ==== 20 line log output for Ubuntu 24.04 (abi_test): ==== Variables changes summary: 0 Removed, 0 Changed, 0 Added variable Functions changes summary: 0 Removed, 0 Changed (1 filtered out), 0 Added function Variables changes summary: 0 Removed, 0 Changed, 0 Added variable Functions changes summary: 0 Removed, 0 Changed (4 filtered out), 0 Added (1 filtered out) functions Variables changes summary: 0 Removed, 0 Changed (1 filtered out), 0 Added variable Functions changes summary: 0 Removed, 0 Changed (2 filtered out), 0 Added functions Variables changes summary: 0 Removed, 0 Changed, 0 Added variable Functions changes summary: 0 Removed, 0 Changed, 0 Added (1 filtered out) function Variables changes summary: 0 Removed, 0 Changed, 0 Added variable Functions changes summary: 0 Removed, 0 Changed (15 filtered out), 0 Added (2 filtered out) functions Variables changes summary: 0 Removed, 0 Changed (2 filtered out), 0 Added variables Functions changes summary: 0 Removed, 0 Changed (215 filtered out), 0 Added (2 filtered out) functions Variables changes summary: 0 Removed, 0 Changed, 0 Added variable ==== End log output ==== CentOS Stream 9 Kernel: Depends on container host Compiler: gcc 11.5.0 20240719 (Red Hat 11.5.0-2) CentOS Stream 10 Kernel: Depends on container host Compiler: gcc 14.2.1 20241104 (Red Hat 14.2.1-6) Debian 12 Kernel: Depends on container host Compiler: gcc (Debian 12.2.0-14) 12.2.0 Fedora 40 (Clang) Kernel: Depends on container host Compiler: clang 18.1.8 (Fedora 18.1.8-1.fc40) Fedora 40 Kernel: Depends on container host Compiler: gcc 14.2.1 20240912 (Red Hat 14.2.1-3) Fedora 41 Kernel: Depends on container host Compiler: gcc 14.2.1 20240912 (Red Hat 14.2.1-3) openSUSE Leap 15 Kernel: Depends on container host Compiler: gcc (SUSE Linux) 7.5.0 RHEL8 Kernel: Depends on container host Compiler: gcc 8.5.0 20210514 (Red Hat 8.5.0-22) Ubuntu 22.04 Kernel: Depends on container host Compiler: gcc (Ubuntu 11.4.0-1ubuntu1~22.04) 11.4.0 Ubuntu 24.04 Kernel: Depends on container host Compiler: gcc (Ubuntu 13.3.0-6ubuntu2~24.04) 13.3.0 To view detailed results, visit: https://lab.dpdk.org/results/dashboard/patchsets/33230/ UNH-IOL DPDK Community Lab To manage your email subscriptions, visit: https://lab.dpdk.org/results/dashboard/preferences/subscriptions/