From mboxrd@z Thu Jan 1 00:00:00 1970 Return-Path: Received: from mails.dpdk.org (mails.dpdk.org [217.70.189.124]) by inbox.dpdk.org (Postfix) with ESMTP id E71D8467B9 for ; Thu, 22 May 2025 17:57:16 +0200 (CEST) Received: from mails.dpdk.org (localhost [127.0.0.1]) by mails.dpdk.org (Postfix) with ESMTP id C923840612; Thu, 22 May 2025 17:57:16 +0200 (CEST) Received: from mail-io1-f97.google.com (mail-io1-f97.google.com [209.85.166.97]) by mails.dpdk.org (Postfix) with ESMTP id CE0034025E for ; Thu, 22 May 2025 17:57:15 +0200 (CEST) Received: by mail-io1-f97.google.com with SMTP id ca18e2360f4ac-85e46f5c50fso707845339f.3 for ; Thu, 22 May 2025 08:57:15 -0700 (PDT) DKIM-Signature: v=1; a=rsa-sha256; c=relaxed/relaxed; d=iol.unh.edu; s=unh-iol; t=1747929435; x=1748534235; darn=dpdk.org; h=references:in-reply-to:cc:to:from:subject:message-id:date:from:to :cc:subject:date:message-id:reply-to; bh=9apowez/hfzzpAZp6/wEkmCNQ66tRVuYkaEKmEwapOo=; b=fwHfFAh0Ufvb1ATAoXH9vgBfDzKoVL3fd2Xd1TWKsdgizlEp5K7UdkXeRVhGD00h1Q 5VDa3OloOj4nEcbASqwVkxQ4a8EqHKVuNGpHlixCMuH81QB7QAoo9x388oH4sXuevEQ2 D1OcCtFUdT9FzMWLXH+iw/Wf65FQgd+8n9z60= X-Google-DKIM-Signature: v=1; a=rsa-sha256; c=relaxed/relaxed; d=1e100.net; s=20230601; t=1747929435; x=1748534235; h=references:in-reply-to:cc:to:from:subject:message-id:date :x-gm-message-state:from:to:cc:subject:date:message-id:reply-to; bh=9apowez/hfzzpAZp6/wEkmCNQ66tRVuYkaEKmEwapOo=; b=ZPShf8n79UAQJ+LDfMGVnSIHxJxe1Bo79X75U3i8673TI0SadzfccAMyZcRdr5nH+0 EtrNzhe7lVS1Lo4GSm6qwxCLW0gM7WNCTkTmvCJtyuevhesCchmhKuzL9jtfOly/Dgpr EsQ8C/ieWf/Zzinm/gUWi/RB85zacSLABeGrTxgzcSWLv3LQFkjpjOh3reyhklesp3zI 5Tv8NIw4JSHeBqhKBG+SaRbk/CMY07HyBZ1LnT3X19ioeZh5zJ18hBkZWZXZfYzBn0jj 5/gnQnLWMqDQSllMpjdS69W5HvoKibrw3Bq60jMsRSqMuRaHRXnPapG98kxXkH8VxDL6 VKAA== X-Gm-Message-State: AOJu0Yzq1aa1xrnNX2oIi27fByi6PqEWPhk7dHsW46txfRRNx/QCIUD1 b3Pn64UQV5OYA1hRWGZXzAu+9PI1Kh13MAKcxATTFjDCR1oxzucYN97Bd3fybIEUTeK0p5V1PM8 cTBe3Yt46DArZ6PCbBT/zZQwg0un2MZFNh4oHYATYG1w2OI5LVQBxHnJTQQGw X-Gm-Gg: ASbGncuPxkfXQIWDQ1pCfpkLV5fyxAnIypJJ4OuGgZF8eGVd2ab8SsQwDhZeVgEYSGU BbAiwkuhlcQLoDtBUqYPHW3y2RiS6nUnspver6cAKUYX3WLsGd8gxi0OFYmNjHevejumJtwXX6K Ol0iWPEPBpRyvtrs9qv9g/HdSLdVo23eOx18cDpOHFrxtH7Qd+H+maLso8zVcQUBQ6n3ujZwoo3 gB0ebS6YDDcRGXKzbkd4HA51k0b0Wa5Mu1w3ZsN/3O6/1DSgrVnTfNKQC7Od8CyA0CFkPS+BAUc K25nD0c+GiXSOJXO/bnW1fDeeElu8h1pFXWt X-Google-Smtp-Source: AGHT+IFUNWPkwHMcZYNV+D4/06OJdcBD4vUaVLH/3s5+fABUpxEYk3uQDJond+FIWmtmNeNAhd/x/xjr9q4H X-Received: by 2002:a05:6602:4c0b:b0:864:657e:caec with SMTP id ca18e2360f4ac-86a2323e990mr2662096939f.10.1747929423231; Thu, 22 May 2025 08:57:03 -0700 (PDT) Received: from postal.iol.unh.edu (postal.iol.unh.edu. [2606:4100:3880:1234::84]) by smtp-relay.gmail.com with ESMTPS id ca18e2360f4ac-86a55226b83sm26893939f.8.2025.05.22.08.57.03 (version=TLS1_2 cipher=ECDHE-ECDSA-AES128-GCM-SHA256 bits=128/128); Thu, 22 May 2025 08:57:03 -0700 (PDT) X-Relaying-Domain: iol.unh.edu Date: Thu, 22 May 2025 08:57:03 -0700 (PDT) Message-ID: <682f494f.050a0220.27fb17.e0bfSMTPIN_ADDED_MISSING@mx.google.com> Received: from [172.21.0.5] (unknown [172.18.0.240]) by postal.iol.unh.edu (Postfix) with ESMTP id BAD066052471; Thu, 22 May 2025 11:57:02 -0400 (EDT) Subject: |WARNING| pw153590 [PATCH] [v3] ethdev: fix the bug where the flag v From: dpdklab@iol.unh.edu To: Test Report Cc: dpdk-test-reports@iol.unh.edu In-Reply-To: <20250522074242.30376-1-sunyang.wu@jaguarmicro.com> References: <20250522074242.30376-1-sunyang.wu@jaguarmicro.com> Content-Type: text/plain X-BeenThere: test-report@dpdk.org X-Mailman-Version: 2.1.29 Precedence: list List-Id: automatic DPDK test reports List-Unsubscribe: , List-Archive: List-Post: List-Help: List-Subscribe: , Errors-To: test-report-bounces@dpdk.org Test-Label: iol-abi-testing Test-Status: WARNING http://dpdk.org/patch/153590 _Testing issues_ Submitter: Sunyang Wu Date: Thursday, May 22 2025 07:42:42 DPDK git baseline: Repo:dpdk Branch: master CommitID:a0ad790eb9fcef4b00366ae474132bee4bcdab75 153590 --> testing issues Upstream job id: Generic-DPDK-Compile-ABI#127353 Test environment and result as below: +-------------------+----------+ | Environment | abi_test | +===================+==========+ | CentOS Stream 9 | FAIL | +-------------------+----------+ | CentOS Stream 10 | FAIL | +-------------------+----------+ | Debian 12 | FAIL | +-------------------+----------+ | Fedora 40 (Clang) | FAIL | +-------------------+----------+ | Fedora 40 | FAIL | +-------------------+----------+ | Fedora 41 | FAIL | +-------------------+----------+ | openSUSE Leap 15 | FAIL | +-------------------+----------+ | RHEL8 | FAIL | +-------------------+----------+ | Ubuntu 22.04 | FAIL | +-------------------+----------+ | Ubuntu 24.04 | FAIL | +-------------------+----------+ | RHEL9 | FAIL | +-------------------+----------+ | Fedora 41 (Clang) | FAIL | +-------------------+----------+ ==== 20 line log output for Fedora 41 (Clang) (abi_test): ==== Variables changes summary: 0 Removed, 0 Changed (2 filtered out), 0 Added variables Functions changes summary: 0 Removed, 0 Changed (7 filtered out), 0 Added functions Variables changes summary: 0 Removed, 0 Changed, 0 Added variable Functions changes summary: 0 Removed, 0 Changed (4 filtered out), 0 Added functions Variables changes summary: 0 Removed, 0 Changed, 0 Added variable Functions changes summary: 0 Removed, 0 Changed (2 filtered out), 0 Added functions Variables changes summary: 0 Removed, 0 Changed, 0 Added variable Functions changes summary: 0 Removed, 0 Changed (5 filtered out), 0 Added functions Variables changes summary: 0 Removed, 0 Changed, 0 Added variable Functions changes summary: 0 Removed, 0 Changed (4 filtered out), 0 Added (1 filtered out) functions Variables changes summary: 0 Removed, 0 Changed (1 filtered out), 0 Added variable Functions changes summary: 0 Removed, 0 Changed (216 filtered out), 0 Added (2 filtered out) functions Variables changes summary: 0 Removed, 0 Changed, 0 Added variable ==== End log output ==== CentOS Stream 9 Kernel: Depends on container host Compiler: gcc 11.5.0 20240719 (Red Hat 11.5.0-2) CentOS Stream 10 Kernel: Depends on container host Compiler: gcc 14.2.1 20241104 (Red Hat 14.2.1-6) Debian 12 Kernel: Depends on container host Compiler: gcc (Debian 12.2.0-14) 12.2.0 Fedora 40 (Clang) Kernel: Depends on container host Compiler: clang 18.1.8 (Fedora 18.1.8-1.fc40) Fedora 40 Kernel: Depends on container host Compiler: gcc 14.2.1 20240912 (Red Hat 14.2.1-3) Fedora 41 Kernel: Depends on container host Compiler: gcc 14.2.1 20240912 (Red Hat 14.2.1-3) openSUSE Leap 15 Kernel: Depends on container host Compiler: gcc (SUSE Linux) 7.5.0 RHEL8 Kernel: Depends on container host Compiler: gcc 8.5.0 20210514 (Red Hat 8.5.0-22) Ubuntu 22.04 Kernel: Depends on container host Compiler: gcc (Ubuntu 11.4.0-1ubuntu1~22.04) 11.4.0 Ubuntu 24.04 Kernel: Depends on container host Compiler: gcc (Ubuntu 13.3.0-6ubuntu2~24.04) 13.3.0 RHEL9 Kernel: Depends on container host Compiler: gcc 11.5.0 20240719 (Red Hat 11.5.0-2) Fedora 41 (Clang) Kernel: Depends on container host Compiler: clang 19.1.5 (Fedora 19.1.5-1.fc41) To view detailed results, visit: https://lab.dpdk.org/results/dashboard/patchsets/33230/ UNH-IOL DPDK Community Lab To manage your email subscriptions, visit: https://lab.dpdk.org/results/dashboard/preferences/subscriptions/