From mboxrd@z Thu Jan 1 00:00:00 1970 Return-Path: Received: from mails.dpdk.org (mails.dpdk.org [217.70.189.124]) by inbox.dpdk.org (Postfix) with ESMTP id 00930467BA for ; Thu, 22 May 2025 18:53:38 +0200 (CEST) Received: from mails.dpdk.org (localhost [127.0.0.1]) by mails.dpdk.org (Postfix) with ESMTP id DD5A040612; Thu, 22 May 2025 18:53:38 +0200 (CEST) Received: from mail-pl1-f227.google.com (mail-pl1-f227.google.com [209.85.214.227]) by mails.dpdk.org (Postfix) with ESMTP id 473DA4025E for ; Thu, 22 May 2025 18:53:37 +0200 (CEST) Received: by mail-pl1-f227.google.com with SMTP id d9443c01a7336-231e8553248so56102375ad.1 for ; Thu, 22 May 2025 09:53:37 -0700 (PDT) DKIM-Signature: v=1; a=rsa-sha256; c=relaxed/relaxed; d=iol.unh.edu; s=unh-iol; t=1747932816; x=1748537616; darn=dpdk.org; h=references:in-reply-to:cc:to:from:subject:message-id:date:from:to :cc:subject:date:message-id:reply-to; bh=HiSB307z0rwSejdGmF2LtipnrInF80gxXPy3cnWqrg0=; b=IzesqQD7/nr5CJQecjGY6YytarcLD6T/zJPV8S2dJH9ar7sFWnuFYndd3p90BJhXcb LPDAiGmvWXVJfmkK8pqQR4Gs22C7FbCHC4kOAk2tTZMQFHKu3TBhhTxSO9XAhJINxAJn TFntcTOAOQc7vdfg6mqxfgQ0S4Ruxvpllc81k= X-Google-DKIM-Signature: v=1; a=rsa-sha256; c=relaxed/relaxed; d=1e100.net; s=20230601; t=1747932816; x=1748537616; h=references:in-reply-to:cc:to:from:subject:message-id:date :x-gm-message-state:from:to:cc:subject:date:message-id:reply-to; bh=HiSB307z0rwSejdGmF2LtipnrInF80gxXPy3cnWqrg0=; b=GM7AtXxeguaYwqaIumYpZnBq/1f1dRxVn478RBUh+C/WshfZYRQFisvacF2s4CONnF is9CdsZuH4xWRt9hjjL+QJV3TAKuc9ajHGstHumSLGw+6vSUEdS0DXvVaSkEjuvq1pF8 wobDbNM8HUa+39rhhTaWfwcUtJVCy+/98kBrHptSILwWvZd1XdVEqQHvkWoiUnxSbnOq IDi5AKKFrereTbRSNgMycY3IPQrs+ohK22jicN6OgmKmGFf9WMmLIwc4vshl8c+fMXAl 2qUa5JT3TjH11lA+5WbmsFZMNtQ+nW646bkKtMZzH4aIgsdurLFy18qHQJsQEQBQTOG/ e/GQ== X-Gm-Message-State: AOJu0Yw/iY54q/brz28dUIa2Dduo7vCMfafSTAH+1kp6N0iNxjjDaHDC RkHNchv1L2nj6jvnHCpo/tM/ByAStk08nEwHhZ5BXYlXGSBjnacArSJzOAe+VeOXiXrwc6WDgLB YiY1iVFuPziDc72jMl159Jj9sdmMjuRLTwlUKZRzWZIse54T3K3TZ7jRo0mR3 X-Gm-Gg: ASbGnctIK1wGvDmxn91Xatvw0Ze/EWGmj/0b8sDfxyS/+q5rJSJJKmPv3aFXMegg8ic m68L0wXVmeLESGZnQzZad4MA6XO2Yh5CwKXq3Lz/UsRf1o62NEZIZGQMgj/LNhRohiOCLWgvdMg aUCMFjxYpBDr7jXZMJNgxyFvJx9pqyZoPr4rYRrYy5kcsULF6gvMcUIRmIaWJXoSxbTNTU3emeV q6Ke91Bhu2TqHxRhsqFxvcYAXBPkRzpTOYlCmHBJxYqENvEaxgULJluuwmm9KAK/xbonXLuLv31 pK85iR/pKTLQ3JQiw/GV5h7qXcUTv+669VZc X-Google-Smtp-Source: AGHT+IGK0pk5UCyX+FUXn3MfrAv9VKsAQ5GaGdSh4UeNn4p+6+54jz/zVr0UzVExzLpYJgRT4BqBeqEimLZA X-Received: by 2002:a17:903:17c8:b0:22e:62cf:498f with SMTP id d9443c01a7336-231de370f11mr346046755ad.38.1747932816146; Thu, 22 May 2025 09:53:36 -0700 (PDT) Received: from postal.iol.unh.edu (postal.iol.unh.edu. [2606:4100:3880:1234::84]) by smtp-relay.gmail.com with ESMTPS id d9443c01a7336-231d4e9814dsm7547385ad.72.2025.05.22.09.53.35 (version=TLS1_2 cipher=ECDHE-ECDSA-AES128-GCM-SHA256 bits=128/128); Thu, 22 May 2025 09:53:36 -0700 (PDT) X-Relaying-Domain: iol.unh.edu Date: Thu, 22 May 2025 09:53:36 -0700 (PDT) Message-ID: <682f5690.170a0220.a63fc.91b4SMTPIN_ADDED_MISSING@mx.google.com> Received: from [172.21.0.6] (unknown [172.18.0.240]) by postal.iol.unh.edu (Postfix) with ESMTP id 880616052471; Thu, 22 May 2025 12:53:35 -0400 (EDT) Subject: |FAILURE| pw153590 [PATCH] [v3] ethdev: fix the bug where the flag v From: dpdklab@iol.unh.edu To: Test Report Cc: dpdk-test-reports@iol.unh.edu, Sunyang Wu In-Reply-To: <20250522074242.30376-1-sunyang.wu@jaguarmicro.com> References: <20250522074242.30376-1-sunyang.wu@jaguarmicro.com> Content-Type: text/plain X-BeenThere: test-report@dpdk.org X-Mailman-Version: 2.1.29 Precedence: list List-Id: automatic DPDK test reports List-Unsubscribe: , List-Archive: List-Post: List-Help: List-Subscribe: , Errors-To: test-report-bounces@dpdk.org Test-Label: iol-compile-arm64-testing Test-Status: FAILURE http://dpdk.org/patch/153590 _Testing issues_ Submitter: Sunyang Wu Date: Thursday, May 22 2025 07:42:42 DPDK git baseline: Repo:dpdk Branch: master CommitID:a0ad790eb9fcef4b00366ae474132bee4bcdab75 153590 --> testing issues Upstream job id: Generic-DPDK-Compile-Meson#390577 Test environment and result as below: +----------------------------------------+--------------------+ | Environment | dpdk_meson_compile | +========================================+====================+ | Ubuntu 20.04 ARM GCC Cross Compile | PEND | +----------------------------------------+--------------------+ | RHEL9 (ARM) | PASS | +----------------------------------------+--------------------+ | Debian 12 with MUSDK | PASS | +----------------------------------------+--------------------+ | Ubuntu 20.04 ARM SVE | PASS | +----------------------------------------+--------------------+ | Fedora 40 (ARM) | PASS | +----------------------------------------+--------------------+ | Fedora 40 (ARM Clang) | PEND | +----------------------------------------+--------------------+ | Ubuntu 22.04 (ARM) | PASS | +----------------------------------------+--------------------+ | Ubuntu 24.04 (ARM) | PASS | +----------------------------------------+--------------------+ | Fedora 41 (ARM Clang) | PEND | +----------------------------------------+--------------------+ | Ubuntu 20.04 (ARM) | PASS | +----------------------------------------+--------------------+ | CentOS Stream 10 (ARM) | PASS | +----------------------------------------+--------------------+ | Fedora 41 (ARM) | PEND | +----------------------------------------+--------------------+ | CentOS Stream 9 (ARM) | PEND | +----------------------------------------+--------------------+ | Ubuntu 20.04 ARM Clang Cross Compile | PEND | +----------------------------------------+--------------------+ | Debian 12 (arm) | PEND | +----------------------------------------+--------------------+ | Ubuntu 20.04 aarch32 GCC Cross Compile | FAIL | +----------------------------------------+--------------------+ ==== 20 line log output for Ubuntu 20.04 aarch32 GCC Cross Compile (dpdk_meson_compile): ==== [1154/2647] Linking static target drivers/librte_net_dpaa2.a [1155/2647] Generating rte_net_dpaa2_map with a custom command [1156/2647] Generating rte_net_dpaa2.sym_chk with a custom command (wrapped by meson to capture output) [1157/2647] Compiling C object drivers/librte_net_dpaa2.so.25.2.p/meson-generated_.._rte_net_dpaa2.pmd.c.o [1158/2647] Linking target drivers/librte_net_dpaa2.so.25.2 [1159/2647] Generating symbol file drivers/librte_net_dpaa2.so.25.2.p/librte_net_dpaa2.so.25.2.symbols [1160/2647] Compiling C object drivers/libtmp_rte_net_ena.a.p/net_ena_ena_ethdev.c.o FAILED: drivers/libtmp_rte_net_ena.a.p/net_ena_ena_ethdev.c.o ccache arm-linux-gnueabihf-gcc -Idrivers/libtmp_rte_net_ena.a.p -Idrivers -I../drivers -Idrivers/net/ena -I../drivers/net/ena -I../drivers/net/ena/base -I../drivers/net/ena/base/ena_defs -Ilib/ethdev -I../lib/ethdev -Ilib/eal/common -I../lib/eal/common -I. -I.. -Iconfig -I../config -Ilib/eal/include -I../lib/eal/include -Ilib/eal/linux/include -I../lib/eal/linux/include -Ilib/eal/arm/include -I../lib/eal/arm/include -I../kernel/linux -Ilib/eal -I../lib/eal -Ilib/kvargs -I../lib/kvargs -Ilib/log -I../lib/log -Ilib/metrics -I../lib/metrics -Ilib/telemetry -I../lib/telemetry -Ilib/net -I../lib/net -Ilib/mbuf -I../lib/mbuf -Ilib/mempool -I../lib/mempool -Ilib/ring -I../lib/ring -Ilib/meter -I../lib/meter -Idrivers/bus/pci -I../drivers/bus/pci -I../drivers/bus/pci/linux -Ilib/pci -I../lib/pci -Idrivers/bus/vdev -I../drivers/bus/vdev -Ilib/timer -I../lib/timer -fdiagnostics-color=always -pipe -D_FILE_OFFSET_BITS=64 -Wall -Winvalid-pch -Wextra -Werror -std=c11 -O3 -include rte_config.h -Wvl a -Wcast-qual -Wdeprecated -Wformat -Wformat-nonliteral -Wformat-security -Wmissing-declarations -Wmissing-prototypes -Wnested-externs -Wold-style-definition -Wpointer-arith -Wsign-compare -Wstrict-prototypes -Wundef -Wwrite-strings -Wno-packed-not-aligned -Wno-missing-field-initializers -Wno-pointer-to-int-cast -D_GNU_SOURCE -fPIC -march=armv8-a+simd -mfpu=auto -DALLOW_EXPERIMENTAL_API -DALLOW_INTERNAL_API -Wno-format-truncation -Wno-address-of-packed-member -DRTE_LOG_DEFAULT_LOGTYPE=pmd.net.ena -MD -MQ drivers/libtmp_rte_net_ena.a.p/net_ena_ena_ethdev.c.o -MF drivers/libtmp_rte_net_ena.a.p/net_ena_ena_ethdev.c.o.d -o drivers/libtmp_rte_net_ena.a.p/net_ena_ena_ethdev.c.o -c ../drivers/net/ena/ena_ethdev.c In file included from ../lib/eal/include/rte_string_fns.h:18, from ../drivers/net/ena/ena_ethdev.c:7: ../drivers/net/ena/ena_ethdev.c: In function 'pci_bar_addr': ../lib/eal/include/rte_common.h:554:30: error: cast to pointer from integer of different size [-Werror=int-to-pointer-cast] 554 | #define RTE_PTR_ADD(ptr, x) ((void*)((uintptr_t)(ptr) + (x))) | ^ ../drivers/net/ena/ena_ethdev.c:2295:9: note: in expansion of macro 'RTE_PTR_ADD' 2295 | return RTE_PTR_ADD(resource->addr, resource->phys_addr & PAGE_MASK); | ^~~~~~~~~~~ cc1: all warnings being treated as errors ninja: build stopped: subcommand failed. ==== End log output ==== Ubuntu 20.04 ARM GCC Cross Compile Kernel: Depends on container host Compiler: aarch64-linux-gnu-gcc (Ubuntu 9.4.0-1ubuntu1~20.04.2) 9.4.0 RHEL9 (ARM) Kernel: Depends on container host Compiler: gcc 11.5.0 20240719 (Red Hat 11.5.0-2) Debian 12 with MUSDK Kernel: Depends on container host Compiler: gcc (Debian 12.2.0-14) 12.2.0 Ubuntu 20.04 ARM SVE Kernel: Depends on container host Compiler: gcc (Ubuntu 10.5.0-1ubuntu1~20.04) 10.5.0 Fedora 40 (ARM) Kernel: Depends on container host Compiler: gcc 14.2.1 20240912 (Red Hat 14.2.1-3) Fedora 40 (ARM Clang) Kernel: Depends on container host Compiler: clang 18.1.8 (Fedora 18.1.8-1.fc40) Ubuntu 22.04 (ARM) Kernel: Depends on container host Compiler: gcc (Ubuntu 11.4.0-1ubuntu1~22.04) 11.4.0 Ubuntu 24.04 (ARM) Kernel: Depends on container host Compiler: gcc (Ubuntu 13.3.0-6ubuntu2~24.04) 13.3.0 Fedora 41 (ARM Clang) Kernel: Depends on container host Compiler: clang 19.1.5 (Fedora 19.1.5-1.fc41) Ubuntu 20.04 (ARM) Kernel: Depends on container host Compiler: gcc (Ubuntu 9.4.0-1ubuntu1~20.04.2) 9.4.0 CentOS Stream 10 (ARM) Kernel: Depends on container host Compiler: gcc 14.2.1 20241104 (Red Hat 14.2.1-6) Fedora 41 (ARM) Kernel: Depends on container host Compiler: gcc 14.2.1 20240912 (Red Hat 14.2.1-3) CentOS Stream 9 (ARM) Kernel: Depends on container host Compiler: gcc 11.5.0 20240719 (Red Hat 11.5.0-2) Ubuntu 20.04 ARM Clang Cross Compile Kernel: Depends on container host Compiler: clang 10.0.0-4ubuntu1 Debian 12 (arm) Kernel: Depends on container host Compiler: gcc (Debian 12.2.0-14) 12.2.0 Ubuntu 20.04 aarch32 GCC Cross Compile Kernel: Depends on container host Compiler: gcc 9.4.0 To view detailed results, visit: https://lab.dpdk.org/results/dashboard/patchsets/33230/ UNH-IOL DPDK Community Lab To manage your email subscriptions, visit: https://lab.dpdk.org/results/dashboard/preferences/subscriptions/