From mboxrd@z Thu Jan 1 00:00:00 1970 Return-Path: Received: from mails.dpdk.org (mails.dpdk.org [217.70.189.124]) by inbox.dpdk.org (Postfix) with ESMTP id 09A3546714 for ; Thu, 22 May 2025 19:16:22 +0200 (CEST) Received: from mails.dpdk.org (localhost [127.0.0.1]) by mails.dpdk.org (Postfix) with ESMTP id DE33140612; Thu, 22 May 2025 19:16:21 +0200 (CEST) Received: from mail-vk1-f227.google.com (mail-vk1-f227.google.com [209.85.221.227]) by mails.dpdk.org (Postfix) with ESMTP id 7A20B4025E for ; Thu, 22 May 2025 19:16:20 +0200 (CEST) Received: by mail-vk1-f227.google.com with SMTP id 71dfb90a1353d-52d9a275c27so5304738e0c.0 for ; Thu, 22 May 2025 10:16:20 -0700 (PDT) DKIM-Signature: v=1; a=rsa-sha256; c=relaxed/relaxed; d=iol.unh.edu; s=unh-iol; t=1747934179; x=1748538979; darn=dpdk.org; h=references:in-reply-to:cc:to:from:subject:message-id:date:from:to :cc:subject:date:message-id:reply-to; bh=ziLmNr84v3Q9Rt8T6OU5PcijTFaX0s9gp1gL8IMjJtc=; b=aYQ6Y7yvivraYUMpHjuXN1OPa3yDpNC9k0fhoXa2XR/RrlDl5u6Mj9Ix7ElAvUs+sG zI2f9f/pZJgOaB/fI2WgdMVTBaqeOzB5EFLIHH47qZwlLSw7uRnwL27S8k882AXvSxGh kkZ2WnR2jgE31cZ02Xe36enf9E7njKMt9nbs4= X-Google-DKIM-Signature: v=1; a=rsa-sha256; c=relaxed/relaxed; d=1e100.net; s=20230601; t=1747934179; x=1748538979; h=references:in-reply-to:cc:to:from:subject:message-id:date :x-gm-message-state:from:to:cc:subject:date:message-id:reply-to; bh=ziLmNr84v3Q9Rt8T6OU5PcijTFaX0s9gp1gL8IMjJtc=; b=ATVaEE/4LuZPGe4pHA3HvkmBHCe1CWvtb8RP/L5JdwnYVKz4ZMROB3OLkMhNiaXARL YE4Fi+qPIxS3lt2ekri37T4cTapojdbub71pJ7x0psBx23DAA3SyUL2/z8K25fHilopQ r5R77NQB8UK+NvqhXByKBJWQ9t1thqO5WkXeNnaV+8upBg2WcpsksnvhDcEGf0vCvHks uPFlff5+sdjrm83CJR/kklsl6j8yT1/IbBv71faSY81zF5HBjvRluG9+HXdIEWFfhjii 1+9mNHAVQborT5TPMwXEb1yKB20LcxzdARCB6qOQ3oHbDEgm/4u3LpnSs+qe38B/F3h1 sUhg== X-Gm-Message-State: AOJu0Yxh+jembdDmufvDvR5J7Vfms4hK5QH1YuAsmJgFjjiRamkgceGz TOtKm6CX/9zk1+t+BKN6Z6u6qRIBtQoXGW+4MYgAsclOVJLKojd7sewdKkK0qjFz/h4aUbzdZ2u CfeMlrKj0Me6KzCsuZnZaHGA0CVKXXT1PSkMIO/Ofjv0SN0LTx8Vo5WsB5SdH X-Gm-Gg: ASbGncsXze4W3Itt3YcDjiN9JAqUhUPF3E9VcDaQdzLPhX7AnJ7iUVHMhK8EYVNgj3w sL0pBow2lWgOkQW4ykyiriuZeZpF0zoPygjau2sy0Z7GA7ZD7PaLtA79WDNH+GBPCaBBMOkVUBH DKoLHQLU3c0dNatY8bk9UlsintEUYM8w2dJwvqG+ztxC0cyNSN874HqO1IU4IV3RlXw+wpwM22v 90d5prb+BAIksaHvcXVxDFtg6ZiipR1ZuQMOIEJqPSevpZRZZ1HVuRycJSD0iNzXg0SuEpTUyK2 2NNzKrPXSM/4UgJtWjz9JCzfBEHrzSbWhA9e X-Google-Smtp-Source: AGHT+IHv+PT2fvY9g0/Ad5Ibq5I1Nd/8SDwPlRlZGjBmOU//GhtvtL1qiobHYST8LjE4n3Uy5s1UR5r4uD4f X-Received: by 2002:a05:6122:31a0:b0:52c:5590:72c9 with SMTP id 71dfb90a1353d-52dba8909a4mr23767834e0c.5.1747934179659; Thu, 22 May 2025 10:16:19 -0700 (PDT) Received: from postal.iol.unh.edu (postal.iol.unh.edu. [2606:4100:3880:1234::84]) by smtp-relay.gmail.com with ESMTPS id 71dfb90a1353d-52dba94a6b9sm614280e0c.5.2025.05.22.10.16.19 (version=TLS1_2 cipher=ECDHE-ECDSA-AES128-GCM-SHA256 bits=128/128); Thu, 22 May 2025 10:16:19 -0700 (PDT) X-Relaying-Domain: iol.unh.edu Date: Thu, 22 May 2025 10:16:19 -0700 (PDT) Message-ID: <682f5be3.050a0220.2afde1.0b27SMTPIN_ADDED_MISSING@mx.google.com> Received: from [172.21.0.5] (unknown [172.18.0.240]) by postal.iol.unh.edu (Postfix) with ESMTP id 58D226052471; Thu, 22 May 2025 13:16:19 -0400 (EDT) Subject: |WARNING| pw153590 [PATCH] [v3] ethdev: fix the bug where the flag v From: dpdklab@iol.unh.edu To: Test Report Cc: dpdk-test-reports@iol.unh.edu In-Reply-To: <20250522074242.30376-1-sunyang.wu@jaguarmicro.com> References: <20250522074242.30376-1-sunyang.wu@jaguarmicro.com> Content-Type: text/plain X-BeenThere: test-report@dpdk.org X-Mailman-Version: 2.1.29 Precedence: list List-Id: automatic DPDK test reports List-Unsubscribe: , List-Archive: List-Post: List-Help: List-Subscribe: , Errors-To: test-report-bounces@dpdk.org Test-Label: iol-abi-testing Test-Status: WARNING http://dpdk.org/patch/153590 _Testing issues_ Submitter: Sunyang Wu Date: Thursday, May 22 2025 07:42:42 DPDK git baseline: Repo:dpdk Branch: master CommitID:a0ad790eb9fcef4b00366ae474132bee4bcdab75 153590 --> testing issues Upstream job id: Generic-DPDK-Compile-ABI#127360 Test environment and result as below: +-------------------+----------+ | Environment | abi_test | +===================+==========+ | CentOS Stream 9 | FAIL | +-------------------+----------+ | CentOS Stream 10 | FAIL | +-------------------+----------+ | Debian 12 | FAIL | +-------------------+----------+ | Fedora 40 (Clang) | FAIL | +-------------------+----------+ | Fedora 40 | FAIL | +-------------------+----------+ | Fedora 41 (Clang) | FAIL | +-------------------+----------+ | Fedora 41 | FAIL | +-------------------+----------+ | openSUSE Leap 15 | FAIL | +-------------------+----------+ | RHEL8 | FAIL | +-------------------+----------+ | RHEL9 | FAIL | +-------------------+----------+ | Ubuntu 22.04 | FAIL | +-------------------+----------+ | Ubuntu 24.04 | FAIL | +-------------------+----------+ ==== 20 line log output for Ubuntu 24.04 (abi_test): ==== Variables changes summary: 0 Removed, 0 Changed, 0 Added variable Functions changes summary: 0 Removed, 0 Changed (7 filtered out), 0 Added functions Variables changes summary: 0 Removed, 0 Changed, 0 Added variable Functions changes summary: 0 Removed, 0 Changed (5 filtered out), 0 Added functions Variables changes summary: 0 Removed, 0 Changed, 0 Added variable Functions changes summary: 0 Removed, 0 Changed (1 filtered out), 0 Added function Variables changes summary: 0 Removed, 0 Changed, 0 Added variable Functions changes summary: 0 Removed, 0 Changed (2 filtered out), 0 Added functions Variables changes summary: 0 Removed, 0 Changed, 0 Added variable Functions changes summary: 0 Removed, 0 Changed (4 filtered out), 0 Added (1 filtered out) functions Variables changes summary: 0 Removed, 0 Changed (1 filtered out), 0 Added variable Functions changes summary: 0 Removed, 0 Changed (215 filtered out), 0 Added (2 filtered out) functions Variables changes summary: 0 Removed, 0 Changed, 0 Added variable ==== End log output ==== CentOS Stream 9 Kernel: Depends on container host Compiler: gcc 11.5.0 20240719 (Red Hat 11.5.0-2) CentOS Stream 10 Kernel: Depends on container host Compiler: gcc 14.2.1 20241104 (Red Hat 14.2.1-6) Debian 12 Kernel: Depends on container host Compiler: gcc (Debian 12.2.0-14) 12.2.0 Fedora 40 (Clang) Kernel: Depends on container host Compiler: clang 18.1.8 (Fedora 18.1.8-1.fc40) Fedora 40 Kernel: Depends on container host Compiler: gcc 14.2.1 20240912 (Red Hat 14.2.1-3) Fedora 41 (Clang) Kernel: Depends on container host Compiler: clang 19.1.5 (Fedora 19.1.5-1.fc41) Fedora 41 Kernel: Depends on container host Compiler: gcc 14.2.1 20240912 (Red Hat 14.2.1-3) openSUSE Leap 15 Kernel: Depends on container host Compiler: gcc (SUSE Linux) 7.5.0 RHEL8 Kernel: Depends on container host Compiler: gcc 8.5.0 20210514 (Red Hat 8.5.0-22) RHEL9 Kernel: Depends on container host Compiler: gcc 11.5.0 20240719 (Red Hat 11.5.0-2) Ubuntu 22.04 Kernel: Depends on container host Compiler: gcc (Ubuntu 11.4.0-1ubuntu1~22.04) 11.4.0 Ubuntu 24.04 Kernel: Depends on container host Compiler: gcc (Ubuntu 13.3.0-6ubuntu2~24.04) 13.3.0 To view detailed results, visit: https://lab.dpdk.org/results/dashboard/patchsets/33230/ UNH-IOL DPDK Community Lab To manage your email subscriptions, visit: https://lab.dpdk.org/results/dashboard/preferences/subscriptions/