From mboxrd@z Thu Jan 1 00:00:00 1970 Return-Path: Received: from mails.dpdk.org (mails.dpdk.org [217.70.189.124]) by inbox.dpdk.org (Postfix) with ESMTP id 4673B46774 for ; Thu, 22 May 2025 19:29:37 +0200 (CEST) Received: from mails.dpdk.org (localhost [127.0.0.1]) by mails.dpdk.org (Postfix) with ESMTP id 3F7A240612; Thu, 22 May 2025 19:29:37 +0200 (CEST) Received: from mail-pg1-f228.google.com (mail-pg1-f228.google.com [209.85.215.228]) by mails.dpdk.org (Postfix) with ESMTP id 12FA94025E for ; Thu, 22 May 2025 19:29:36 +0200 (CEST) Received: by mail-pg1-f228.google.com with SMTP id 41be03b00d2f7-b271f3ae786so2997264a12.3 for ; Thu, 22 May 2025 10:29:35 -0700 (PDT) DKIM-Signature: v=1; a=rsa-sha256; c=relaxed/relaxed; d=iol.unh.edu; s=unh-iol; t=1747934975; x=1748539775; darn=dpdk.org; h=references:in-reply-to:cc:to:from:subject:message-id:date:from:to :cc:subject:date:message-id:reply-to; bh=AqfUOHCdX3ENOipYpgDL/DlNwo4gwQTcBJV0QMxWc6o=; b=DrHu2zjIRvqgILQuvF/s1d6F0luKGRx67v3ouv/TtbE0QtIfD0VhQveKcwDTYs6oJf OTko3riNYw1XF5L7d1ZvmzjP2S80A0qXQinuw6T9tfI4MH+d5QDFogNcDnz3z7+mUwR3 n7z6DbRLSo8QJqCTUo7NvPew9S2jkqEtCKhMQ= X-Google-DKIM-Signature: v=1; a=rsa-sha256; c=relaxed/relaxed; d=1e100.net; s=20230601; t=1747934975; x=1748539775; h=references:in-reply-to:cc:to:from:subject:message-id:date :x-gm-message-state:from:to:cc:subject:date:message-id:reply-to; bh=AqfUOHCdX3ENOipYpgDL/DlNwo4gwQTcBJV0QMxWc6o=; b=uVtIS/OWokTpOy2FQ8rV1GJsr9cqpPnISs+h+rD07UdewHxUAC7HF37Wwt5v0BtJXR gQ37xGVCMGXV2YDdjTvGLFH3wJgA/vdQgJZ5JNaiEIyLO4JoD8BYkd2TdHjq0OHn2ndY s0EJw5uzQChGAoRDCGhpsyPTnhE08AoCpcuKgs2XDeKpGpxq5e+DycPHK7QfXpn6HEVE iD4M/CfsdWCWurzU04YGhtGpw1PxqTfw0c36FCtJuggSdRL4NV8HvgvArKB2PkVJAdyZ htoWBiWsag3YmbMWWJNdrIXLwiDx0q/yCq+0VrDoKMNg2gZVbp399KkTMeSPE7PIVjri tfCQ== X-Gm-Message-State: AOJu0YwBEmwDkVAfi+lqc5CYVY7RelGszpvArmcdU7A+mGz6jepiydDe fJljVJ1Mje2ddwbdCOYqEI6XjLdIWD7YcnI8F6W4G2gwP1fGlolTzNo2fvYT9ZlWomLj94F5d/8 40ejD1KHFBL6tvFXKXCdQaqRz9cssdqR+gdHCo+uVKh+c X-Gm-Gg: ASbGncuCX9Fjkhaf/snEB5M/Cc7lroyltD3yQNTMleoIJPVzZfhExMMU0hphxIHRdG5 SCJI2w4nc+BhF5ypzIV1Qgkz9OSiyCFhi81/CWklLyyA35cWx++Um/KiE5RKAB79lib1qvztJRS cPkhiboLc6p87jhyqfjQHELT4CXe1LID/lYiGBfr882hV06UPiMSQC2ssB/kJ7oBR5MFr6Nd/W3 +GWwf3dqXg7KSY8TkDzEjLiR4oO/TCPSDXt6FKztNH5/+YDAWrN6HzjzPPtj0govZJswv3I1yMD h0GtW/zBcHsAaYr6m2eFb+hl3pDkKqfFXxXZQV6/zoHvQ6Y3Ar+Jepfw6Ws= X-Google-Smtp-Source: AGHT+IHvAzAMOkf6KHpmrVTvGmhRAwBZPLum4G7Sof9D8TKUQM3OIb+T/CxQfPISJN86yChk+rhW3XwoFA0j X-Received: by 2002:a17:903:18d:b0:224:c47:cbd with SMTP id d9443c01a7336-231d3257fc6mr369913595ad.0.1747934974908; Thu, 22 May 2025 10:29:34 -0700 (PDT) Received: from postal.iol.unh.edu (postal.iol.unh.edu. [132.177.123.84]) by smtp-relay.gmail.com with ESMTPS id d9443c01a7336-231d4e97810sm7179385ad.75.2025.05.22.10.29.34 (version=TLS1_2 cipher=ECDHE-ECDSA-AES128-GCM-SHA256 bits=128/128); Thu, 22 May 2025 10:29:34 -0700 (PDT) X-Relaying-Domain: iol.unh.edu Date: Thu, 22 May 2025 10:29:34 -0700 (PDT) Message-ID: <682f5efe.170a0220.194ae2.4f62SMTPIN_ADDED_MISSING@mx.google.com> Received: from [172.21.0.7] (unknown [172.18.0.240]) by postal.iol.unh.edu (Postfix) with ESMTP id 5DBD16052471; Thu, 22 May 2025 13:29:34 -0400 (EDT) Subject: |FAILURE| pw153590 [PATCH] [v3] ethdev: fix the bug where the flag v From: dpdklab@iol.unh.edu To: Test Report Cc: dpdk-test-reports@iol.unh.edu, Sunyang Wu In-Reply-To: <20250522074242.30376-1-sunyang.wu@jaguarmicro.com> References: <20250522074242.30376-1-sunyang.wu@jaguarmicro.com> Content-Type: text/plain X-BeenThere: test-report@dpdk.org X-Mailman-Version: 2.1.29 Precedence: list List-Id: automatic DPDK test reports List-Unsubscribe: , List-Archive: List-Post: List-Help: List-Subscribe: , Errors-To: test-report-bounces@dpdk.org Test-Label: iol-compile-amd64-testing Test-Status: FAILURE http://dpdk.org/patch/153590 _Testing issues_ Submitter: Sunyang Wu Date: Thursday, May 22 2025 07:42:42 DPDK git baseline: Repo:dpdk Branch: master CommitID:a0ad790eb9fcef4b00366ae474132bee4bcdab75 153590 --> testing issues Upstream job id: Generic-DPDK-Compile-Meson#390592 Test environment and result as below: +-----------------------------------+--------------------+-------------------+------------------+-------------------+ | Environment | dpdk_meson_compile | dpdk_compile_spdk | dpdk_compile_ovs | dpdk_msvc_compile | +===================================+====================+===================+==================+===================+ | CentOS Stream 9 | PASS | PASS | SKIPPED | SKIPPED | +-----------------------------------+--------------------+-------------------+------------------+-------------------+ | CentOS Stream 10 | PEND | SKIPPED | SKIPPED | SKIPPED | +-----------------------------------+--------------------+-------------------+------------------+-------------------+ | Debian 12 | PASS | PASS | SKIPPED | SKIPPED | +-----------------------------------+--------------------+-------------------+------------------+-------------------+ | Fedora 40 | PEND | PEND | SKIPPED | SKIPPED | +-----------------------------------+--------------------+-------------------+------------------+-------------------+ | Fedora 40 (Clang) | PEND | PEND | SKIPPED | SKIPPED | +-----------------------------------+--------------------+-------------------+------------------+-------------------+ | Fedora 41 (Clang) | PEND | PEND | PEND | SKIPPED | +-----------------------------------+--------------------+-------------------+------------------+-------------------+ | Fedora 41 | PEND | PEND | PEND | SKIPPED | +-----------------------------------+--------------------+-------------------+------------------+-------------------+ | openSUSE Leap 15 | PASS | SKIPPED | SKIPPED | SKIPPED | +-----------------------------------+--------------------+-------------------+------------------+-------------------+ | RHEL8 | PASS | SKIPPED | SKIPPED | SKIPPED | +-----------------------------------+--------------------+-------------------+------------------+-------------------+ | RHEL9 | PEND | SKIPPED | SKIPPED | SKIPPED | +-----------------------------------+--------------------+-------------------+------------------+-------------------+ | Ubuntu 20.04 | PASS | SKIPPED | SKIPPED | SKIPPED | +-----------------------------------+--------------------+-------------------+------------------+-------------------+ | Ubuntu 22.04 | PEND | PEND | SKIPPED | SKIPPED | +-----------------------------------+--------------------+-------------------+------------------+-------------------+ | Ubuntu 24.04 | PEND | PEND | PEND | SKIPPED | +-----------------------------------+--------------------+-------------------+------------------+-------------------+ | Alpine | PASS | SKIPPED | SKIPPED | SKIPPED | +-----------------------------------+--------------------+-------------------+------------------+-------------------+ | Ubuntu 24.04 32 Bit Cross Compile | FAIL | SKIPPED | SKIPPED | SKIPPED | +-----------------------------------+--------------------+-------------------+------------------+-------------------+ | FreeBSD 14.2 | PASS | SKIPPED | SKIPPED | SKIPPED | +-----------------------------------+--------------------+-------------------+------------------+-------------------+ | Windows Server 2022 | SKIPPED | SKIPPED | SKIPPED | PEND | +-----------------------------------+--------------------+-------------------+------------------+-------------------+ ==== 20 line log output for Ubuntu 24.04 32 Bit Cross Compile (dpdk_meson_compile): ==== [1163/2674] Linking static target drivers/librte_net_dpaa2.a [1164/2674] Generating rte_net_dpaa2_map with a custom command [1165/2674] Generating rte_net_dpaa2.sym_chk with a custom command (wrapped by meson to capture output) [1166/2674] Compiling C object drivers/librte_net_dpaa2.so.25.2.p/meson-generated_.._rte_net_dpaa2.pmd.c.o [1167/2674] Linking target drivers/librte_net_dpaa2.so.25.2 [1168/2674] Generating symbol file drivers/librte_net_dpaa2.so.25.2.p/librte_net_dpaa2.so.25.2.symbols [1169/2674] Compiling C object drivers/libtmp_rte_net_ena.a.p/net_ena_ena_ethdev.c.o FAILED: drivers/libtmp_rte_net_ena.a.p/net_ena_ena_ethdev.c.o cc -Idrivers/libtmp_rte_net_ena.a.p -Idrivers -I../drivers -Idrivers/net/ena -I../drivers/net/ena -I../drivers/net/ena/base -I../drivers/net/ena/base/ena_defs -Ilib/ethdev -I../lib/ethdev -Ilib/eal/common -I../lib/eal/common -I. -I.. -Iconfig -I../config -Ilib/eal/include -I../lib/eal/include -Ilib/eal/linux/include -I../lib/eal/linux/include -Ilib/eal/x86/include -I../lib/eal/x86/include -I../kernel/linux -Ilib/eal -I../lib/eal -Ilib/kvargs -I../lib/kvargs -Ilib/log -I../lib/log -Ilib/metrics -I../lib/metrics -Ilib/telemetry -I../lib/telemetry -Ilib/net -I../lib/net -Ilib/mbuf -I../lib/mbuf -Ilib/mempool -I../lib/mempool -Ilib/ring -I../lib/ring -Ilib/meter -I../lib/meter -Idrivers/bus/pci -I../drivers/bus/pci -I../drivers/bus/pci/linux -Ilib/pci -I../lib/pci -Idrivers/bus/vdev -I../drivers/bus/vdev -Ilib/timer -I../lib/timer -fdiagnostics-color=always -pipe -D_FILE_OFFSET_BITS=64 -Wall -Winvalid-pch -Wextra -Werror -std=c11 -O3 -include rte_config.h -Wvla -Wcast-qual -Wdeprecated - Wformat -Wformat-nonliteral -Wformat-security -Wmissing-declarations -Wmissing-prototypes -Wnested-externs -Wold-style-definition -Wpointer-arith -Wsign-compare -Wstrict-prototypes -Wundef -Wwrite-strings -Wno-packed-not-aligned -Wno-missing-field-initializers -Wno-pointer-to-int-cast -D_GNU_SOURCE -m32 -fPIC -march=native -mrtm -DALLOW_EXPERIMENTAL_API -DALLOW_INTERNAL_API -Wno-format-truncation -Wno-address-of-packed-member -DRTE_LOG_DEFAULT_LOGTYPE=pmd.net.ena -MD -MQ drivers/libtmp_rte_net_ena.a.p/net_ena_ena_ethdev.c.o -MF drivers/libtmp_rte_net_ena.a.p/net_ena_ena_ethdev.c.o.d -o drivers/libtmp_rte_net_ena.a.p/net_ena_ena_ethdev.c.o -c ../drivers/net/ena/ena_ethdev.c In file included from ../lib/eal/include/rte_string_fns.h:18, from ../drivers/net/ena/ena_ethdev.c:7: ../drivers/net/ena/ena_ethdev.c: In function 'pci_bar_addr': ../lib/eal/include/rte_common.h:554:30: error: cast to pointer from integer of different size [-Werror=int-to-pointer-cast] 554 | #define RTE_PTR_ADD(ptr, x) ((void*)((uintptr_t)(ptr) + (x))) | ^ ../drivers/net/ena/ena_ethdev.c:2295:16: note: in expansion of macro 'RTE_PTR_ADD' 2295 | return RTE_PTR_ADD(resource->addr, resource->phys_addr & PAGE_MASK); | ^~~~~~~~~~~ cc1: all warnings being treated as errors ninja: build stopped: subcommand failed. ==== End log output ==== CentOS Stream 9 Kernel: Depends on container host Compiler: gcc 11.5.0 20240719 (Red Hat 11.5.0-2) CentOS Stream 10 Kernel: Depends on container host Compiler: gcc 14.2.1 20241104 (Red Hat 14.2.1-6) Debian 12 Kernel: Depends on container host Compiler: gcc (Debian 12.2.0-14) 12.2.0 Fedora 40 Kernel: Depends on container host Compiler: gcc 14.2.1 20240912 (Red Hat 14.2.1-3) Fedora 40 (Clang) Kernel: Depends on container host Compiler: clang 18.1.8 (Fedora 18.1.8-1.fc40) Fedora 41 (Clang) Kernel: Depends on container host Compiler: clang 19.1.5 (Fedora 19.1.5-1.fc41) Fedora 41 Kernel: Depends on container host Compiler: gcc 14.2.1 20240912 (Red Hat 14.2.1-3) openSUSE Leap 15 Kernel: Depends on container host Compiler: gcc (SUSE Linux) 7.5.0 RHEL8 Kernel: Depends on container host Compiler: gcc 8.5.0 20210514 (Red Hat 8.5.0-22) RHEL9 Kernel: Depends on container host Compiler: gcc 11.5.0 20240719 (Red Hat 11.5.0-2) Ubuntu 20.04 Kernel: Depends on container host Compiler: gcc (Ubuntu 9.4.0-1ubuntu1~20.04.2) 9.4.0 Ubuntu 22.04 Kernel: Depends on container host Compiler: gcc (Ubuntu 11.4.0-1ubuntu1~22.04) 11.4.0 Ubuntu 24.04 Kernel: Depends on container host Compiler: gcc (Ubuntu 13.3.0-6ubuntu2~24.04) 13.3.0 Alpine Kernel: Depends on container host Compiler: gcc (Alpine 14.2.0) 14.2.0 Ubuntu 24.04 32 Bit Cross Compile Kernel: Depends on container host Compiler: gcc (Ubuntu 13.3.0-6ubuntu2~24.04) 13.3.0 FreeBSD 14.2 Kernel: 14.2-RELEASE Compiler: clang 18.1.6 Windows Server 2022 Kernel: 10.0.20348.2031 Compiler: clang 15.0.7, gcc 14.1.0 (MinGW), and MSVC VS 19.39.33521 To view detailed results, visit: https://lab.dpdk.org/results/dashboard/patchsets/33230/ UNH-IOL DPDK Community Lab To manage your email subscriptions, visit: https://lab.dpdk.org/results/dashboard/preferences/subscriptions/