From mboxrd@z Thu Jan  1 00:00:00 1970
Return-Path: <test-report-bounces@dpdk.org>
Received: from mails.dpdk.org (mails.dpdk.org [217.70.189.124])
	by inbox.dpdk.org (Postfix) with ESMTP id 3217746774
	for <public@inbox.dpdk.org>; Thu, 22 May 2025 19:37:35 +0200 (CEST)
Received: from mails.dpdk.org (localhost [127.0.0.1])
	by mails.dpdk.org (Postfix) with ESMTP id 1763540612;
	Thu, 22 May 2025 19:37:35 +0200 (CEST)
Received: from mail-il1-f227.google.com (mail-il1-f227.google.com
 [209.85.166.227])
 by mails.dpdk.org (Postfix) with ESMTP id D0FCF4025E
 for <test-report@dpdk.org>; Thu, 22 May 2025 19:37:33 +0200 (CEST)
Received: by mail-il1-f227.google.com with SMTP id
 e9e14a558f8ab-3dc8265b9b5so16067285ab.1
 for <test-report@dpdk.org>; Thu, 22 May 2025 10:37:33 -0700 (PDT)
DKIM-Signature: v=1; a=rsa-sha256; c=relaxed/relaxed;
 d=iol.unh.edu; s=unh-iol; t=1747935453; x=1748540253; darn=dpdk.org;
 h=references:in-reply-to:cc:to:from:subject:message-id:date:from:to
 :cc:subject:date:message-id:reply-to;
 bh=wEDBWY3/xvQE28YxewFfuH94RNvzlMiphaMn6/ZIf3s=;
 b=dEoNTPTSlq6Mq6vbOAvuqwc18MYhQF0lMPgeYF+PJlAEXv5vNHhSPKpByZS3XdtN55
 6zEihsYzASa3RvEQtSqMLu53sv0UpnUWZN9W/zq29faknFd050Bb+1AmCcatv2WNNKyf
 QdS/xT+/YbhNlMAg3gWQ0LGI86p2KvsZiahcA=
X-Google-DKIM-Signature: v=1; a=rsa-sha256; c=relaxed/relaxed;
 d=1e100.net; s=20230601; t=1747935453; x=1748540253;
 h=references:in-reply-to:cc:to:from:subject:message-id:date
 :x-gm-message-state:from:to:cc:subject:date:message-id:reply-to;
 bh=wEDBWY3/xvQE28YxewFfuH94RNvzlMiphaMn6/ZIf3s=;
 b=hEuT0/QdC1LSy5SM0Pn2u5rNgBk1zELF5hTNDmaEPTyhKqk74/jjCuEqYjz07cZHkp
 06ZK/uuD0tspJT4xKBQW9ReGcwfcEDbRcbz0174Xq83Ku2UQg+CoZh34hoOnzm6bGwA3
 IkjYLNtlTEi9qRoJDdR6txsMfNZ8YewyULCaJb7XyxazhY8r6ZF6AGv4/FBS5nCGn3+V
 FcpBw+fyDeb322Va2G8uSCmrjFZ4/dZBpQRdeNEv/HiSM5BqjlP/4X2x2CzXqXnRDE5b
 bboLIQxoUiDBoMK+ZvBPzjtcaW/kWMaE1nMPxaAH02dxV8puX+6nr6Gu/jpLm8rg9T5G
 m+Fg==
X-Gm-Message-State: AOJu0YwulfPV0k8Oxu3bYvOlzk3ofMh0fTECOxRDAInVxaxa/vTyuVOs
 o9sxBrEmo0vZqBEEnZ9i0gV9Vu06X4Qw+FUKEXZmHU9CSngxz1ljq+W0tmql0CYs7sehC9xN4JM
 8MUhBC81zSEG/ZcV+OJt1w5lQhm+tiFcU5hQEToT2xwAIGKmJaO9B8xXgt3Y6
X-Gm-Gg: ASbGncuLu4rc+sb0hvm5qsIocRgGgXRybIgDPjSZKIQzaTWI5Cm1ZS5lRPOad/ugcBx
 a/ikk/m7gEoUjSpKsdHdBa5I8EkGZZFIzExbp2hgszX6NzR2d62EUBZ4hKb52oirI3JYkTJEhn8
 VkzArmNkmFq6mXOoD7JvMapL62PY4QeuO8v+fLSGwepjqKhMEuGRI61G6oyHP8iAZOMF9ioiUvC
 QYZvIcdBYHC6uqMqPnGBkb7AXIAwODgKPfgeqfUz4dUf9ijoGzSZZG/6C03z+QVgAt14EQg/vQL
 m2UWNcuxfeIIJkVt/nFazsb+6qwQR8XMRiCP
X-Google-Smtp-Source: AGHT+IHC4VD0VjyXvQRUH1HvGFAcxdTIFhgdvUZwIkzhTFv+jOUGvJqt7XKXzZapeXBXfeGWfeawzF5PBMWx
X-Received: by 2002:a05:6e02:3b05:b0:3dc:7a9a:44d3 with SMTP id
 e9e14a558f8ab-3dc7a9a472emr118061675ab.21.1747935452998; 
 Thu, 22 May 2025 10:37:32 -0700 (PDT)
Received: from postal.iol.unh.edu (postal.iol.unh.edu.
 [2606:4100:3880:1234::84]) by smtp-relay.gmail.com with ESMTPS id
 8926c6da1cb9f-4fbcc48a576sm635833173.51.2025.05.22.10.37.32
 (version=TLS1_2 cipher=ECDHE-ECDSA-AES128-GCM-SHA256 bits=128/128);
 Thu, 22 May 2025 10:37:32 -0700 (PDT)
X-Relaying-Domain: iol.unh.edu
Date: Thu, 22 May 2025 10:37:32 -0700 (PDT)
Message-ID: <682f60dc.050a0220.1ffa2f.2d60SMTPIN_ADDED_MISSING@mx.google.com>
Received: from [172.21.0.5] (unknown [172.18.0.240])
 by postal.iol.unh.edu (Postfix) with ESMTP id 6E9096052471;
 Thu, 22 May 2025 13:37:32 -0400 (EDT)
Subject: |FAILURE| pw153590 [PATCH] [v3] ethdev: fix the bug where the flag v
From: dpdklab@iol.unh.edu
To: Test Report <test-report@dpdk.org>
Cc: dpdk-test-reports@iol.unh.edu, Sunyang Wu <sunyang.wu@jaguarmicro.com>
In-Reply-To: <20250522074242.30376-1-sunyang.wu@jaguarmicro.com>
References: <20250522074242.30376-1-sunyang.wu@jaguarmicro.com>
Content-Type: text/plain
X-BeenThere: test-report@dpdk.org
X-Mailman-Version: 2.1.29
Precedence: list
List-Id: automatic DPDK test reports <test-report.dpdk.org>
List-Unsubscribe: <https://mails.dpdk.org/options/test-report>,
 <mailto:test-report-request@dpdk.org?subject=unsubscribe>
List-Archive: <http://mails.dpdk.org/archives/test-report/>
List-Post: <mailto:test-report@dpdk.org>
List-Help: <mailto:test-report-request@dpdk.org?subject=help>
List-Subscribe: <https://mails.dpdk.org/listinfo/test-report>,
 <mailto:test-report-request@dpdk.org?subject=subscribe>
Errors-To: test-report-bounces@dpdk.org

Test-Label: iol-compile-amd64-testing
Test-Status: FAILURE
http://dpdk.org/patch/153590

_Testing issues_

Submitter: Sunyang Wu <sunyang.wu@jaguarmicro.com>
Date: Thursday, May 22 2025 07:42:42 
DPDK git baseline: Repo:dpdk
  Branch: master
  CommitID:a0ad790eb9fcef4b00366ae474132bee4bcdab75

153590 --> testing issues

Upstream job id: Generic-DPDK-Compile-Meson#390560

Test environment and result as below:

+-----------------------------------+--------------------+-------------------+------------------+-------------------+
|            Environment            | dpdk_meson_compile | dpdk_compile_spdk | dpdk_compile_ovs | dpdk_msvc_compile |
+===================================+====================+===================+==================+===================+
| CentOS Stream 9                   | PASS               | PASS              | SKIPPED          | SKIPPED           |
+-----------------------------------+--------------------+-------------------+------------------+-------------------+
| CentOS Stream 10                  | PASS               | SKIPPED           | SKIPPED          | SKIPPED           |
+-----------------------------------+--------------------+-------------------+------------------+-------------------+
| Debian 12                         | PASS               | PASS              | SKIPPED          | SKIPPED           |
+-----------------------------------+--------------------+-------------------+------------------+-------------------+
| Fedora 40 (Clang)                 | PASS               | WARN              | SKIPPED          | SKIPPED           |
+-----------------------------------+--------------------+-------------------+------------------+-------------------+
| Fedora 41                         | PASS               | PASS              | PASS             | SKIPPED           |
+-----------------------------------+--------------------+-------------------+------------------+-------------------+
| Fedora 41 (Clang)                 | PASS               | WARN              | PASS             | SKIPPED           |
+-----------------------------------+--------------------+-------------------+------------------+-------------------+
| Fedora 40                         | PASS               | PASS              | SKIPPED          | SKIPPED           |
+-----------------------------------+--------------------+-------------------+------------------+-------------------+
| RHEL8                             | PASS               | SKIPPED           | SKIPPED          | SKIPPED           |
+-----------------------------------+--------------------+-------------------+------------------+-------------------+
| openSUSE Leap 15                  | PASS               | SKIPPED           | SKIPPED          | SKIPPED           |
+-----------------------------------+--------------------+-------------------+------------------+-------------------+
| Ubuntu 20.04                      | PASS               | SKIPPED           | SKIPPED          | SKIPPED           |
+-----------------------------------+--------------------+-------------------+------------------+-------------------+
| RHEL9                             | PASS               | SKIPPED           | SKIPPED          | SKIPPED           |
+-----------------------------------+--------------------+-------------------+------------------+-------------------+
| Ubuntu 22.04                      | PASS               | PASS              | SKIPPED          | SKIPPED           |
+-----------------------------------+--------------------+-------------------+------------------+-------------------+
| Ubuntu 24.04                      | PASS               | PASS              | PASS             | SKIPPED           |
+-----------------------------------+--------------------+-------------------+------------------+-------------------+
| Ubuntu 24.04 32 Bit Cross Compile | FAIL               | SKIPPED           | SKIPPED          | SKIPPED           |
+-----------------------------------+--------------------+-------------------+------------------+-------------------+
| Alpine                            | PASS               | SKIPPED           | SKIPPED          | SKIPPED           |
+-----------------------------------+--------------------+-------------------+------------------+-------------------+
| FreeBSD 14.2                      | PASS               | SKIPPED           | SKIPPED          | SKIPPED           |
+-----------------------------------+--------------------+-------------------+------------------+-------------------+
| Windows Server 2022               | SKIPPED            | SKIPPED           | SKIPPED          | PASS              |
+-----------------------------------+--------------------+-------------------+------------------+-------------------+

==== 20 line log output for Ubuntu 24.04 32 Bit Cross Compile (dpdk_meson_compile): ====
[1163/2674] Linking static target drivers/librte_net_dpaa2.a
[1164/2674] Generating rte_net_dpaa2_map with a custom command
[1165/2674] Generating rte_net_dpaa2.sym_chk with a custom command (wrapped by meson to capture output)
[1166/2674] Compiling C object drivers/librte_net_dpaa2.so.25.2.p/meson-generated_.._rte_net_dpaa2.pmd.c.o
[1167/2674] Linking target drivers/librte_net_dpaa2.so.25.2
[1168/2674] Generating symbol file drivers/librte_net_dpaa2.so.25.2.p/librte_net_dpaa2.so.25.2.symbols
[1169/2674] Compiling C object drivers/libtmp_rte_net_ena.a.p/net_ena_ena_ethdev.c.o
FAILED: drivers/libtmp_rte_net_ena.a.p/net_ena_ena_ethdev.c.o
cc -Idrivers/libtmp_rte_net_ena.a.p -Idrivers -I../drivers -Idrivers/net/ena -I../drivers/net/ena -I../drivers/net/ena/base -I../drivers/net/ena/base/ena_defs -Ilib/ethdev -I../lib/ethdev -Ilib/eal/common -I../lib/eal/common -I. -I.. -Iconfig -I../config -Ilib/eal/include -I../lib/eal/include -Ilib/eal/linux/include -I../lib/eal/linux/include -Ilib/eal/x86/include -I../lib/eal/x86/include -I../kernel/linux -Ilib/eal -I../lib/eal -Ilib/kvargs -I../lib/kvargs -Ilib/log -I../lib/log -Ilib/metrics -I../lib/metrics -Ilib/telemetry -I../lib/telemetry -Ilib/net -I../lib/net -Ilib/mbuf -I../lib/mbuf -Ilib/mempool -I../lib/mempool -Ilib/ring -I../lib/ring -Ilib/meter -I../lib/meter -Idrivers/bus/pci -I../drivers/bus/pci -I../drivers/bus/pci/linux -Ilib/pci -I../lib/pci -Idrivers/bus/vdev -I../drivers/bus/vdev -Ilib/timer -I../lib/timer -fdiagnostics-color=always -pipe -D_FILE_OFFSET_BITS=64 -Wall -Winvalid-pch -Wextra -Werror -std=c11 -O3 -include rte_config.h -Wvla -Wcast-qual -Wdeprecated -
 Wformat -Wformat-nonliteral -Wformat-security -Wmissing-declarations -Wmissing-prototypes -Wnested-externs -Wold-style-definition -Wpointer-arith -Wsign-compare -Wstrict-prototypes -Wundef -Wwrite-strings -Wno-packed-not-aligned -Wno-missing-field-initializers -Wno-pointer-to-int-cast -D_GNU_SOURCE -m32 -fPIC -march=native -mrtm -DALLOW_EXPERIMENTAL_API -DALLOW_INTERNAL_API -Wno-format-truncation -Wno-address-of-packed-member -DRTE_LOG_DEFAULT_LOGTYPE=pmd.net.ena -MD -MQ drivers/libtmp_rte_net_ena.a.p/net_ena_ena_ethdev.c.o -MF drivers/libtmp_rte_net_ena.a.p/net_ena_ena_ethdev.c.o.d -o drivers/libtmp_rte_net_ena.a.p/net_ena_ena_ethdev.c.o -c ../drivers/net/ena/ena_ethdev.c
In file included from ../lib/eal/include/rte_string_fns.h:18,
from ../drivers/net/ena/ena_ethdev.c:7:
../drivers/net/ena/ena_ethdev.c: In function 'pci_bar_addr':
../lib/eal/include/rte_common.h:554:30: error: cast to pointer from integer of different size [-Werror=int-to-pointer-cast]
554 | #define RTE_PTR_ADD(ptr, x) ((void*)((uintptr_t)(ptr) + (x)))
|                              ^
../drivers/net/ena/ena_ethdev.c:2295:16: note: in expansion of macro 'RTE_PTR_ADD'
2295 |         return RTE_PTR_ADD(resource->addr, resource->phys_addr & PAGE_MASK);
|                ^~~~~~~~~~~
cc1: all warnings being treated as errors
ninja: build stopped: subcommand failed.
==== End log output ====

CentOS Stream 9
	Kernel: Depends on container host
	Compiler: gcc 11.5.0 20240719 (Red Hat 11.5.0-2)

CentOS Stream 10
	Kernel: Depends on container host
	Compiler: gcc 14.2.1 20241104 (Red Hat 14.2.1-6)

Debian 12
	Kernel: Depends on container host
	Compiler: gcc (Debian 12.2.0-14) 12.2.0

Fedora 40 (Clang)
	Kernel: Depends on container host
	Compiler: clang 18.1.8 (Fedora 18.1.8-1.fc40)

Fedora 41
	Kernel: Depends on container host
	Compiler: gcc 14.2.1 20240912 (Red Hat 14.2.1-3)

Fedora 41 (Clang)
	Kernel: Depends on container host
	Compiler: clang 19.1.5 (Fedora 19.1.5-1.fc41)

Fedora 40
	Kernel: Depends on container host
	Compiler: gcc 14.2.1 20240912 (Red Hat 14.2.1-3)

RHEL8
	Kernel: Depends on container host
	Compiler: gcc 8.5.0 20210514 (Red Hat 8.5.0-22)

openSUSE Leap 15
	Kernel: Depends on container host
	Compiler: gcc (SUSE Linux) 7.5.0

Ubuntu 20.04
	Kernel: Depends on container host
	Compiler: gcc (Ubuntu 9.4.0-1ubuntu1~20.04.2) 9.4.0

RHEL9
	Kernel: Depends on container host
	Compiler: gcc 11.5.0 20240719 (Red Hat 11.5.0-2)

Ubuntu 22.04
	Kernel: Depends on container host
	Compiler: gcc (Ubuntu 11.4.0-1ubuntu1~22.04) 11.4.0

Ubuntu 24.04
	Kernel: Depends on container host
	Compiler: gcc (Ubuntu 13.3.0-6ubuntu2~24.04) 13.3.0

Ubuntu 24.04 32 Bit Cross Compile
	Kernel: Depends on container host
	Compiler: gcc (Ubuntu 13.3.0-6ubuntu2~24.04) 13.3.0

Alpine
	Kernel: Depends on container host
	Compiler: gcc (Alpine 14.2.0) 14.2.0

FreeBSD 14.2
	Kernel: 14.2-RELEASE
	Compiler: clang 18.1.6

Windows Server 2022
	Kernel: 10.0.20348.2031
	Compiler: clang 15.0.7, gcc 14.1.0 (MinGW), and MSVC VS 19.39.33521

To view detailed results, visit:
https://lab.dpdk.org/results/dashboard/patchsets/33230/

UNH-IOL DPDK Community Lab

To manage your email subscriptions, visit: 
https://lab.dpdk.org/results/dashboard/preferences/subscriptions/