From mboxrd@z Thu Jan 1 00:00:00 1970 Return-Path: Received: from mails.dpdk.org (mails.dpdk.org [217.70.189.124]) by inbox.dpdk.org (Postfix) with ESMTP id 6B4F84678E for ; Thu, 22 May 2025 20:47:13 +0200 (CEST) Received: from mails.dpdk.org (localhost [127.0.0.1]) by mails.dpdk.org (Postfix) with ESMTP id 51967402D9; Thu, 22 May 2025 20:47:13 +0200 (CEST) Received: from mail-qt1-f226.google.com (mail-qt1-f226.google.com [209.85.160.226]) by mails.dpdk.org (Postfix) with ESMTP id F15704025E for ; Thu, 22 May 2025 20:47:11 +0200 (CEST) Received: by mail-qt1-f226.google.com with SMTP id d75a77b69052e-476f4e9cf92so63375071cf.3 for ; Thu, 22 May 2025 11:47:11 -0700 (PDT) DKIM-Signature: v=1; a=rsa-sha256; c=relaxed/relaxed; d=iol.unh.edu; s=unh-iol; t=1747939631; x=1748544431; darn=dpdk.org; h=references:in-reply-to:cc:to:from:subject:message-id:date:from:to :cc:subject:date:message-id:reply-to; bh=6hC3kikdrBqhcMMNU/mlAuKjXq3xJpPNyoNw8CwbiPA=; b=BTLF/T+Q6YPLcArXjbK3R8p9jcBDxJU1klNNeGtPQemyisQRJ5qrfo3oQNG/x1fZ1m OQwUdyOhNnKNQrTLn1QboTAyaC6KbtEeIBLZrwJBw/6fv8o4K1ZoC1zrTZgELEKuRwrl M6mG2FbAoOUQe+cUUsGLGJ8yL7tuI70jA4ceE= X-Google-DKIM-Signature: v=1; a=rsa-sha256; c=relaxed/relaxed; d=1e100.net; s=20230601; t=1747939631; x=1748544431; h=references:in-reply-to:cc:to:from:subject:message-id:date :x-gm-message-state:from:to:cc:subject:date:message-id:reply-to; bh=6hC3kikdrBqhcMMNU/mlAuKjXq3xJpPNyoNw8CwbiPA=; b=VKW2Nz5JGiiKEOAO5IFcZB2zHZSCUvyAUclK0tg+TgUilPZyvZHrufs7O+vdStHG57 oEnJuG148qcjpWc1tv+5JW2zh5iD9UuaKVH/Kd4osB8JpS3X/MbkRRiugUNEkqoU6uyw +baJfdRvSUV7NMN/ELoG4MFheWpHzBWG8S2jZAuFEkjgMgSJfY3v18vn8k/1DUDsA66z fuHw5my/jAvFvzZ3VEDPNz0hk0hK+RgZrj09oyui23p08TCdQtGuVWtPixv0lS7hMy7a J/i5CC8ZyK/HDOGy516i4bTCLS5woa0AtTmgLkbmMM1WcMO+2rQOV43mvEvOgCEvHXt1 6rVg== X-Gm-Message-State: AOJu0YwCNPsMVoXiVJRS7Lkk7nVwT4SRGzzq2AGOqmDg0oFAczYc/xV3 GkGF8A0X0G8QbbBoKrikCrBLF/qEYu1+vra3l1j6nxLU+4u+NJYdz2VXyImu2Oa73wF+El1SeHC +SzCDFmoyP4mHRHi7XkaANcLGRn1ZUQ0/kJlKJuLQTUbxXrDKQh6EOxygiBpV X-Gm-Gg: ASbGnctKP42pVEFxnNTT+Qjk+oZDJAwA5WYdIRqH6M07XH3Vbu0xz1MgViZHS6KY3s3 FY0kXgNIVKCHa0OdgajHc6JgP7FPE908hAaU4MUmwRCC2gqEvj4FSuI1G6jGGvM+QbcKuj3hlLd 9AirpZ+40eJFn9CyAWFi8oDo94E4IJJfA4Pgi91YL+5S3eE/oMgRIFMAjmcVlHZWPDY2Yl3jNgJ gnLJHFownvn5T0SqGdFgQCXQ0mMaEuTpBI7HkUGqwgCd155z+2bLvP5PME3CTqHhfTcBsoDbVuI jffNYhlO5hkvxUJHlvvtUoXQhkLlniN8bUTk X-Google-Smtp-Source: AGHT+IFIzy2axGoc87vm/Jrr5jFXL8BB/agkqw8fOTeuExK+7AkvK83PwIgPozFUueuGuGtLK7YvzDYu0OJG X-Received: by 2002:ac8:5cc1:0:b0:499:836c:23d9 with SMTP id d75a77b69052e-49e1d654e56mr132771cf.10.1747939631276; Thu, 22 May 2025 11:47:11 -0700 (PDT) Received: from postal.iol.unh.edu (postal.iol.unh.edu. [2606:4100:3880:1234::84]) by smtp-relay.gmail.com with ESMTPS id d75a77b69052e-49d82b4fc2esm523141cf.17.2025.05.22.11.47.11 (version=TLS1_2 cipher=ECDHE-ECDSA-AES128-GCM-SHA256 bits=128/128); Thu, 22 May 2025 11:47:11 -0700 (PDT) X-Relaying-Domain: iol.unh.edu Date: Thu, 22 May 2025 11:47:11 -0700 (PDT) Message-ID: <682f712f.050a0220.176378.2d87SMTPIN_ADDED_MISSING@mx.google.com> Received: from [172.17.0.3] (unknown [172.18.0.74]) by postal.iol.unh.edu (Postfix) with ESMTP id F05C76052471; Thu, 22 May 2025 14:47:10 -0400 (EDT) Subject: |FAILURE| pw153590 [PATCH] [v3] ethdev: fix the bug where the flag v From: dpdklab@iol.unh.edu To: Test Report Cc: dpdk-test-reports@iol.unh.edu, Sunyang Wu In-Reply-To: <20250522074242.30376-1-sunyang.wu@jaguarmicro.com> References: <20250522074242.30376-1-sunyang.wu@jaguarmicro.com> Content-Type: text/plain X-BeenThere: test-report@dpdk.org X-Mailman-Version: 2.1.29 Precedence: list List-Id: automatic DPDK test reports List-Unsubscribe: , List-Archive: List-Post: List-Help: List-Subscribe: , Errors-To: test-report-bounces@dpdk.org Test-Label: iol-compile-amd64-testing Test-Status: FAILURE http://dpdk.org/patch/153590 _Testing issues_ Submitter: Sunyang Wu Date: Thursday, May 22 2025 07:42:42 DPDK git baseline: Repo:dpdk Branch: master CommitID:a0ad790eb9fcef4b00366ae474132bee4bcdab75 153590 --> testing issues Upstream job id: Windows-Compile-DPDK-Native#28569 Test environment and result as below: +-----------------------------------+--------------------+-------------------+------------------+-------------------+-------------------------+ | Environment | dpdk_meson_compile | dpdk_compile_spdk | dpdk_compile_ovs | dpdk_msvc_compile | dpdk_llvm_clang_compile | +===================================+====================+===================+==================+===================+=========================+ | CentOS Stream 9 | PASS | PASS | SKIPPED | SKIPPED | SKIPPED | +-----------------------------------+--------------------+-------------------+------------------+-------------------+-------------------------+ | CentOS Stream 10 | PASS | SKIPPED | SKIPPED | SKIPPED | SKIPPED | +-----------------------------------+--------------------+-------------------+------------------+-------------------+-------------------------+ | Debian 12 | PASS | PASS | SKIPPED | SKIPPED | SKIPPED | +-----------------------------------+--------------------+-------------------+------------------+-------------------+-------------------------+ | Fedora 40 (Clang) | PASS | WARN | SKIPPED | SKIPPED | SKIPPED | +-----------------------------------+--------------------+-------------------+------------------+-------------------+-------------------------+ | Fedora 41 | PASS | PASS | PASS | SKIPPED | SKIPPED | +-----------------------------------+--------------------+-------------------+------------------+-------------------+-------------------------+ | Fedora 41 (Clang) | PASS | WARN | PASS | SKIPPED | SKIPPED | +-----------------------------------+--------------------+-------------------+------------------+-------------------+-------------------------+ | Fedora 40 | PASS | PASS | SKIPPED | SKIPPED | SKIPPED | +-----------------------------------+--------------------+-------------------+------------------+-------------------+-------------------------+ | RHEL8 | PASS | SKIPPED | SKIPPED | SKIPPED | SKIPPED | +-----------------------------------+--------------------+-------------------+------------------+-------------------+-------------------------+ | openSUSE Leap 15 | PASS | SKIPPED | SKIPPED | SKIPPED | SKIPPED | +-----------------------------------+--------------------+-------------------+------------------+-------------------+-------------------------+ | Ubuntu 20.04 | PASS | SKIPPED | SKIPPED | SKIPPED | SKIPPED | +-----------------------------------+--------------------+-------------------+------------------+-------------------+-------------------------+ | RHEL9 | PASS | SKIPPED | SKIPPED | SKIPPED | SKIPPED | +-----------------------------------+--------------------+-------------------+------------------+-------------------+-------------------------+ | Ubuntu 22.04 | PASS | PASS | SKIPPED | SKIPPED | SKIPPED | +-----------------------------------+--------------------+-------------------+------------------+-------------------+-------------------------+ | Ubuntu 24.04 | PASS | PASS | PASS | SKIPPED | SKIPPED | +-----------------------------------+--------------------+-------------------+------------------+-------------------+-------------------------+ | Ubuntu 24.04 32 Bit Cross Compile | FAIL | SKIPPED | SKIPPED | SKIPPED | SKIPPED | +-----------------------------------+--------------------+-------------------+------------------+-------------------+-------------------------+ | Alpine | PASS | SKIPPED | SKIPPED | SKIPPED | SKIPPED | +-----------------------------------+--------------------+-------------------+------------------+-------------------+-------------------------+ | FreeBSD 14.2 | PASS | SKIPPED | SKIPPED | SKIPPED | SKIPPED | +-----------------------------------+--------------------+-------------------+------------------+-------------------+-------------------------+ | Windows Server 2022 | SKIPPED | SKIPPED | SKIPPED | PASS | PASS | +-----------------------------------+--------------------+-------------------+------------------+-------------------+-------------------------+ ==== 20 line log output for Ubuntu 24.04 32 Bit Cross Compile (dpdk_meson_compile): ==== [1163/2674] Linking static target drivers/librte_net_dpaa2.a [1164/2674] Generating rte_net_dpaa2_map with a custom command [1165/2674] Generating rte_net_dpaa2.sym_chk with a custom command (wrapped by meson to capture output) [1166/2674] Compiling C object drivers/librte_net_dpaa2.so.25.2.p/meson-generated_.._rte_net_dpaa2.pmd.c.o [1167/2674] Linking target drivers/librte_net_dpaa2.so.25.2 [1168/2674] Generating symbol file drivers/librte_net_dpaa2.so.25.2.p/librte_net_dpaa2.so.25.2.symbols [1169/2674] Compiling C object drivers/libtmp_rte_net_ena.a.p/net_ena_ena_ethdev.c.o FAILED: drivers/libtmp_rte_net_ena.a.p/net_ena_ena_ethdev.c.o cc -Idrivers/libtmp_rte_net_ena.a.p -Idrivers -I../drivers -Idrivers/net/ena -I../drivers/net/ena -I../drivers/net/ena/base -I../drivers/net/ena/base/ena_defs -Ilib/ethdev -I../lib/ethdev -Ilib/eal/common -I../lib/eal/common -I. -I.. -Iconfig -I../config -Ilib/eal/include -I../lib/eal/include -Ilib/eal/linux/include -I../lib/eal/linux/include -Ilib/eal/x86/include -I../lib/eal/x86/include -I../kernel/linux -Ilib/eal -I../lib/eal -Ilib/kvargs -I../lib/kvargs -Ilib/log -I../lib/log -Ilib/metrics -I../lib/metrics -Ilib/telemetry -I../lib/telemetry -Ilib/net -I../lib/net -Ilib/mbuf -I../lib/mbuf -Ilib/mempool -I../lib/mempool -Ilib/ring -I../lib/ring -Ilib/meter -I../lib/meter -Idrivers/bus/pci -I../drivers/bus/pci -I../drivers/bus/pci/linux -Ilib/pci -I../lib/pci -Idrivers/bus/vdev -I../drivers/bus/vdev -Ilib/timer -I../lib/timer -fdiagnostics-color=always -pipe -D_FILE_OFFSET_BITS=64 -Wall -Winvalid-pch -Wextra -Werror -std=c11 -O3 -include rte_config.h -Wvla -Wcast-qual -Wdeprecated - Wformat -Wformat-nonliteral -Wformat-security -Wmissing-declarations -Wmissing-prototypes -Wnested-externs -Wold-style-definition -Wpointer-arith -Wsign-compare -Wstrict-prototypes -Wundef -Wwrite-strings -Wno-packed-not-aligned -Wno-missing-field-initializers -Wno-pointer-to-int-cast -D_GNU_SOURCE -m32 -fPIC -march=native -mrtm -DALLOW_EXPERIMENTAL_API -DALLOW_INTERNAL_API -Wno-format-truncation -Wno-address-of-packed-member -DRTE_LOG_DEFAULT_LOGTYPE=pmd.net.ena -MD -MQ drivers/libtmp_rte_net_ena.a.p/net_ena_ena_ethdev.c.o -MF drivers/libtmp_rte_net_ena.a.p/net_ena_ena_ethdev.c.o.d -o drivers/libtmp_rte_net_ena.a.p/net_ena_ena_ethdev.c.o -c ../drivers/net/ena/ena_ethdev.c In file included from ../lib/eal/include/rte_string_fns.h:18, from ../drivers/net/ena/ena_ethdev.c:7: ../drivers/net/ena/ena_ethdev.c: In function 'pci_bar_addr': ../lib/eal/include/rte_common.h:554:30: error: cast to pointer from integer of different size [-Werror=int-to-pointer-cast] 554 | #define RTE_PTR_ADD(ptr, x) ((void*)((uintptr_t)(ptr) + (x))) | ^ ../drivers/net/ena/ena_ethdev.c:2295:16: note: in expansion of macro 'RTE_PTR_ADD' 2295 | return RTE_PTR_ADD(resource->addr, resource->phys_addr & PAGE_MASK); | ^~~~~~~~~~~ cc1: all warnings being treated as errors ninja: build stopped: subcommand failed. ==== End log output ==== CentOS Stream 9 Kernel: Depends on container host Compiler: gcc 11.5.0 20240719 (Red Hat 11.5.0-2) CentOS Stream 10 Kernel: Depends on container host Compiler: gcc 14.2.1 20241104 (Red Hat 14.2.1-6) Debian 12 Kernel: Depends on container host Compiler: gcc (Debian 12.2.0-14) 12.2.0 Fedora 40 (Clang) Kernel: Depends on container host Compiler: clang 18.1.8 (Fedora 18.1.8-1.fc40) Fedora 41 Kernel: Depends on container host Compiler: gcc 14.2.1 20240912 (Red Hat 14.2.1-3) Fedora 41 (Clang) Kernel: Depends on container host Compiler: clang 19.1.5 (Fedora 19.1.5-1.fc41) Fedora 40 Kernel: Depends on container host Compiler: gcc 14.2.1 20240912 (Red Hat 14.2.1-3) RHEL8 Kernel: Depends on container host Compiler: gcc 8.5.0 20210514 (Red Hat 8.5.0-22) openSUSE Leap 15 Kernel: Depends on container host Compiler: gcc (SUSE Linux) 7.5.0 Ubuntu 20.04 Kernel: Depends on container host Compiler: gcc (Ubuntu 9.4.0-1ubuntu1~20.04.2) 9.4.0 RHEL9 Kernel: Depends on container host Compiler: gcc 11.5.0 20240719 (Red Hat 11.5.0-2) Ubuntu 22.04 Kernel: Depends on container host Compiler: gcc (Ubuntu 11.4.0-1ubuntu1~22.04) 11.4.0 Ubuntu 24.04 Kernel: Depends on container host Compiler: gcc (Ubuntu 13.3.0-6ubuntu2~24.04) 13.3.0 Ubuntu 24.04 32 Bit Cross Compile Kernel: Depends on container host Compiler: gcc (Ubuntu 13.3.0-6ubuntu2~24.04) 13.3.0 Alpine Kernel: Depends on container host Compiler: gcc (Alpine 14.2.0) 14.2.0 FreeBSD 14.2 Kernel: 14.2-RELEASE Compiler: clang 18.1.6 Windows Server 2022 Kernel: 10.0.20348.2031 Compiler: clang 15.0.7, gcc 14.1.0 (MinGW), and MSVC VS 19.39.33521 To view detailed results, visit: https://lab.dpdk.org/results/dashboard/patchsets/33230/ UNH-IOL DPDK Community Lab To manage your email subscriptions, visit: https://lab.dpdk.org/results/dashboard/preferences/subscriptions/