From mboxrd@z Thu Jan 1 00:00:00 1970 Return-Path: Received: from mails.dpdk.org (mails.dpdk.org [217.70.189.124]) by inbox.dpdk.org (Postfix) with ESMTP id 8C103467C9 for ; Fri, 23 May 2025 17:03:43 +0200 (CEST) Received: from mails.dpdk.org (localhost [127.0.0.1]) by mails.dpdk.org (Postfix) with ESMTP id 875C140611; Fri, 23 May 2025 17:03:43 +0200 (CEST) Received: from mail-il1-f225.google.com (mail-il1-f225.google.com [209.85.166.225]) by mails.dpdk.org (Postfix) with ESMTP id 2ECBF40611 for ; Fri, 23 May 2025 17:03:40 +0200 (CEST) Received: by mail-il1-f225.google.com with SMTP id e9e14a558f8ab-3d91db4f0c3so42137165ab.3 for ; Fri, 23 May 2025 08:03:40 -0700 (PDT) DKIM-Signature: v=1; a=rsa-sha256; c=relaxed/relaxed; d=iol.unh.edu; s=unh-iol; t=1748012619; x=1748617419; darn=dpdk.org; h=references:in-reply-to:cc:to:from:subject:message-id:date:from:to :cc:subject:date:message-id:reply-to; bh=wK7JOrdvhY3Cg0ATGr0oGVgV04x2dhL4jGmUpcDyLKE=; b=ecozBRtwVnh4dd+FMv7bND187jNRaNowBxaT+mh61jLdq0dxXmphcR6UTyOPsTrWQw ROw+s4Mo5WFP9iccCMu16HPisPBo301kkF/yy2R1/5tMhEqwkEAGTC5n9E0/2CmAQSFV fr6mvklN5tNN+98jujg3XqxM3LxjkBBd5yaAQ= X-Google-DKIM-Signature: v=1; a=rsa-sha256; c=relaxed/relaxed; d=1e100.net; s=20230601; t=1748012619; x=1748617419; h=references:in-reply-to:cc:to:from:subject:message-id:date :x-gm-message-state:from:to:cc:subject:date:message-id:reply-to; bh=wK7JOrdvhY3Cg0ATGr0oGVgV04x2dhL4jGmUpcDyLKE=; b=wRBN3YK1f18iKeULNAj1FquZsVIrE8LV23ZqMEL1Taa0ePnpemaV6THWkmoxrAcL8P 1h6KTWmsOVFHEk+krLs9dBfnIkBmoUXqi6P06Pkol5Mi6S/eq7z0TZZ18lWTmn4weI/v KXRfsEYUmUqjpO8joR0ZHp9Bcuc3r8qibdJ2Stq3nHIjSBNTE/NQoDAOw8/UWJxmxdtX qdBTUwh75wrb7vCxQ/oFOtTnovrV/LOgxR/6Ph8Sr4sbwOpShtLbDGkUrGweuFd+ckdf Mh4sUd49Xq/iR2OlfjG7x5L1LbYydrFEh9nN7jcu7op/HVSOjq5YKWyhE/EHBQgeTWDR /yHg== X-Gm-Message-State: AOJu0YwZdCyQEgnKC9m89mMRS7eeNhKW9wlFtaRFikBKigabD13z5EUa xRusEPjXbFgstBFSB5yOHLgXVTfcP6AU6TLyX1ypvrMygnn+0Bjtge+IMnQD2lVPQlc38ciSkiR hvGmsH0p415CX3zuCR4C64OEGubPFGlhXDcezPNB9yeCmaKhVY6+BVEZg50Dl X-Gm-Gg: ASbGncu+o0WxDVr3aFJDZcX9LVXnW6yA/RUxbfMgUhoD93VH7phpUNKFYwWuZWzHGvv 1DXTveCGjudFrvhHAY6iDVnN4Nu5lr0fnVg6dmW7pHmOI72t6txRnX1n2jSYXwf54BLjO1L05pr 1YwHpdCIGuUfOPGlGNFdhFBRTkNAm+iOHeKfpi5RVkxuScgIYxBDHNwpvA9uioD1/PxOgrqjFcm 0J0Vl6jm9SZ4gnaPVS/HuV4UT1ZM3UBnwlhEssoo91c9HDNSYVYwz3G6XvZ8hUMeI/SP0kCwo+E jVUTjoCdbuZHyxCLpDvfE3DAAb7yKZqXdjb/ X-Google-Smtp-Source: AGHT+IE/iFXdr81j0YueTfEPFqOOXyF5z/Imrs/36zkau+lFmvetkN5WMtYa3RJ70SAo+canH7LbbEIC2jOe X-Received: by 2002:a05:6e02:16ca:b0:3dc:7c9e:c3aa with SMTP id e9e14a558f8ab-3dc7c9ee15amr164874945ab.21.1748012617297; Fri, 23 May 2025 08:03:37 -0700 (PDT) Received: from postal.iol.unh.edu (postal.iol.unh.edu. [2606:4100:3880:1234::84]) by smtp-relay.gmail.com with ESMTPS id e9e14a558f8ab-3dc75b9cf2csm4824835ab.56.2025.05.23.08.03.37 (version=TLS1_2 cipher=ECDHE-ECDSA-AES128-GCM-SHA256 bits=128/128); Fri, 23 May 2025 08:03:37 -0700 (PDT) X-Relaying-Domain: iol.unh.edu Date: Fri, 23 May 2025 08:03:37 -0700 (PDT) Message-ID: <68308e49.050a0220.340351.8f46SMTPIN_ADDED_MISSING@mx.google.com> Received: from [172.21.0.5] (unknown [172.18.0.240]) by postal.iol.unh.edu (Postfix) with ESMTP id D88F36052471; Fri, 23 May 2025 11:03:36 -0400 (EDT) Subject: |WARNING| pw153590 [PATCH] [v3] ethdev: fix the bug where the flag v From: dpdklab@iol.unh.edu To: Test Report Cc: dpdk-test-reports@iol.unh.edu In-Reply-To: <20250522074242.30376-1-sunyang.wu@jaguarmicro.com> References: <20250522074242.30376-1-sunyang.wu@jaguarmicro.com> Content-Type: text/plain X-BeenThere: test-report@dpdk.org X-Mailman-Version: 2.1.29 Precedence: list List-Id: automatic DPDK test reports List-Unsubscribe: , List-Archive: List-Post: List-Help: List-Subscribe: , Errors-To: test-report-bounces@dpdk.org Test-Label: iol-abi-testing Test-Status: WARNING http://dpdk.org/patch/153590 _Testing issues_ Submitter: Sunyang Wu Date: Thursday, May 22 2025 07:42:42 DPDK git baseline: Repo:dpdk Branch: master CommitID:a0ad790eb9fcef4b00366ae474132bee4bcdab75 153590 --> testing issues Upstream job id: Generic-DPDK-Compile-ABI#127440 Test environment and result as below: +-------------------+----------+ | Environment | abi_test | +===================+==========+ | CentOS Stream 9 | FAIL | +-------------------+----------+ | CentOS Stream 10 | FAIL | +-------------------+----------+ | Debian 12 | FAIL | +-------------------+----------+ | Fedora 40 (Clang) | FAIL | +-------------------+----------+ | Fedora 40 | FAIL | +-------------------+----------+ | Fedora 41 (Clang) | FAIL | +-------------------+----------+ | Fedora 41 | FAIL | +-------------------+----------+ | openSUSE Leap 15 | FAIL | +-------------------+----------+ | RHEL8 | FAIL | +-------------------+----------+ | RHEL9 | FAIL | +-------------------+----------+ | Ubuntu 22.04 | FAIL | +-------------------+----------+ | Ubuntu 24.04 | FAIL | +-------------------+----------+ ==== 20 line log output for Ubuntu 24.04 (abi_test): ==== Variables changes summary: 0 Removed, 0 Changed, 0 Added variable Functions changes summary: 0 Removed, 0 Changed (7 filtered out), 0 Added functions Variables changes summary: 0 Removed, 0 Changed, 0 Added variable Functions changes summary: 0 Removed, 0 Changed (5 filtered out), 0 Added functions Variables changes summary: 0 Removed, 0 Changed, 0 Added variable Functions changes summary: 0 Removed, 0 Changed (1 filtered out), 0 Added function Variables changes summary: 0 Removed, 0 Changed, 0 Added variable Functions changes summary: 0 Removed, 0 Changed (2 filtered out), 0 Added functions Variables changes summary: 0 Removed, 0 Changed, 0 Added variable Functions changes summary: 0 Removed, 0 Changed (4 filtered out), 0 Added (1 filtered out) functions Variables changes summary: 0 Removed, 0 Changed (1 filtered out), 0 Added variable Functions changes summary: 0 Removed, 0 Changed (215 filtered out), 0 Added (2 filtered out) functions Variables changes summary: 0 Removed, 0 Changed, 0 Added variable ==== End log output ==== CentOS Stream 9 Kernel: Depends on container host Compiler: gcc 11.5.0 20240719 (Red Hat 11.5.0-2) CentOS Stream 10 Kernel: Depends on container host Compiler: gcc 14.2.1 20241104 (Red Hat 14.2.1-6) Debian 12 Kernel: Depends on container host Compiler: gcc (Debian 12.2.0-14) 12.2.0 Fedora 40 (Clang) Kernel: Depends on container host Compiler: clang 18.1.8 (Fedora 18.1.8-1.fc40) Fedora 40 Kernel: Depends on container host Compiler: gcc 14.2.1 20240912 (Red Hat 14.2.1-3) Fedora 41 (Clang) Kernel: Depends on container host Compiler: clang 19.1.5 (Fedora 19.1.5-1.fc41) Fedora 41 Kernel: Depends on container host Compiler: gcc 14.2.1 20240912 (Red Hat 14.2.1-3) openSUSE Leap 15 Kernel: Depends on container host Compiler: gcc (SUSE Linux) 7.5.0 RHEL8 Kernel: Depends on container host Compiler: gcc 8.5.0 20210514 (Red Hat 8.5.0-22) RHEL9 Kernel: Depends on container host Compiler: gcc 11.5.0 20240719 (Red Hat 11.5.0-2) Ubuntu 22.04 Kernel: Depends on container host Compiler: gcc (Ubuntu 11.4.0-1ubuntu1~22.04) 11.4.0 Ubuntu 24.04 Kernel: Depends on container host Compiler: gcc (Ubuntu 13.3.0-6ubuntu2~24.04) 13.3.0 To view detailed results, visit: https://lab.dpdk.org/results/dashboard/patchsets/33230/ UNH-IOL DPDK Community Lab To manage your email subscriptions, visit: https://lab.dpdk.org/results/dashboard/preferences/subscriptions/