automatic DPDK test reports
 help / color / mirror / Atom feed
* |SUCCESS| pw153626-153662 [PATCH 40/40] crypto/cnxk: copy 8B iv into sess in aes ctr
       [not found] <20250523135111.2178408-41-ktejasree@marvell.com>
@ 2025-05-23 13:24 ` qemudev
  2025-05-23 13:29 ` qemudev
                   ` (23 subsequent siblings)
  24 siblings, 0 replies; 25+ messages in thread
From: qemudev @ 2025-05-23 13:24 UTC (permalink / raw)
  To: test-report

Test-Label: loongarch-compilation
Test-Status: SUCCESS
http://dpdk.org/patch/153662

_Compilation OK_

Submitter: Tejasree Kondoj <ktejasree@marvell.com>
Date: Fri, 23 May 2025 19:20:32 +0530
DPDK git baseline: Repo:dpdk-next-crypto
  Branch: for-main
  CommitID: fc627d7065ba5100faa928cf2edfa1622846f542

153626-153662 --> meson & ninja build successfully

Test environment and result as below:

+---------------------+----------------+
|     Environment     | compilation    |
+---------------------+----------------+
| Loongnix-Server 8.3 | PASS           |
+---------------------+----------------+

Loongnix-Server 8.3
    Kernel: 4.19.190+
    Compiler: gcc 8.3


^ permalink raw reply	[flat|nested] 25+ messages in thread

* |SUCCESS| pw153626-153662 [PATCH 40/40] crypto/cnxk: copy 8B iv into sess in aes ctr
       [not found] <20250523135111.2178408-41-ktejasree@marvell.com>
  2025-05-23 13:24 ` |SUCCESS| pw153626-153662 [PATCH 40/40] crypto/cnxk: copy 8B iv into sess in aes ctr qemudev
@ 2025-05-23 13:29 ` qemudev
  2025-05-23 13:59 ` |SUCCESS| pw153662 " checkpatch
                   ` (22 subsequent siblings)
  24 siblings, 0 replies; 25+ messages in thread
From: qemudev @ 2025-05-23 13:29 UTC (permalink / raw)
  To: test-report

Test-Label: loongarch-unit-testing
Test-Status: SUCCESS
http://dpdk.org/patch/153662

_Unit Testing PASS_

Submitter: Tejasree Kondoj <ktejasree@marvell.com>
Date: Fri, 23 May 2025 19:20:32 +0530
DPDK git baseline: Repo:dpdk-next-crypto
  Branch: for-main
  CommitID: fc627d7065ba5100faa928cf2edfa1622846f542

153626-153662 --> testing pass

Test environment and result as below:

+---------------------+----------------+
|     Environment     | dpdk_unit_test |
+---------------------+----------------+
| Loongnix-Server 8.3 | PASS           |
+---------------------+----------------+

Loongnix-Server 8.3
    Kernel: 4.19.190+
    Compiler: gcc 8.3


Test result details:
  1/119 DPDK:fast-tests / acl_autotest                            OK              3.10s
  2/119 DPDK:fast-tests / alarm_autotest                          OK              1.42s
  3/119 DPDK:fast-tests / argparse_autotest                       OK              0.41s
  4/119 DPDK:fast-tests / atomic_autotest                         OK              6.91s
  5/119 DPDK:fast-tests / bitcount_autotest                       OK              0.43s
  6/119 DPDK:fast-tests / bitmap_autotest                         OK              0.43s
  7/119 DPDK:fast-tests / bitops_autotest                         OK              1.93s
  8/119 DPDK:fast-tests / bitratestats_autotest                   OK              0.43s
  9/119 DPDK:fast-tests / bitset_autotest                         OK              3.16s
 10/119 DPDK:fast-tests / bpf_autotest                            OK              0.43s
 11/119 DPDK:fast-tests / bpf_convert_autotest                    OK              0.44s
 12/119 DPDK:fast-tests / byteorder_autotest                      OK              0.43s
 13/119 DPDK:fast-tests / cfgfile_autotest                        OK              0.43s
 14/119 DPDK:fast-tests / cksum_autotest                          OK              0.43s
 15/119 DPDK:fast-tests / cmdline_autotest                        OK              0.43s
 16/119 DPDK:fast-tests / common_autotest                         OK              1.32s
 17/119 DPDK:fast-tests / compressdev_autotest                    SKIP            0.07s   exit status 77
 18/119 DPDK:fast-tests / cpuflags_autotest                       OK              0.42s
 19/119 DPDK:fast-tests / crc_autotest                            OK              0.42s
 20/119 DPDK:fast-tests / user_delay_us                           OK              0.43s
 21/119 DPDK:fast-tests / debug_autotest                          OK             23.82s
 22/119 DPDK:fast-tests / devargs_autotest                        OK              0.43s
 23/119 DPDK:fast-tests / dispatcher_autotest                     OK              2.50s
 24/119 DPDK:fast-tests / distributor_autotest                    OK              1.20s
 25/119 DPDK:fast-tests / eal_flags_c_opt_autotest                OK              0.81s
 26/119 DPDK:fast-tests / eal_flags_main_opt_autotest             OK              0.22s
 27/119 DPDK:fast-tests / eal_flags_n_opt_autotest                OK              0.20s
 28/119 DPDK:fast-tests / eal_flags_hpet_autotest                 OK              0.13s
 29/119 DPDK:fast-tests / eal_flags_no_huge_autotest              OK              0.23s
 30/119 DPDK:fast-tests / eal_flags_a_opt_autotest                OK              0.31s
 31/119 DPDK:fast-tests / eal_flags_b_opt_autotest                OK              0.25s
 32/119 DPDK:fast-tests / eal_flags_vdev_opt_autotest             OK              0.20s
 33/119 DPDK:fast-tests / eal_flags_r_opt_autotest                OK              0.19s
 34/119 DPDK:fast-tests / eal_flags_mem_autotest                  OK              0.61s
 35/119 DPDK:fast-tests / eal_flags_file_prefix_autotest          OK             22.27s
 36/119 DPDK:fast-tests / eal_flags_misc_autotest                 OK              1.09s
 37/119 DPDK:fast-tests / eal_fs_autotest                         OK              0.43s
 38/119 DPDK:fast-tests / errno_autotest                          OK              0.43s
 39/119 DPDK:fast-tests / ethdev_link_status                      OK              0.43s
 40/119 DPDK:fast-tests / event_eth_tx_adapter_autotest           OK              1.69s
 41/119 DPDK:fast-tests / event_ring_autotest                     OK              0.43s
 42/119 DPDK:fast-tests / eventdev_common_autotest                OK              0.43s
 43/119 DPDK:fast-tests / eventdev_selftest_sw                    OK              7.23s
 44/119 DPDK:fast-tests / fbarray_autotest                        OK              0.43s
 45/119 DPDK:fast-tests / fib_autotest                            OK              1.27s
 46/119 DPDK:fast-tests / fib6_autotest                           OK              1.06s
 47/119 DPDK:fast-tests / func_reentrancy_autotest                OK              2.05s
 48/119 DPDK:fast-tests / graph_autotest                          OK              0.40s
 49/119 DPDK:fast-tests / node_list_dump                          OK              0.40s
 50/119 DPDK:fast-tests / hash_autotest                           OK              1.02s
 51/119 DPDK:fast-tests / hash_readwrite_func_autotest            OK              6.43s
 52/119 DPDK:fast-tests / interrupt_autotest                      OK              1.80s
 53/119 DPDK:fast-tests / ipfrag_autotest                         OK              0.08s
 54/119 DPDK:fast-tests / ipsec_autotest                          SKIP            0.40s   exit status 77
 55/119 DPDK:fast-tests / kvargs_autotest                         OK              0.50s
 56/119 DPDK:fast-tests / latencystats_autotest                   OK              0.40s
 57/119 DPDK:fast-tests / lcore_var_autotest                      OK              0.54s
 58/119 DPDK:fast-tests / lcores_autotest                         OK              5.21s
 59/119 DPDK:fast-tests / logs_autotest                           OK              0.40s
 60/119 DPDK:fast-tests / lpm_autotest                            OK              2.45s
 61/119 DPDK:fast-tests / lpm6_autotest                           OK              5.57s
 62/119 DPDK:fast-tests / malloc_autotest                         OK             60.02s
 63/119 DPDK:fast-tests / mbuf_autotest                           OK              4.46s
 64/119 DPDK:fast-tests / mcslock_autotest                        OK              4.16s
 65/119 DPDK:fast-tests / member_autotest                         OK              1.61s
 66/119 DPDK:fast-tests / memcpy_autotest                         OK              7.11s
 67/119 DPDK:fast-tests / memory_autotest                         OK              0.09s
 68/119 DPDK:fast-tests / mempool_autotest                        OK              0.43s
 69/119 DPDK:fast-tests / memzone_autotest                        OK              0.14s
 70/119 DPDK:fast-tests / meter_autotest                          OK              0.39s
 71/119 DPDK:fast-tests / metrics_autotest                        OK              0.39s
 72/119 DPDK:fast-tests / multiprocess_autotest                   OK              0.19s
 73/119 DPDK:fast-tests / net_ether_autotest                      OK              1.06s
 74/119 DPDK:fast-tests / net_ipv6_autotest                       OK              0.40s
 75/119 DPDK:fast-tests / pcapng_autotest                         OK              7.06s
 76/119 DPDK:fast-tests / pdcp_autotest                           SKIP            0.07s   exit status 77
 77/119 DPDK:fast-tests / pdump_autotest                          OK              0.52s
 78/119 DPDK:fast-tests / per_lcore_autotest                      OK              0.50s
 79/119 DPDK:fast-tests / pflock_autotest                         OK              1.21s
 80/119 DPDK:fast-tests / pie_autotest                            OK              0.40s
 81/119 DPDK:fast-tests / ring_pmd_autotest                       OK              0.40s
 82/119 DPDK:fast-tests / power_autotest                          OK              0.39s
 83/119 DPDK:fast-tests / power_cpufreq_autotest                  SKIP            0.07s   exit status 77
 84/119 DPDK:fast-tests / power_intel_uncore_autotest             SKIP            0.39s   exit status 77
 85/119 DPDK:fast-tests / power_kvm_vm_autotest                   SKIP            0.07s   exit status 77
 86/119 DPDK:fast-tests / prefetch_autotest                       OK              0.39s
 87/119 DPDK:fast-tests / ptr_compress_autotest                   OK              0.40s
 88/119 DPDK:fast-tests / rawdev_autotest                         OK              0.40s
 89/119 DPDK:fast-tests / rcu_qsbr_autotest                       OK              0.92s
 90/119 DPDK:fast-tests / reorder_autotest                        OK              0.46s
 91/119 DPDK:fast-tests / rib_autotest                            OK              9.05s
 92/119 DPDK:fast-tests / rib6_autotest                           OK              9.04s
 93/119 DPDK:fast-tests / ring_autotest                           OK              0.43s
 94/119 DPDK:fast-tests / rwlock_test1_autotest                   OK              1.14s
 95/119 DPDK:fast-tests / rwlock_rda_autotest                     OK              5.40s
 96/119 DPDK:fast-tests / rwlock_rds_wrm_autotest                 OK              5.40s
 97/119 DPDK:fast-tests / rwlock_rde_wro_autotest                 OK              5.40s
 98/119 DPDK:fast-tests / sched_autotest                          OK              0.40s
 99/119 DPDK:fast-tests / security_autotest                       OK              0.07s
100/119 DPDK:fast-tests / seqlock_autotest                        OK              2.40s
101/119 DPDK:fast-tests / service_autotest                        OK              3.10s
102/119 DPDK:fast-tests / soring_autotest                         OK              0.40s
103/119 DPDK:fast-tests / spinlock_autotest                       OK              0.47s
104/119 DPDK:fast-tests / stack_autotest                          OK              0.87s
105/119 DPDK:fast-tests / stack_lf_autotest                       SKIP            0.06s   exit status 77
106/119 DPDK:fast-tests / string_autotest                         OK              0.39s
107/119 DPDK:fast-tests / table_autotest                          OK              7.76s
108/119 DPDK:fast-tests / tailq_autotest                          OK              0.39s
109/119 DPDK:fast-tests / telemetry_data_autotest                 OK              0.40s
110/119 DPDK:fast-tests / telemetry_json_autotest                 OK              0.40s
111/119 DPDK:fast-tests / thash_autotest                          OK              0.41s
112/119 DPDK:fast-tests / threads_autotest                        OK              0.58s
113/119 DPDK:fast-tests / ticketlock_autotest                     OK              0.55s
114/119 DPDK:fast-tests / timer_autotest                          OK              3.87s
115/119 DPDK:fast-tests / trace_autotest                          OK              0.39s
116/119 DPDK:fast-tests / trace_autotest_with_traces              OK              0.40s
117/119 DPDK:fast-tests / vdev_autotest                           OK              0.39s
118/119 DPDK:fast-tests / version_autotest                        OK              0.40s
119/119 DPDK:fast-tests / telemetry_all                           OK              1.32s


Ok:                 112
Expected Fail:      0
Fail:               0
Unexpected Pass:    0
Skipped:            7
Timeout:            0


^ permalink raw reply	[flat|nested] 25+ messages in thread

* |SUCCESS| pw153662 [PATCH 40/40] crypto/cnxk: copy 8B iv into sess in aes ctr
       [not found] <20250523135111.2178408-41-ktejasree@marvell.com>
  2025-05-23 13:24 ` |SUCCESS| pw153626-153662 [PATCH 40/40] crypto/cnxk: copy 8B iv into sess in aes ctr qemudev
  2025-05-23 13:29 ` qemudev
@ 2025-05-23 13:59 ` checkpatch
  2025-05-23 14:34 ` |SUCCESS| pw153626-153662 [PATCH] [40/40] crypto/cnxk: copy 8B iv in dpdklab
                   ` (21 subsequent siblings)
  24 siblings, 0 replies; 25+ messages in thread
From: checkpatch @ 2025-05-23 13:59 UTC (permalink / raw)
  To: test-report

Test-Label: checkpatch
Test-Status: SUCCESS
http://dpdk.org/patch/153662

_coding style OK_



^ permalink raw reply	[flat|nested] 25+ messages in thread

* |SUCCESS| pw153626-153662 [PATCH] [40/40] crypto/cnxk: copy 8B iv in
       [not found] <20250523135111.2178408-41-ktejasree@marvell.com>
                   ` (2 preceding siblings ...)
  2025-05-23 13:59 ` |SUCCESS| pw153662 " checkpatch
@ 2025-05-23 14:34 ` dpdklab
  2025-05-23 14:40 ` |PENDING| " dpdklab
                   ` (20 subsequent siblings)
  24 siblings, 0 replies; 25+ messages in thread
From: dpdklab @ 2025-05-23 14:34 UTC (permalink / raw)
  To: Test Report; +Cc: dpdk-test-reports

Test-Label: iol-marvell-Functional
Test-Status: SUCCESS
http://dpdk.org/patch/153662

_Functional Testing PASS_

Submitter: Tejasree Kondoj <ktejasree@marvell.com>
Date: Friday, May 23 2025 13:51:11 
DPDK git baseline: Repo:dpdk
  Branch: master
  CommitID:fc627d7065ba5100faa928cf2edfa1622846f542

153626-153662 --> functional testing pass

Upstream job id: Template-DTS-Pipeline#227358

Test environment and result as below:

Ubuntu 20.04.6
Kernel: 5.4.105
Compiler: gcc 9.4
NIC: Marvell CN106XX 50000 Mbps
Target: arm64-native-linuxapp-gcc

Aggregate Results by Test Suite
+----------------+--------+
|   Test Suite   | Result |
+================+========+
| cmdline        |  PASS  |
+----------------+--------+
| rxtx_callbacks |  PASS  |
+----------------+--------+


To view detailed results, visit:
https://lab.dpdk.org/results/dashboard/patchsets/33240/

UNH-IOL DPDK Community Lab

To manage your email subscriptions, visit: 
https://lab.dpdk.org/results/dashboard/preferences/subscriptions/

^ permalink raw reply	[flat|nested] 25+ messages in thread

* |PENDING| pw153626-153662 [PATCH] [40/40] crypto/cnxk: copy 8B iv in
       [not found] <20250523135111.2178408-41-ktejasree@marvell.com>
                   ` (3 preceding siblings ...)
  2025-05-23 14:34 ` |SUCCESS| pw153626-153662 [PATCH] [40/40] crypto/cnxk: copy 8B iv in dpdklab
@ 2025-05-23 14:40 ` dpdklab
  2025-05-23 14:44 ` dpdklab
                   ` (19 subsequent siblings)
  24 siblings, 0 replies; 25+ messages in thread
From: dpdklab @ 2025-05-23 14:40 UTC (permalink / raw)
  To: Test Report; +Cc: dpdk-test-reports

Test-Label: iol-unit-arm64-testing
Test-Status: PENDING
http://dpdk.org/patch/153662

_Testing pending_

Submitter: Tejasree Kondoj <ktejasree@marvell.com>
Date: Friday, May 23 2025 13:51:11 
DPDK git baseline: Repo:dpdk
  Branch: master
  CommitID:fc627d7065ba5100faa928cf2edfa1622846f542

153626-153662 --> testing pending

Upstream job id: Generic-Unit-Test-DPDK#340193

Test environment and result as below:

+-----------------------------+--------------+------------------------------+---------------------------+----------------+
|         Environment         | lpm_autotest | cryptodev_sw_snow3g_autotest | cryptodev_sw_zuc_autotest | dpdk_unit_test |
+=============================+==============+==============================+===========================+================+
| Ubuntu 20.04 ARM SVE        | PASS         | SKIPPED                      | SKIPPED                   | SKIPPED        |
+-----------------------------+--------------+------------------------------+---------------------------+----------------+
| Debian 12 (arm)             | SKIPPED      | PEND                         | PEND                      | PEND           |
+-----------------------------+--------------+------------------------------+---------------------------+----------------+
| Fedora 40 (ARM)             | SKIPPED      | SKIPPED                      | SKIPPED                   | PEND           |
+-----------------------------+--------------+------------------------------+---------------------------+----------------+
| CentOS Stream 9 (ARM)       | SKIPPED      | SKIPPED                      | SKIPPED                   | PEND           |
+-----------------------------+--------------+------------------------------+---------------------------+----------------+
| CentOS Stream 10 (ARM)      | SKIPPED      | SKIPPED                      | SKIPPED                   | PEND           |
+-----------------------------+--------------+------------------------------+---------------------------+----------------+
| Fedora 41 (ARM)             | SKIPPED      | SKIPPED                      | SKIPPED                   | PEND           |
+-----------------------------+--------------+------------------------------+---------------------------+----------------+
| Fedora 40 (ARM Clang)       | SKIPPED      | SKIPPED                      | SKIPPED                   | PEND           |
+-----------------------------+--------------+------------------------------+---------------------------+----------------+
| Fedora 41 (ARM Clang)       | SKIPPED      | SKIPPED                      | SKIPPED                   | PEND           |
+-----------------------------+--------------+------------------------------+---------------------------+----------------+
| Ubuntu 22.04 (ARM)          | SKIPPED      | SKIPPED                      | SKIPPED                   | PEND           |
+-----------------------------+--------------+------------------------------+---------------------------+----------------+
| RHEL9 (ARM)                 | SKIPPED      | SKIPPED                      | SKIPPED                   | PEND           |
+-----------------------------+--------------+------------------------------+---------------------------+----------------+
| Ubuntu 20.04 (ARM)          | SKIPPED      | SKIPPED                      | SKIPPED                   | PEND           |
+-----------------------------+--------------+------------------------------+---------------------------+----------------+
| Ubuntu 24.04 (ARM)          | SKIPPED      | SKIPPED                      | SKIPPED                   | PEND           |
+-----------------------------+--------------+------------------------------+---------------------------+----------------+
| 32-bit Ubuntu 22.04.4 (ARM) | SKIPPED      | SKIPPED                      | SKIPPED                   | PEND           |
+-----------------------------+--------------+------------------------------+---------------------------+----------------+


Ubuntu 20.04 ARM SVE
	Kernel: Depends on container host
	Compiler: gcc (Ubuntu 10.5.0-1ubuntu1~20.04) 10.5.0

Debian 12 (arm)
	Kernel: Depends on container host
	Compiler: gcc (Debian 12.2.0-14) 12.2.0

Fedora 40 (ARM)
	Kernel: Depends on container host
	Compiler: gcc 14.2.1 20240912 (Red Hat 14.2.1-3)

CentOS Stream 9 (ARM)
	Kernel: Depends on container host
	Compiler: gcc 11.5.0 20240719 (Red Hat 11.5.0-2)

CentOS Stream 10 (ARM)
	Kernel: Depends on container host
	Compiler: gcc 14.2.1 20241104 (Red Hat 14.2.1-6)

Fedora 41 (ARM)
	Kernel: Depends on container host
	Compiler: gcc 14.2.1 20240912 (Red Hat 14.2.1-3)

Fedora 40 (ARM Clang)
	Kernel: Depends on container host
	Compiler: clang 18.1.8 (Fedora 18.1.8-1.fc40)

Fedora 41 (ARM Clang)
	Kernel: Depends on container host
	Compiler: clang 19.1.5 (Fedora 19.1.5-1.fc41)

Ubuntu 22.04 (ARM)
	Kernel: Depends on container host
	Compiler: gcc (Ubuntu 11.4.0-1ubuntu1~22.04) 11.4.0

RHEL9 (ARM)
	Kernel: Depends on container host
	Compiler: gcc 11.5.0 20240719 (Red Hat 11.5.0-2)

Ubuntu 20.04 (ARM)
	Kernel: Depends on container host
	Compiler: gcc (Ubuntu 9.4.0-1ubuntu1~20.04.2) 9.4.0

Ubuntu 24.04 (ARM)
	Kernel: Depends on container host
	Compiler: gcc (Ubuntu 13.3.0-6ubuntu2~24.04) 13.3.0

32-bit Ubuntu 22.04.4 (ARM)
	Kernel: 5.15.83+ aarch64
	Compiler: gcc (Ubuntu 11.4.0-1ubuntu1~22.04) 11.4.0

To view detailed results, visit:
https://lab.dpdk.org/results/dashboard/patchsets/33240/

UNH-IOL DPDK Community Lab

To manage your email subscriptions, visit: 
https://lab.dpdk.org/results/dashboard/preferences/subscriptions/

^ permalink raw reply	[flat|nested] 25+ messages in thread

* |PENDING| pw153626-153662 [PATCH] [40/40] crypto/cnxk: copy 8B iv in
       [not found] <20250523135111.2178408-41-ktejasree@marvell.com>
                   ` (4 preceding siblings ...)
  2025-05-23 14:40 ` |PENDING| " dpdklab
@ 2025-05-23 14:44 ` dpdklab
  2025-05-23 14:46 ` |SUCCESS| " dpdklab
                   ` (18 subsequent siblings)
  24 siblings, 0 replies; 25+ messages in thread
From: dpdklab @ 2025-05-23 14:44 UTC (permalink / raw)
  To: Test Report; +Cc: dpdk-test-reports

Test-Label: iol-compile-arm64-testing
Test-Status: PENDING
http://dpdk.org/patch/153662

_Testing pending_

Submitter: Tejasree Kondoj <ktejasree@marvell.com>
Date: Friday, May 23 2025 13:51:11 
DPDK git baseline: Repo:dpdk
  Branch: master
  CommitID:fc627d7065ba5100faa928cf2edfa1622846f542

153626-153662 --> testing pending

Upstream job id: Generic-DPDK-Compile-Meson#390790

Test environment and result as below:

+------------------------------------+--------------------+
|            Environment             | dpdk_meson_compile |
+====================================+====================+
| RHEL9 (ARM)                        | PEND               |
+------------------------------------+--------------------+
| Ubuntu 20.04 ARM GCC Cross Compile | PEND               |
+------------------------------------+--------------------+
| Ubuntu 20.04 ARM SVE               | PASS               |
+------------------------------------+--------------------+
| Debian 12 with MUSDK               | PEND               |
+------------------------------------+--------------------+
| Fedora 40 (ARM)                    | PEND               |
+------------------------------------+--------------------+
| Fedora 40 (ARM Clang)              | PEND               |
+------------------------------------+--------------------+
| Fedora 41 (ARM)                    | PEND               |
+------------------------------------+--------------------+
| Fedora 41 (ARM Clang)              | PEND               |
+------------------------------------+--------------------+
| Ubuntu 20.04 (ARM)                 | PEND               |
+------------------------------------+--------------------+
| Ubuntu 22.04 (ARM)                 | PEND               |
+------------------------------------+--------------------+


RHEL9 (ARM)
	Kernel: Depends on container host
	Compiler: gcc 11.5.0 20240719 (Red Hat 11.5.0-2)

Ubuntu 20.04 ARM GCC Cross Compile
	Kernel: Depends on container host
	Compiler: aarch64-linux-gnu-gcc (Ubuntu 9.4.0-1ubuntu1~20.04.2) 9.4.0

Ubuntu 20.04 ARM SVE
	Kernel: Depends on container host
	Compiler: gcc (Ubuntu 10.5.0-1ubuntu1~20.04) 10.5.0

Debian 12 with MUSDK
	Kernel: Depends on container host
	Compiler: gcc (Debian 12.2.0-14) 12.2.0

Fedora 40 (ARM)
	Kernel: Depends on container host
	Compiler: gcc 14.2.1 20240912 (Red Hat 14.2.1-3)

Fedora 40 (ARM Clang)
	Kernel: Depends on container host
	Compiler: clang 18.1.8 (Fedora 18.1.8-1.fc40)

Fedora 41 (ARM)
	Kernel: Depends on container host
	Compiler: gcc 14.2.1 20240912 (Red Hat 14.2.1-3)

Fedora 41 (ARM Clang)
	Kernel: Depends on container host
	Compiler: clang 19.1.5 (Fedora 19.1.5-1.fc41)

Ubuntu 20.04 (ARM)
	Kernel: Depends on container host
	Compiler: gcc (Ubuntu 9.4.0-1ubuntu1~20.04.2) 9.4.0

Ubuntu 22.04 (ARM)
	Kernel: Depends on container host
	Compiler: gcc (Ubuntu 11.4.0-1ubuntu1~22.04) 11.4.0

To view detailed results, visit:
https://lab.dpdk.org/results/dashboard/patchsets/33240/

UNH-IOL DPDK Community Lab

To manage your email subscriptions, visit: 
https://lab.dpdk.org/results/dashboard/preferences/subscriptions/

^ permalink raw reply	[flat|nested] 25+ messages in thread

* |SUCCESS| pw153626-153662 [PATCH] [40/40] crypto/cnxk: copy 8B iv in
       [not found] <20250523135111.2178408-41-ktejasree@marvell.com>
                   ` (5 preceding siblings ...)
  2025-05-23 14:44 ` dpdklab
@ 2025-05-23 14:46 ` dpdklab
  2025-05-23 14:48 ` dpdklab
                   ` (17 subsequent siblings)
  24 siblings, 0 replies; 25+ messages in thread
From: dpdklab @ 2025-05-23 14:46 UTC (permalink / raw)
  To: Test Report; +Cc: dpdk-test-reports

Test-Label: iol-intel-Performance
Test-Status: SUCCESS
http://dpdk.org/patch/153662

_Performance Testing PASS_

Submitter: Tejasree Kondoj <ktejasree@marvell.com>
Date: Friday, May 23 2025 13:51:11 
DPDK git baseline: Repo:dpdk
  Branch: master
  CommitID:fc627d7065ba5100faa928cf2edfa1622846f542

153626-153662 --> performance testing pass

Upstream job id: Template-DTS-Pipeline#227350

Test environment and result as below:

22.04
Kernel: 5.15.0-94-generic
Compiler: gcc 11.4.0
NIC: Intel E810 100000 Mbps
Fail/Total: 0/2

Detail performance results: 
+------------+---------+----------+-------------+------------------------------+
| frame_size | txd/rxd | num_cpus | num_threads |  throughput difference from  |
|            |         |          |             |           expected           |
+============+=========+==========+=============+==============================+
| 64         | 512     | 1        | 1           | -0.2%                        |
+------------+---------+----------+-------------+------------------------------+
| 64         | 2048    | 1        | 1           | -0.7%                        |
+------------+---------+----------+-------------+------------------------------+

Ubuntu 22.04
Kernel: 5.15.0-131-generic
Compiler: gcc (Ubuntu 11.4.0-1ubuntu1~22.04) 11.4.0
NIC: Intel Corporation Ethernet Converged Network Adapter 82599ES 10000 Mbps
Fail/Total: 0/6

Detail performance results: 
+----------+-------------+---------+------------+------------------------------+
| num_cpus | num_threads | txd/rxd | frame_size |  throughput difference from  |
|          |             |         |            |           expected           |
+==========+=============+=========+============+==============================+
| 1        | 2           | 128     | 64         | -0.2%                        |
+----------+-------------+---------+------------+------------------------------+
| 1        | 2           | 512     | 64         | 0.1%                         |
+----------+-------------+---------+------------+------------------------------+
| 1        | 2           | 2048    | 64         | -0.3%                        |
+----------+-------------+---------+------------+------------------------------+
| 1        | 1           | 128     | 64         | -0.2%                        |
+----------+-------------+---------+------------+------------------------------+
| 1        | 1           | 512     | 64         | -0.1%                        |
+----------+-------------+---------+------------+------------------------------+
| 1        | 1           | 2048    | 64         | -0.2%                        |
+----------+-------------+---------+------------+------------------------------+

Ubuntu 20.04
Kernel: 5.4.0-122-generic
Compiler: gcc 9.4.0
NIC: Intel Corporation Ethernet Converged Network Adapter XL710-QDA2 40000 Mbps
Fail/Total: 0/4

Detail performance results: 
+----------+-------------+---------+------------+------------------------------+
| num_cpus | num_threads | txd/rxd | frame_size |  throughput difference from  |
|          |             |         |            |           expected           |
+==========+=============+=========+============+==============================+
| 1        | 2           | 512     | 64         | 0.6%                         |
+----------+-------------+---------+------------+------------------------------+
| 1        | 2           | 2048    | 64         | -0.1%                        |
+----------+-------------+---------+------------+------------------------------+
| 1        | 1           | 512     | 64         | 4.2%                         |
+----------+-------------+---------+------------+------------------------------+
| 1        | 1           | 2048    | 64         | -2.3%                        |
+----------+-------------+---------+------------+------------------------------+

Ubuntu 24.04
Kernel: 6.8.0-52-generic
Compiler: gcc 13.3.0
NIC: Intel E810 (Arm Grace Server) 100000 Mbps
Fail/Total: 0/2

Detail performance results: 
+------------+---------+----------+-------------+------------------------------+
| frame_size | txd/rxd | num_cpus | num_threads |  throughput difference from  |
|            |         |          |             |           expected           |
+============+=========+==========+=============+==============================+
| 64         | 512     | 1        | 1           | -0.7%                        |
+------------+---------+----------+-------------+------------------------------+
| 64         | 2048    | 1        | 1           | -0.3%                        |
+------------+---------+----------+-------------+------------------------------+

To view detailed results, visit:
https://lab.dpdk.org/results/dashboard/patchsets/33240/

UNH-IOL DPDK Community Lab

To manage your email subscriptions, visit: 
https://lab.dpdk.org/results/dashboard/preferences/subscriptions/

^ permalink raw reply	[flat|nested] 25+ messages in thread

* |SUCCESS| pw153626-153662 [PATCH] [40/40] crypto/cnxk: copy 8B iv in
       [not found] <20250523135111.2178408-41-ktejasree@marvell.com>
                   ` (6 preceding siblings ...)
  2025-05-23 14:46 ` |SUCCESS| " dpdklab
@ 2025-05-23 14:48 ` dpdklab
  2025-05-23 14:48 ` |PENDING| " dpdklab
                   ` (16 subsequent siblings)
  24 siblings, 0 replies; 25+ messages in thread
From: dpdklab @ 2025-05-23 14:48 UTC (permalink / raw)
  To: Ali Alnubani, Test Report; +Cc: dpdk-test-reports

Test-Label: iol-mellanox-Performance
Test-Status: SUCCESS
http://dpdk.org/patch/153662

_Performance Testing PASS_

Submitter: Tejasree Kondoj <ktejasree@marvell.com>
Date: Friday, May 23 2025 13:51:11 
DPDK git baseline: Repo:dpdk
  Branch: master
  CommitID:fc627d7065ba5100faa928cf2edfa1622846f542

153626-153662 --> performance testing pass

Upstream job id: Template-DTS-Pipeline#227347

Test environment and result as below:

Ubuntu 24.04
Kernel: 6.8.0-45-generic
Compiler: gcc 13.2.0
NIC: NVIDIA Mellanox ConnectX-7 100000 Mbps
Fail/Total: 0/6

Detail performance results: 
+------------+---------+----------+-------------+------------------------------+
| frame_size | txd/rxd | num_cpus | num_threads |  throughput difference from  |
|            |         |          |             |           expected           |
+============+=========+==========+=============+==============================+
| 64         | 1024    | 1        | 1           | 0.2%                         |
+------------+---------+----------+-------------+------------------------------+
| 128        | 1024    | 1        | 1           | -0.8%                        |
+------------+---------+----------+-------------+------------------------------+
| 256        | 1024    | 1        | 1           | 0.4%                         |
+------------+---------+----------+-------------+------------------------------+
| 512        | 1024    | 1        | 1           | 0.2%                         |
+------------+---------+----------+-------------+------------------------------+
| 1024       | 1024    | 1        | 1           | -0.1%                        |
+------------+---------+----------+-------------+------------------------------+
| 1518       | 1024    | 1        | 1           | -0.1%                        |
+------------+---------+----------+-------------+------------------------------+

Ubuntu 24.04
Kernel: 6.8.0-45-generic
Compiler: gcc 13.2.0
NIC: Mellanox ConnectX-6 Lx 25000 Mbps
Fail/Total: 0/6

Detail performance results: 
+------------+---------+----------+-------------+------------------------------+
| frame_size | txd/rxd | num_cpus | num_threads |  throughput difference from  |
|            |         |          |             |           expected           |
+============+=========+==========+=============+==============================+
| 64         | 1024    | 1        | 1           | 0.1%                         |
+------------+---------+----------+-------------+------------------------------+
| 128        | 1024    | 1        | 1           | -0.0%                        |
+------------+---------+----------+-------------+------------------------------+
| 256        | 1024    | 1        | 1           | 0.1%                         |
+------------+---------+----------+-------------+------------------------------+
| 512        | 1024    | 1        | 1           | -0.3%                        |
+------------+---------+----------+-------------+------------------------------+
| 1024       | 1024    | 1        | 1           | -0.3%                        |
+------------+---------+----------+-------------+------------------------------+
| 1518       | 1024    | 1        | 1           | -0.0%                        |
+------------+---------+----------+-------------+------------------------------+

To view detailed results, visit:
https://lab.dpdk.org/results/dashboard/patchsets/33240/

UNH-IOL DPDK Community Lab

To manage your email subscriptions, visit: 
https://lab.dpdk.org/results/dashboard/preferences/subscriptions/

^ permalink raw reply	[flat|nested] 25+ messages in thread

* |PENDING| pw153626-153662 [PATCH] [40/40] crypto/cnxk: copy 8B iv in
       [not found] <20250523135111.2178408-41-ktejasree@marvell.com>
                   ` (7 preceding siblings ...)
  2025-05-23 14:48 ` dpdklab
@ 2025-05-23 14:48 ` dpdklab
  2025-05-23 14:49 ` dpdklab
                   ` (15 subsequent siblings)
  24 siblings, 0 replies; 25+ messages in thread
From: dpdklab @ 2025-05-23 14:48 UTC (permalink / raw)
  To: Test Report; +Cc: dpdk-test-reports

Test-Label: iol-compile-amd64-testing
Test-Status: PENDING
http://dpdk.org/patch/153662

_Testing pending_

Submitter: Tejasree Kondoj <ktejasree@marvell.com>
Date: Friday, May 23 2025 13:51:11 
DPDK git baseline: Repo:dpdk
  Branch: master
  CommitID:fc627d7065ba5100faa928cf2edfa1622846f542

153626-153662 --> testing pending

Upstream job id: Windows-Compile-DPDK-Native#28585

Test environment and result as below:

+-----------------------------------+--------------------+-------------------+------------------+-------------------------+-------------------+
|            Environment            | dpdk_meson_compile | dpdk_compile_spdk | dpdk_compile_ovs | dpdk_llvm_clang_compile | dpdk_msvc_compile |
+===================================+====================+===================+==================+=========================+===================+
| CentOS Stream 9                   | PEND               | PEND              | SKIPPED          | SKIPPED                 | SKIPPED           |
+-----------------------------------+--------------------+-------------------+------------------+-------------------------+-------------------+
| CentOS Stream 10                  | PEND               | SKIPPED           | SKIPPED          | SKIPPED                 | SKIPPED           |
+-----------------------------------+--------------------+-------------------+------------------+-------------------------+-------------------+
| Fedora 40                         | PEND               | PEND              | SKIPPED          | SKIPPED                 | SKIPPED           |
+-----------------------------------+--------------------+-------------------+------------------+-------------------------+-------------------+
| Debian 12                         | PEND               | PEND              | SKIPPED          | SKIPPED                 | SKIPPED           |
+-----------------------------------+--------------------+-------------------+------------------+-------------------------+-------------------+
| Fedora 40 (Clang)                 | PEND               | PEND              | SKIPPED          | SKIPPED                 | SKIPPED           |
+-----------------------------------+--------------------+-------------------+------------------+-------------------------+-------------------+
| Fedora 41 (Clang)                 | PEND               | PEND              | PEND             | SKIPPED                 | SKIPPED           |
+-----------------------------------+--------------------+-------------------+------------------+-------------------------+-------------------+
| Fedora 41                         | PEND               | PEND              | PEND             | SKIPPED                 | SKIPPED           |
+-----------------------------------+--------------------+-------------------+------------------+-------------------------+-------------------+
| openSUSE Leap 15                  | PEND               | SKIPPED           | SKIPPED          | SKIPPED                 | SKIPPED           |
+-----------------------------------+--------------------+-------------------+------------------+-------------------------+-------------------+
| RHEL8                             | PEND               | SKIPPED           | SKIPPED          | SKIPPED                 | SKIPPED           |
+-----------------------------------+--------------------+-------------------+------------------+-------------------------+-------------------+
| RHEL9                             | PEND               | SKIPPED           | SKIPPED          | SKIPPED                 | SKIPPED           |
+-----------------------------------+--------------------+-------------------+------------------+-------------------------+-------------------+
| Ubuntu 20.04                      | PEND               | SKIPPED           | SKIPPED          | SKIPPED                 | SKIPPED           |
+-----------------------------------+--------------------+-------------------+------------------+-------------------------+-------------------+
| Ubuntu 22.04                      | PEND               | PEND              | SKIPPED          | SKIPPED                 | SKIPPED           |
+-----------------------------------+--------------------+-------------------+------------------+-------------------------+-------------------+
| Alpine                            | PEND               | SKIPPED           | SKIPPED          | SKIPPED                 | SKIPPED           |
+-----------------------------------+--------------------+-------------------+------------------+-------------------------+-------------------+
| Ubuntu 24.04 32 Bit Cross Compile | PEND               | SKIPPED           | SKIPPED          | SKIPPED                 | SKIPPED           |
+-----------------------------------+--------------------+-------------------+------------------+-------------------------+-------------------+
| FreeBSD 14.2                      | PEND               | SKIPPED           | SKIPPED          | SKIPPED                 | SKIPPED           |
+-----------------------------------+--------------------+-------------------+------------------+-------------------------+-------------------+
| Ubuntu 24.04                      | PEND               | PEND              | PEND             | SKIPPED                 | SKIPPED           |
+-----------------------------------+--------------------+-------------------+------------------+-------------------------+-------------------+
| Windows Server 2022               | SKIPPED            | SKIPPED           | SKIPPED          | PASS                    | PEND              |
+-----------------------------------+--------------------+-------------------+------------------+-------------------------+-------------------+


CentOS Stream 9
	Kernel: Depends on container host
	Compiler: gcc 11.5.0 20240719 (Red Hat 11.5.0-2)

CentOS Stream 10
	Kernel: Depends on container host
	Compiler: gcc 14.2.1 20241104 (Red Hat 14.2.1-6)

Fedora 40
	Kernel: Depends on container host
	Compiler: gcc 14.2.1 20240912 (Red Hat 14.2.1-3)

Debian 12
	Kernel: Depends on container host
	Compiler: gcc (Debian 12.2.0-14) 12.2.0

Fedora 40 (Clang)
	Kernel: Depends on container host
	Compiler: clang 18.1.8 (Fedora 18.1.8-1.fc40)

Fedora 41 (Clang)
	Kernel: Depends on container host
	Compiler: clang 19.1.5 (Fedora 19.1.5-1.fc41)

Fedora 41
	Kernel: Depends on container host
	Compiler: gcc 14.2.1 20240912 (Red Hat 14.2.1-3)

openSUSE Leap 15
	Kernel: Depends on container host
	Compiler: gcc (SUSE Linux) 7.5.0

RHEL8
	Kernel: Depends on container host
	Compiler: gcc 8.5.0 20210514 (Red Hat 8.5.0-22)

RHEL9
	Kernel: Depends on container host
	Compiler: gcc 11.5.0 20240719 (Red Hat 11.5.0-2)

Ubuntu 20.04
	Kernel: Depends on container host
	Compiler: gcc (Ubuntu 9.4.0-1ubuntu1~20.04.2) 9.4.0

Ubuntu 22.04
	Kernel: Depends on container host
	Compiler: gcc (Ubuntu 11.4.0-1ubuntu1~22.04) 11.4.0

Alpine
	Kernel: Depends on container host
	Compiler: gcc (Alpine 14.2.0) 14.2.0

Ubuntu 24.04 32 Bit Cross Compile
	Kernel: Depends on container host
	Compiler: gcc (Ubuntu 13.3.0-6ubuntu2~24.04) 13.3.0

FreeBSD 14.2
	Kernel: 14.2-RELEASE
	Compiler: clang 18.1.6

Ubuntu 24.04
	Kernel: Depends on container host
	Compiler: gcc (Ubuntu 13.3.0-6ubuntu2~24.04) 13.3.0

Windows Server 2022
	Kernel: 10.0.20348.2031
	Compiler: clang 15.0.7, gcc 14.1.0 (MinGW), and MSVC VS 19.39.33521

To view detailed results, visit:
https://lab.dpdk.org/results/dashboard/patchsets/33240/

UNH-IOL DPDK Community Lab

To manage your email subscriptions, visit: 
https://lab.dpdk.org/results/dashboard/preferences/subscriptions/

^ permalink raw reply	[flat|nested] 25+ messages in thread

* |PENDING| pw153626-153662 [PATCH] [40/40] crypto/cnxk: copy 8B iv in
       [not found] <20250523135111.2178408-41-ktejasree@marvell.com>
                   ` (8 preceding siblings ...)
  2025-05-23 14:48 ` |PENDING| " dpdklab
@ 2025-05-23 14:49 ` dpdklab
  2025-05-23 14:50 ` |SUCCESS| " dpdklab
                   ` (14 subsequent siblings)
  24 siblings, 0 replies; 25+ messages in thread
From: dpdklab @ 2025-05-23 14:49 UTC (permalink / raw)
  To: Test Report; +Cc: dpdk-test-reports

Test-Label: iol-unit-amd64-testing
Test-Status: PENDING
http://dpdk.org/patch/153662

_Testing pending_

Submitter: Tejasree Kondoj <ktejasree@marvell.com>
Date: Friday, May 23 2025 13:51:11 
DPDK git baseline: Repo:dpdk
  Branch: master
  CommitID:fc627d7065ba5100faa928cf2edfa1622846f542

153626-153662 --> testing pending

Upstream job id: Generic-Unit-Test-DPDK#340211

Test environment and result as below:

+---------------------+----------------+
|     Environment     | dpdk_unit_test |
+=====================+================+
| CentOS Stream 10    | PEND           |
+---------------------+----------------+
| Fedora 40           | PEND           |
+---------------------+----------------+
| CentOS Stream 9     | PEND           |
+---------------------+----------------+
| RHEL9               | PASS           |
+---------------------+----------------+
| Debian 12           | PEND           |
+---------------------+----------------+
| Fedora 41           | PEND           |
+---------------------+----------------+
| Fedora 41 (Clang)   | PEND           |
+---------------------+----------------+
| Fedora 40 (Clang)   | PEND           |
+---------------------+----------------+
| Ubuntu 22.04        | PEND           |
+---------------------+----------------+
| RHEL8               | PEND           |
+---------------------+----------------+
| Ubuntu 20.04        | PEND           |
+---------------------+----------------+
| Ubuntu 24.04        | PEND           |
+---------------------+----------------+
| Windows Server 2022 | PEND           |
+---------------------+----------------+


CentOS Stream 10
	Kernel: Depends on container host
	Compiler: gcc 14.2.1 20241104 (Red Hat 14.2.1-6)

Fedora 40
	Kernel: Depends on container host
	Compiler: gcc 14.2.1 20240912 (Red Hat 14.2.1-3)

CentOS Stream 9
	Kernel: Depends on container host
	Compiler: gcc 11.5.0 20240719 (Red Hat 11.5.0-2)

RHEL9
	Kernel: Depends on container host
	Compiler: gcc 11.5.0 20240719 (Red Hat 11.5.0-2)

Debian 12
	Kernel: Depends on container host
	Compiler: gcc (Debian 12.2.0-14) 12.2.0

Fedora 41
	Kernel: Depends on container host
	Compiler: gcc 14.2.1 20240912 (Red Hat 14.2.1-3)

Fedora 41 (Clang)
	Kernel: Depends on container host
	Compiler: clang 19.1.5 (Fedora 19.1.5-1.fc41)

Fedora 40 (Clang)
	Kernel: Depends on container host
	Compiler: clang 18.1.8 (Fedora 18.1.8-1.fc40)

Ubuntu 22.04
	Kernel: Depends on container host
	Compiler: gcc (Ubuntu 11.4.0-1ubuntu1~22.04) 11.4.0

RHEL8
	Kernel: Depends on container host
	Compiler: gcc 8.5.0 20210514 (Red Hat 8.5.0-22)

Ubuntu 20.04
	Kernel: Depends on container host
	Compiler: gcc (Ubuntu 9.4.0-1ubuntu1~20.04.2) 9.4.0

Ubuntu 24.04
	Kernel: Depends on container host
	Compiler: gcc (Ubuntu 13.3.0-6ubuntu2~24.04) 13.3.0

Windows Server 2022
	Kernel: 10.0.20348.2031
	Compiler: clang 15.0.7, gcc 14.1.0 (MinGW), and MSVC VS 19.39.33521

To view detailed results, visit:
https://lab.dpdk.org/results/dashboard/patchsets/33240/

UNH-IOL DPDK Community Lab

To manage your email subscriptions, visit: 
https://lab.dpdk.org/results/dashboard/preferences/subscriptions/

^ permalink raw reply	[flat|nested] 25+ messages in thread

* |SUCCESS| pw153626-153662 [PATCH] [40/40] crypto/cnxk: copy 8B iv in
       [not found] <20250523135111.2178408-41-ktejasree@marvell.com>
                   ` (9 preceding siblings ...)
  2025-05-23 14:49 ` dpdklab
@ 2025-05-23 14:50 ` dpdklab
  2025-05-23 15:00 ` dpdklab
                   ` (13 subsequent siblings)
  24 siblings, 0 replies; 25+ messages in thread
From: dpdklab @ 2025-05-23 14:50 UTC (permalink / raw)
  To: Test Report; +Cc: dpdk-test-reports

Test-Label: iol-intel-Functional
Test-Status: SUCCESS
http://dpdk.org/patch/153662

_Functional Testing PASS_

Submitter: Tejasree Kondoj <ktejasree@marvell.com>
Date: Friday, May 23 2025 13:51:11 
DPDK git baseline: Repo:dpdk
  Branch: master
  CommitID:fc627d7065ba5100faa928cf2edfa1622846f542

153626-153662 --> functional testing pass

Upstream job id: Template-DTS-Pipeline#227354

Test environment and result as below:

Ubuntu 20.04
Kernel: 5.4.0-122-generic
Compiler: gcc 9.4.0
NIC: Intel Corporation Ethernet Converged Network Adapter XL710-QDA2 40000 Mbps

Aggregate Results by Test Suite
+-----------------------------+--------+
|         Test Suite          | Result |
+=============================+========+
| unit_tests_mbuf             |  PASS  |
+-----------------------------+--------+
| vhost_virtio_user_interrupt |  PASS  |
+-----------------------------+--------+
| virtio_smoke                |  PASS  |
+-----------------------------+--------+


To view detailed results, visit:
https://lab.dpdk.org/results/dashboard/patchsets/33240/

UNH-IOL DPDK Community Lab

To manage your email subscriptions, visit: 
https://lab.dpdk.org/results/dashboard/preferences/subscriptions/

^ permalink raw reply	[flat|nested] 25+ messages in thread

* |SUCCESS| pw153626-153662 [PATCH] [40/40] crypto/cnxk: copy 8B iv in
       [not found] <20250523135111.2178408-41-ktejasree@marvell.com>
                   ` (10 preceding siblings ...)
  2025-05-23 14:50 ` |SUCCESS| " dpdklab
@ 2025-05-23 15:00 ` dpdklab
  2025-05-23 15:01 ` |PENDING| " dpdklab
                   ` (12 subsequent siblings)
  24 siblings, 0 replies; 25+ messages in thread
From: dpdklab @ 2025-05-23 15:00 UTC (permalink / raw)
  To: Test Report; +Cc: dpdk-test-reports

Test-Label: iol-intel-Functional
Test-Status: SUCCESS
http://dpdk.org/patch/153662

_Functional Testing PASS_

Submitter: Tejasree Kondoj <ktejasree@marvell.com>
Date: Friday, May 23 2025 13:51:11 
DPDK git baseline: Repo:dpdk
  Branch: master
  CommitID:fc627d7065ba5100faa928cf2edfa1622846f542

153626-153662 --> functional testing pass

Upstream job id: Template-DTS-Pipeline#227355

Test environment and result as below:

Ubuntu 20.04
Kernel: 5.4.0-122-generic
Compiler: gcc 9.4.0
NIC: Intel Corporation Ethernet Converged Network Adapter XL710-QDA2 40000 Mbps

Aggregate Results by Test Suite
+-----------------------------+--------+
|         Test Suite          | Result |
+=============================+========+
| unit_tests_mbuf             |  PASS  |
+-----------------------------+--------+
| vhost_virtio_user_interrupt |  PASS  |
+-----------------------------+--------+
| virtio_smoke                |  PASS  |
+-----------------------------+--------+


Ubuntu 22.04
Kernel: 5.15.0-131-generic
Compiler: gcc (Ubuntu 11.4.0-1ubuntu1~22.04) 11.4.0
NIC: Intel Corporation Ethernet Converged Network Adapter 82599ES 10000 Mbps

Aggregate Results by Test Suite
+-----------------------------+--------+
|         Test Suite          | Result |
+=============================+========+
| unit_tests_mbuf             |  PASS  |
+-----------------------------+--------+
| vhost_virtio_user_interrupt |  PASS  |
+-----------------------------+--------+
| virtio_smoke                |  PASS  |
+-----------------------------+--------+


To view detailed results, visit:
https://lab.dpdk.org/results/dashboard/patchsets/33240/

UNH-IOL DPDK Community Lab

To manage your email subscriptions, visit: 
https://lab.dpdk.org/results/dashboard/preferences/subscriptions/

^ permalink raw reply	[flat|nested] 25+ messages in thread

* |PENDING| pw153626-153662 [PATCH] [40/40] crypto/cnxk: copy 8B iv in
       [not found] <20250523135111.2178408-41-ktejasree@marvell.com>
                   ` (11 preceding siblings ...)
  2025-05-23 15:00 ` dpdklab
@ 2025-05-23 15:01 ` dpdklab
  2025-05-23 15:03 ` |FAILURE| pw153662 [PATCH 40/40] crypto/cnxk: copy 8B iv into sess in aes ctr 0-day Robot
                   ` (11 subsequent siblings)
  24 siblings, 0 replies; 25+ messages in thread
From: dpdklab @ 2025-05-23 15:01 UTC (permalink / raw)
  To: Test Report; +Cc: dpdk-test-reports

Test-Label: iol-abi-testing
Test-Status: PENDING
http://dpdk.org/patch/153662

_Testing pending_

Submitter: Tejasree Kondoj <ktejasree@marvell.com>
Date: Friday, May 23 2025 13:51:11 
DPDK git baseline: Repo:dpdk
  Branch: master
  CommitID:fc627d7065ba5100faa928cf2edfa1622846f542

153626-153662 --> testing pending

Upstream job id: Generic-DPDK-Compile-ABI#127449

Test environment and result as below:

+-------------------+----------+
|    Environment    | abi_test |
+===================+==========+
| Fedora 40 (Clang) | PEND     |
+-------------------+----------+
| CentOS Stream 9   | PEND     |
+-------------------+----------+
| Debian 12         | PEND     |
+-------------------+----------+
| CentOS Stream 10  | PEND     |
+-------------------+----------+
| RHEL8             | PASS     |
+-------------------+----------+
| Fedora 41 (Clang) | PEND     |
+-------------------+----------+
| Fedora 40         | PEND     |
+-------------------+----------+
| Fedora 41         | PEND     |
+-------------------+----------+
| openSUSE Leap 15  | PEND     |
+-------------------+----------+
| Ubuntu 22.04      | PEND     |
+-------------------+----------+
| Ubuntu 24.04      | PEND     |
+-------------------+----------+
| RHEL9             | PEND     |
+-------------------+----------+


Fedora 40 (Clang)
	Kernel: Depends on container host
	Compiler: clang 18.1.8 (Fedora 18.1.8-1.fc40)

CentOS Stream 9
	Kernel: Depends on container host
	Compiler: gcc 11.5.0 20240719 (Red Hat 11.5.0-2)

Debian 12
	Kernel: Depends on container host
	Compiler: gcc (Debian 12.2.0-14) 12.2.0

CentOS Stream 10
	Kernel: Depends on container host
	Compiler: gcc 14.2.1 20241104 (Red Hat 14.2.1-6)

RHEL8
	Kernel: Depends on container host
	Compiler: gcc 8.5.0 20210514 (Red Hat 8.5.0-22)

Fedora 41 (Clang)
	Kernel: Depends on container host
	Compiler: clang 19.1.5 (Fedora 19.1.5-1.fc41)

Fedora 40
	Kernel: Depends on container host
	Compiler: gcc 14.2.1 20240912 (Red Hat 14.2.1-3)

Fedora 41
	Kernel: Depends on container host
	Compiler: gcc 14.2.1 20240912 (Red Hat 14.2.1-3)

openSUSE Leap 15
	Kernel: Depends on container host
	Compiler: gcc (SUSE Linux) 7.5.0

Ubuntu 22.04
	Kernel: Depends on container host
	Compiler: gcc (Ubuntu 11.4.0-1ubuntu1~22.04) 11.4.0

Ubuntu 24.04
	Kernel: Depends on container host
	Compiler: gcc (Ubuntu 13.3.0-6ubuntu2~24.04) 13.3.0

RHEL9
	Kernel: Depends on container host
	Compiler: gcc 11.5.0 20240719 (Red Hat 11.5.0-2)

To view detailed results, visit:
https://lab.dpdk.org/results/dashboard/patchsets/33240/

UNH-IOL DPDK Community Lab

To manage your email subscriptions, visit: 
https://lab.dpdk.org/results/dashboard/preferences/subscriptions/

^ permalink raw reply	[flat|nested] 25+ messages in thread

* |FAILURE| pw153662 [PATCH 40/40] crypto/cnxk: copy 8B iv into sess in aes ctr
       [not found] <20250523135111.2178408-41-ktejasree@marvell.com>
                   ` (12 preceding siblings ...)
  2025-05-23 15:01 ` |PENDING| " dpdklab
@ 2025-05-23 15:03 ` 0-day Robot
  2025-05-23 15:14 ` |SUCCESS| pw153626-153662 [PATCH] [40/40] crypto/cnxk: copy 8B iv in dpdklab
                   ` (10 subsequent siblings)
  24 siblings, 0 replies; 25+ messages in thread
From: 0-day Robot @ 2025-05-23 15:03 UTC (permalink / raw)
  To: test-report; +Cc: ktejasree, robot

From: robot@bytheb.org

Test-Label: github-robot: build
Test-Status: FAILURE
http://patchwork.dpdk.org/patch/153662/

_github build: failed_
Build URL: https://github.com/ovsrobot/dpdk/actions/runs/15212194583
Build Logs:
-----------------------Summary of failed steps-----------------------
"ubuntu-22.04-clang-stdatomic" failed at step Build and test
----------------------End summary of failed steps--------------------

-------------------------------BEGIN LOGS----------------------------
####################################################################################
#### [Begin job log] "ubuntu-22.04-clang-stdatomic" at step Build and test
####################################################################################
                        rte_atomic_load_explicit(&infl_req->res.u64[0], rte_memory_order_relaxed);
                        ^                        ~~~~~~~~~~~~~~~~~~~~~
../lib/eal/include/rte_stdatomic.h:69:2: note: expanded from macro 'rte_atomic_load_explicit'
        atomic_load_explicit(ptr, memorder)
        ^                    ~~~
/usr/lib/llvm-14/lib/clang/14.0.0/include/stdatomic.h:130:30: note: expanded from macro 'atomic_load_explicit'
#define atomic_load_explicit __c11_atomic_load
                             ^
../drivers/crypto/cnxk/cn20k_cryptodev_ops.c:980:15: error: address argument to atomic operation must be a pointer to _Atomic type ('uint64_t *' (aka 'unsigned long *') invalid)
        res.u64[0] = rte_atomic_load_explicit(&infl_req->res.u64[0], rte_memory_order_relaxed);
                     ^                        ~~~~~~~~~~~~~~~~~~~~~
../lib/eal/include/rte_stdatomic.h:69:2: note: expanded from macro 'rte_atomic_load_explicit'
        atomic_load_explicit(ptr, memorder)
        ^                    ~~~
/usr/lib/llvm-14/lib/clang/14.0.0/include/stdatomic.h:130:30: note: expanded from macro 'atomic_load_explicit'
#define atomic_load_explicit __c11_atomic_load
                             ^
8 errors generated.
[617/3552] Compiling C object drivers/libtmp_rte_crypto_cnxk.a.p/crypto_cnxk_cn20k_ipsec.c.o
[618/3552] Compiling C object drivers/libtmp_rte_crypto_cnxk.a.p/crypto_cnxk_cn20k_tls.c.o
[619/3552] Compiling C object drivers/libtmp_rte_crypto_cnxk.a.p/crypto_cnxk_cnxk_cryptodev.c.o
[620/3552] Compiling C object drivers/libtmp_rte_crypto_cnxk.a.p/crypto_cnxk_cn9k_cryptodev_ops.c.o
[621/3552] Compiling C object drivers/libtmp_rte_crypto_cnxk.a.p/crypto_cnxk_cn10k_cryptodev_ops.c.o
ninja: build stopped: subcommand failed.
##[error]Process completed with exit code 1.
####################################################################################
#### [End job log] "ubuntu-22.04-clang-stdatomic" at step Build and test
####################################################################################
--------------------------------END LOGS-----------------------------

^ permalink raw reply	[flat|nested] 25+ messages in thread

* |SUCCESS| pw153626-153662 [PATCH] [40/40] crypto/cnxk: copy 8B iv in
       [not found] <20250523135111.2178408-41-ktejasree@marvell.com>
                   ` (13 preceding siblings ...)
  2025-05-23 15:03 ` |FAILURE| pw153662 [PATCH 40/40] crypto/cnxk: copy 8B iv into sess in aes ctr 0-day Robot
@ 2025-05-23 15:14 ` dpdklab
  2025-05-23 15:28 ` |PENDING| " dpdklab
                   ` (9 subsequent siblings)
  24 siblings, 0 replies; 25+ messages in thread
From: dpdklab @ 2025-05-23 15:14 UTC (permalink / raw)
  To: Test Report; +Cc: dpdk-test-reports

Test-Label: iol-broadcom-Performance
Test-Status: SUCCESS
http://dpdk.org/patch/153662

_Performance Testing PASS_

Submitter: Tejasree Kondoj <ktejasree@marvell.com>
Date: Friday, May 23 2025 13:51:11 
DPDK git baseline: Repo:dpdk
  Branch: master
  CommitID:fc627d7065ba5100faa928cf2edfa1622846f542

153626-153662 --> performance testing pass

Upstream job id: Template-DTS-Pipeline#227352

Test environment and result as below:

Ubuntu 22.04
Kernel: 5.15.0-100-generic
Compiler: gcc (Ubuntu 11.4.0-1ubuntu1~22.04) 11.4.0
NIC: Broadcom Inc. and subsidiaries BCM57414 NetXtreme-E 10Gb/25Gb RDMA Ethernet Controller 16d7 25 Mbps
Fail/Total: 0/3

Detail performance results: 
+------------+---------+----------+-------------+------------------------------+
| frame_size | txd/rxd | num_cpus | num_threads |  throughput difference from  |
|            |         |          |             |           expected           |
+============+=========+==========+=============+==============================+
| 64         | 128     | 1        | 1           | 0.4%                         |
+------------+---------+----------+-------------+------------------------------+
| 64         | 512     | 1        | 1           | 1.3%                         |
+------------+---------+----------+-------------+------------------------------+
| 64         | 2048    | 1        | 1           | -0.7%                        |
+------------+---------+----------+-------------+------------------------------+

Ubuntu 22.04 ARM
Kernel: 5.15.83+
Compiler: gcc 11.4.0
NIC: Arm Broadcom Inc. brcm_57414 25000 Mbps
Fail/Total: 0/2

Detail performance results: 
+------------+---------+----------+-------------+------------------------------+
| frame_size | txd/rxd | num_cpus | num_threads |  throughput difference from  |
|            |         |          |             |           expected           |
+============+=========+==========+=============+==============================+
| 64         | 512     | 1        | 1           | 0.2%                         |
+------------+---------+----------+-------------+------------------------------+
| 64         | 2048    | 1        | 1           | 0.2%                         |
+------------+---------+----------+-------------+------------------------------+

To view detailed results, visit:
https://lab.dpdk.org/results/dashboard/patchsets/33240/

UNH-IOL DPDK Community Lab

To manage your email subscriptions, visit: 
https://lab.dpdk.org/results/dashboard/preferences/subscriptions/

^ permalink raw reply	[flat|nested] 25+ messages in thread

* |PENDING| pw153626-153662 [PATCH] [40/40] crypto/cnxk: copy 8B iv in
       [not found] <20250523135111.2178408-41-ktejasree@marvell.com>
                   ` (14 preceding siblings ...)
  2025-05-23 15:14 ` |SUCCESS| pw153626-153662 [PATCH] [40/40] crypto/cnxk: copy 8B iv in dpdklab
@ 2025-05-23 15:28 ` dpdklab
  2025-05-23 15:38 ` |SUCCESS| " dpdklab
                   ` (8 subsequent siblings)
  24 siblings, 0 replies; 25+ messages in thread
From: dpdklab @ 2025-05-23 15:28 UTC (permalink / raw)
  To: Test Report; +Cc: dpdk-test-reports

Test-Label: iol-sample-apps-testing
Test-Status: PENDING
http://dpdk.org/patch/153662

_Testing pending_

Submitter: Tejasree Kondoj <ktejasree@marvell.com>
Date: Friday, May 23 2025 13:51:11 
DPDK git baseline: Repo:dpdk
  Branch: master
  CommitID:fc627d7065ba5100faa928cf2edfa1622846f542

153626-153662 --> testing pending

Upstream job id: Template-DTS-Pipeline#227359

Test environment and result as below:

+--------------+----------------------+----------------------+
| Environment  | dpdk_fips_validation | compressdev_zlib_pmd |
+==============+======================+======================+
| Ubuntu 20.04 | PEND                 | SKIPPED              |
+--------------+----------------------+----------------------+
| Ubuntu 22.04 | SKIPPED              | PASS                 |
+--------------+----------------------+----------------------+


Ubuntu 20.04
	Kernel: Depends on container host
	Compiler: gcc (Ubuntu 9.4.0-1ubuntu1~20.04.2) 9.4.0

Ubuntu 22.04
	Kernel: 5.15.0-100-generic
	Compiler: gcc gcc (Ubuntu 11.4.0-1ubuntu1~22.04) 11.4.0

To view detailed results, visit:
https://lab.dpdk.org/results/dashboard/patchsets/33240/

UNH-IOL DPDK Community Lab

To manage your email subscriptions, visit: 
https://lab.dpdk.org/results/dashboard/preferences/subscriptions/

^ permalink raw reply	[flat|nested] 25+ messages in thread

* |SUCCESS| pw153626-153662 [PATCH] [40/40] crypto/cnxk: copy 8B iv in
       [not found] <20250523135111.2178408-41-ktejasree@marvell.com>
                   ` (15 preceding siblings ...)
  2025-05-23 15:28 ` |PENDING| " dpdklab
@ 2025-05-23 15:38 ` dpdklab
  2025-05-23 15:41 ` |WARNING| " dpdklab
                   ` (7 subsequent siblings)
  24 siblings, 0 replies; 25+ messages in thread
From: dpdklab @ 2025-05-23 15:38 UTC (permalink / raw)
  To: Test Report; +Cc: dpdk-test-reports

Test-Label: iol-intel-Functional
Test-Status: SUCCESS
http://dpdk.org/patch/153662

_Functional Testing PASS_

Submitter: Tejasree Kondoj <ktejasree@marvell.com>
Date: Friday, May 23 2025 13:51:11 
DPDK git baseline: Repo:dpdk
  Branch: master
  CommitID:fc627d7065ba5100faa928cf2edfa1622846f542

153626-153662 --> functional testing pass

Upstream job id: Template-DTS-Pipeline#227357

Test environment and result as below:

Ubuntu 20.04
Kernel: 5.4.0-122-generic
Compiler: gcc 9.4.0
NIC: Intel Corporation Ethernet Converged Network Adapter XL710-QDA2 40000 Mbps

Aggregate Results by Test Suite
+-----------------------------+--------+
|         Test Suite          | Result |
+=============================+========+
| unit_tests_mbuf             |  PASS  |
+-----------------------------+--------+
| vhost_virtio_user_interrupt |  PASS  |
+-----------------------------+--------+
| virtio_smoke                |  PASS  |
+-----------------------------+--------+


Ubuntu 22.04
Kernel: 5.15.0-131-generic
Compiler: gcc (Ubuntu 11.4.0-1ubuntu1~22.04) 11.4.0
NIC: Intel Corporation Ethernet Converged Network Adapter 82599ES 10000 Mbps

Aggregate Results by Test Suite
+-----------------------------+--------+
|         Test Suite          | Result |
+=============================+========+
| unit_tests_mbuf             |  PASS  |
+-----------------------------+--------+
| vhost_virtio_user_interrupt |  PASS  |
+-----------------------------+--------+
| virtio_smoke                |  PASS  |
+-----------------------------+--------+


Arm Ampere Altra - Ubuntu 22.04
Kernel: 5.15.83+
Compiler: gcc 11.4
NIC: Intel Corporation QAT 8970 0 Mbps

Aggregate Results by Test Suite
+----------------------------+--------+
|         Test Suite         | Result |
+============================+========+
| crypto_perf_cryptodev_perf |  PASS  |
+----------------------------+--------+


To view detailed results, visit:
https://lab.dpdk.org/results/dashboard/patchsets/33240/

UNH-IOL DPDK Community Lab

To manage your email subscriptions, visit: 
https://lab.dpdk.org/results/dashboard/preferences/subscriptions/

^ permalink raw reply	[flat|nested] 25+ messages in thread

* |WARNING| pw153626-153662 [PATCH] [40/40] crypto/cnxk: copy 8B iv in
       [not found] <20250523135111.2178408-41-ktejasree@marvell.com>
                   ` (16 preceding siblings ...)
  2025-05-23 15:38 ` |SUCCESS| " dpdklab
@ 2025-05-23 15:41 ` dpdklab
  2025-05-23 15:42 ` dpdklab
                   ` (6 subsequent siblings)
  24 siblings, 0 replies; 25+ messages in thread
From: dpdklab @ 2025-05-23 15:41 UTC (permalink / raw)
  To: Test Report; +Cc: dpdk-test-reports

Test-Label: iol-compile-amd64-testing
Test-Status: WARNING
http://dpdk.org/patch/153662

_Testing issues_

Submitter: Tejasree Kondoj <ktejasree@marvell.com>
Date: Friday, May 23 2025 13:51:11 
DPDK git baseline: Repo:dpdk
  Branch: master
  CommitID:fc627d7065ba5100faa928cf2edfa1622846f542

153626-153662 --> testing issues

Upstream job id: Generic-DPDK-Compile-Meson#390787

Test environment and result as below:

+-----------------------------------+--------------------+-------------------+------------------+-------------------------+-------------------+----------------------+
|            Environment            | dpdk_meson_compile | dpdk_compile_spdk | dpdk_compile_ovs | dpdk_llvm_clang_compile | dpdk_msvc_compile | dpdk_mingw64_compile |
+===================================+====================+===================+==================+=========================+===================+======================+
| CentOS Stream 9                   | PASS               | PASS              | SKIPPED          | SKIPPED                 | SKIPPED           | SKIPPED              |
+-----------------------------------+--------------------+-------------------+------------------+-------------------------+-------------------+----------------------+
| CentOS Stream 10                  | PASS               | SKIPPED           | SKIPPED          | SKIPPED                 | SKIPPED           | SKIPPED              |
+-----------------------------------+--------------------+-------------------+------------------+-------------------------+-------------------+----------------------+
| Fedora 40                         | PASS               | PASS              | SKIPPED          | SKIPPED                 | SKIPPED           | SKIPPED              |
+-----------------------------------+--------------------+-------------------+------------------+-------------------------+-------------------+----------------------+
| Debian 12                         | PEND               | PEND              | SKIPPED          | SKIPPED                 | SKIPPED           | SKIPPED              |
+-----------------------------------+--------------------+-------------------+------------------+-------------------------+-------------------+----------------------+
| Fedora 40 (Clang)                 | PASS               | WARN              | SKIPPED          | SKIPPED                 | SKIPPED           | SKIPPED              |
+-----------------------------------+--------------------+-------------------+------------------+-------------------------+-------------------+----------------------+
| Fedora 41 (Clang)                 | PEND               | PEND              | PEND             | SKIPPED                 | SKIPPED           | SKIPPED              |
+-----------------------------------+--------------------+-------------------+------------------+-------------------------+-------------------+----------------------+
| Fedora 41                         | PEND               | PEND              | PEND             | SKIPPED                 | SKIPPED           | SKIPPED              |
+-----------------------------------+--------------------+-------------------+------------------+-------------------------+-------------------+----------------------+
| openSUSE Leap 15                  | PASS               | SKIPPED           | SKIPPED          | SKIPPED                 | SKIPPED           | SKIPPED              |
+-----------------------------------+--------------------+-------------------+------------------+-------------------------+-------------------+----------------------+
| RHEL8                             | PASS               | SKIPPED           | SKIPPED          | SKIPPED                 | SKIPPED           | SKIPPED              |
+-----------------------------------+--------------------+-------------------+------------------+-------------------------+-------------------+----------------------+
| RHEL9                             | PASS               | SKIPPED           | SKIPPED          | SKIPPED                 | SKIPPED           | SKIPPED              |
+-----------------------------------+--------------------+-------------------+------------------+-------------------------+-------------------+----------------------+
| Ubuntu 20.04                      | PEND               | SKIPPED           | SKIPPED          | SKIPPED                 | SKIPPED           | SKIPPED              |
+-----------------------------------+--------------------+-------------------+------------------+-------------------------+-------------------+----------------------+
| Ubuntu 22.04                      | PEND               | PEND              | SKIPPED          | SKIPPED                 | SKIPPED           | SKIPPED              |
+-----------------------------------+--------------------+-------------------+------------------+-------------------------+-------------------+----------------------+
| Alpine                            | PASS               | SKIPPED           | SKIPPED          | SKIPPED                 | SKIPPED           | SKIPPED              |
+-----------------------------------+--------------------+-------------------+------------------+-------------------------+-------------------+----------------------+
| Ubuntu 24.04 32 Bit Cross Compile | PEND               | SKIPPED           | SKIPPED          | SKIPPED                 | SKIPPED           | SKIPPED              |
+-----------------------------------+--------------------+-------------------+------------------+-------------------------+-------------------+----------------------+
| FreeBSD 14.2                      | PASS               | SKIPPED           | SKIPPED          | SKIPPED                 | SKIPPED           | SKIPPED              |
+-----------------------------------+--------------------+-------------------+------------------+-------------------------+-------------------+----------------------+
| Ubuntu 24.04                      | PEND               | PEND              | PEND             | SKIPPED                 | SKIPPED           | SKIPPED              |
+-----------------------------------+--------------------+-------------------+------------------+-------------------------+-------------------+----------------------+
| Windows Server 2022               | SKIPPED            | SKIPPED           | SKIPPED          | PASS                    | PASS              | PASS                 |
+-----------------------------------+--------------------+-------------------+------------------+-------------------------+-------------------+----------------------+

==== 20 line log output for Fedora 40 (Clang) (dpdk_compile_spdk): ====
 --- Failed to get log output --- 
==== End log output ====

CentOS Stream 9
	Kernel: Depends on container host
	Compiler: gcc 11.5.0 20240719 (Red Hat 11.5.0-2)

CentOS Stream 10
	Kernel: Depends on container host
	Compiler: gcc 14.2.1 20241104 (Red Hat 14.2.1-6)

Fedora 40
	Kernel: Depends on container host
	Compiler: gcc 14.2.1 20240912 (Red Hat 14.2.1-3)

Debian 12
	Kernel: Depends on container host
	Compiler: gcc (Debian 12.2.0-14) 12.2.0

Fedora 40 (Clang)
	Kernel: Depends on container host
	Compiler: clang 18.1.8 (Fedora 18.1.8-1.fc40)

Fedora 41 (Clang)
	Kernel: Depends on container host
	Compiler: clang 19.1.5 (Fedora 19.1.5-1.fc41)

Fedora 41
	Kernel: Depends on container host
	Compiler: gcc 14.2.1 20240912 (Red Hat 14.2.1-3)

openSUSE Leap 15
	Kernel: Depends on container host
	Compiler: gcc (SUSE Linux) 7.5.0

RHEL8
	Kernel: Depends on container host
	Compiler: gcc 8.5.0 20210514 (Red Hat 8.5.0-22)

RHEL9
	Kernel: Depends on container host
	Compiler: gcc 11.5.0 20240719 (Red Hat 11.5.0-2)

Ubuntu 20.04
	Kernel: Depends on container host
	Compiler: gcc (Ubuntu 9.4.0-1ubuntu1~20.04.2) 9.4.0

Ubuntu 22.04
	Kernel: Depends on container host
	Compiler: gcc (Ubuntu 11.4.0-1ubuntu1~22.04) 11.4.0

Alpine
	Kernel: Depends on container host
	Compiler: gcc (Alpine 14.2.0) 14.2.0

Ubuntu 24.04 32 Bit Cross Compile
	Kernel: Depends on container host
	Compiler: gcc (Ubuntu 13.3.0-6ubuntu2~24.04) 13.3.0

FreeBSD 14.2
	Kernel: 14.2-RELEASE
	Compiler: clang 18.1.6

Ubuntu 24.04
	Kernel: Depends on container host
	Compiler: gcc (Ubuntu 13.3.0-6ubuntu2~24.04) 13.3.0

Windows Server 2022
	Kernel: 10.0.20348.2031
	Compiler: clang 15.0.7, gcc 14.1.0 (MinGW), and MSVC VS 19.39.33521

To view detailed results, visit:
https://lab.dpdk.org/results/dashboard/patchsets/33240/

UNH-IOL DPDK Community Lab

To manage your email subscriptions, visit: 
https://lab.dpdk.org/results/dashboard/preferences/subscriptions/

^ permalink raw reply	[flat|nested] 25+ messages in thread

* |WARNING| pw153626-153662 [PATCH] [40/40] crypto/cnxk: copy 8B iv in
       [not found] <20250523135111.2178408-41-ktejasree@marvell.com>
                   ` (17 preceding siblings ...)
  2025-05-23 15:41 ` |WARNING| " dpdklab
@ 2025-05-23 15:42 ` dpdklab
  2025-05-23 15:53 ` |SUCCESS| " dpdklab
                   ` (5 subsequent siblings)
  24 siblings, 0 replies; 25+ messages in thread
From: dpdklab @ 2025-05-23 15:42 UTC (permalink / raw)
  To: Test Report; +Cc: dpdk-test-reports

Test-Label: iol-compile-amd64-testing
Test-Status: WARNING
http://dpdk.org/patch/153662

_Testing issues_

Submitter: Tejasree Kondoj <ktejasree@marvell.com>
Date: Friday, May 23 2025 13:51:11 
DPDK git baseline: Repo:dpdk
  Branch: master
  CommitID:fc627d7065ba5100faa928cf2edfa1622846f542

153626-153662 --> testing issues

Upstream job id: Generic-DPDK-Compile-Meson#390776

Test environment and result as below:

+-----------------------------------+--------------------+-------------------+------------------+-------------------------+-------------------+----------------------+
|            Environment            | dpdk_meson_compile | dpdk_compile_spdk | dpdk_compile_ovs | dpdk_llvm_clang_compile | dpdk_msvc_compile | dpdk_mingw64_compile |
+===================================+====================+===================+==================+=========================+===================+======================+
| CentOS Stream 9                   | PASS               | PASS              | SKIPPED          | SKIPPED                 | SKIPPED           | SKIPPED              |
+-----------------------------------+--------------------+-------------------+------------------+-------------------------+-------------------+----------------------+
| CentOS Stream 10                  | PASS               | SKIPPED           | SKIPPED          | SKIPPED                 | SKIPPED           | SKIPPED              |
+-----------------------------------+--------------------+-------------------+------------------+-------------------------+-------------------+----------------------+
| Fedora 40                         | PASS               | PASS              | SKIPPED          | SKIPPED                 | SKIPPED           | SKIPPED              |
+-----------------------------------+--------------------+-------------------+------------------+-------------------------+-------------------+----------------------+
| Debian 12                         | PEND               | PEND              | SKIPPED          | SKIPPED                 | SKIPPED           | SKIPPED              |
+-----------------------------------+--------------------+-------------------+------------------+-------------------------+-------------------+----------------------+
| Fedora 40 (Clang)                 | PASS               | WARN              | SKIPPED          | SKIPPED                 | SKIPPED           | SKIPPED              |
+-----------------------------------+--------------------+-------------------+------------------+-------------------------+-------------------+----------------------+
| Fedora 41 (Clang)                 | PEND               | PEND              | PEND             | SKIPPED                 | SKIPPED           | SKIPPED              |
+-----------------------------------+--------------------+-------------------+------------------+-------------------------+-------------------+----------------------+
| Fedora 41                         | PEND               | PEND              | PEND             | SKIPPED                 | SKIPPED           | SKIPPED              |
+-----------------------------------+--------------------+-------------------+------------------+-------------------------+-------------------+----------------------+
| openSUSE Leap 15                  | PASS               | SKIPPED           | SKIPPED          | SKIPPED                 | SKIPPED           | SKIPPED              |
+-----------------------------------+--------------------+-------------------+------------------+-------------------------+-------------------+----------------------+
| RHEL8                             | PASS               | SKIPPED           | SKIPPED          | SKIPPED                 | SKIPPED           | SKIPPED              |
+-----------------------------------+--------------------+-------------------+------------------+-------------------------+-------------------+----------------------+
| RHEL9                             | PASS               | SKIPPED           | SKIPPED          | SKIPPED                 | SKIPPED           | SKIPPED              |
+-----------------------------------+--------------------+-------------------+------------------+-------------------------+-------------------+----------------------+
| Ubuntu 20.04                      | PEND               | SKIPPED           | SKIPPED          | SKIPPED                 | SKIPPED           | SKIPPED              |
+-----------------------------------+--------------------+-------------------+------------------+-------------------------+-------------------+----------------------+
| Ubuntu 22.04                      | PEND               | PEND              | SKIPPED          | SKIPPED                 | SKIPPED           | SKIPPED              |
+-----------------------------------+--------------------+-------------------+------------------+-------------------------+-------------------+----------------------+
| Alpine                            | PASS               | SKIPPED           | SKIPPED          | SKIPPED                 | SKIPPED           | SKIPPED              |
+-----------------------------------+--------------------+-------------------+------------------+-------------------------+-------------------+----------------------+
| Ubuntu 24.04 32 Bit Cross Compile | PEND               | SKIPPED           | SKIPPED          | SKIPPED                 | SKIPPED           | SKIPPED              |
+-----------------------------------+--------------------+-------------------+------------------+-------------------------+-------------------+----------------------+
| FreeBSD 14.2                      | PASS               | SKIPPED           | SKIPPED          | SKIPPED                 | SKIPPED           | SKIPPED              |
+-----------------------------------+--------------------+-------------------+------------------+-------------------------+-------------------+----------------------+
| Ubuntu 24.04                      | PEND               | PEND              | PEND             | SKIPPED                 | SKIPPED           | SKIPPED              |
+-----------------------------------+--------------------+-------------------+------------------+-------------------------+-------------------+----------------------+
| Windows Server 2022               | SKIPPED            | SKIPPED           | SKIPPED          | PASS                    | PASS              | PASS                 |
+-----------------------------------+--------------------+-------------------+------------------+-------------------------+-------------------+----------------------+

==== 20 line log output for Fedora 40 (Clang) (dpdk_compile_spdk): ====
 --- Failed to get log output --- 
==== End log output ====

CentOS Stream 9
	Kernel: Depends on container host
	Compiler: gcc 11.5.0 20240719 (Red Hat 11.5.0-2)

CentOS Stream 10
	Kernel: Depends on container host
	Compiler: gcc 14.2.1 20241104 (Red Hat 14.2.1-6)

Fedora 40
	Kernel: Depends on container host
	Compiler: gcc 14.2.1 20240912 (Red Hat 14.2.1-3)

Debian 12
	Kernel: Depends on container host
	Compiler: gcc (Debian 12.2.0-14) 12.2.0

Fedora 40 (Clang)
	Kernel: Depends on container host
	Compiler: clang 18.1.8 (Fedora 18.1.8-1.fc40)

Fedora 41 (Clang)
	Kernel: Depends on container host
	Compiler: clang 19.1.5 (Fedora 19.1.5-1.fc41)

Fedora 41
	Kernel: Depends on container host
	Compiler: gcc 14.2.1 20240912 (Red Hat 14.2.1-3)

openSUSE Leap 15
	Kernel: Depends on container host
	Compiler: gcc (SUSE Linux) 7.5.0

RHEL8
	Kernel: Depends on container host
	Compiler: gcc 8.5.0 20210514 (Red Hat 8.5.0-22)

RHEL9
	Kernel: Depends on container host
	Compiler: gcc 11.5.0 20240719 (Red Hat 11.5.0-2)

Ubuntu 20.04
	Kernel: Depends on container host
	Compiler: gcc (Ubuntu 9.4.0-1ubuntu1~20.04.2) 9.4.0

Ubuntu 22.04
	Kernel: Depends on container host
	Compiler: gcc (Ubuntu 11.4.0-1ubuntu1~22.04) 11.4.0

Alpine
	Kernel: Depends on container host
	Compiler: gcc (Alpine 14.2.0) 14.2.0

Ubuntu 24.04 32 Bit Cross Compile
	Kernel: Depends on container host
	Compiler: gcc (Ubuntu 13.3.0-6ubuntu2~24.04) 13.3.0

FreeBSD 14.2
	Kernel: 14.2-RELEASE
	Compiler: clang 18.1.6

Ubuntu 24.04
	Kernel: Depends on container host
	Compiler: gcc (Ubuntu 13.3.0-6ubuntu2~24.04) 13.3.0

Windows Server 2022
	Kernel: 10.0.20348.2031
	Compiler: clang 15.0.7, gcc 14.1.0 (MinGW), and MSVC VS 19.39.33521

To view detailed results, visit:
https://lab.dpdk.org/results/dashboard/patchsets/33240/

UNH-IOL DPDK Community Lab

To manage your email subscriptions, visit: 
https://lab.dpdk.org/results/dashboard/preferences/subscriptions/

^ permalink raw reply	[flat|nested] 25+ messages in thread

* |SUCCESS| pw153626-153662 [PATCH] [40/40] crypto/cnxk: copy 8B iv in
       [not found] <20250523135111.2178408-41-ktejasree@marvell.com>
                   ` (18 preceding siblings ...)
  2025-05-23 15:42 ` dpdklab
@ 2025-05-23 15:53 ` dpdklab
  2025-05-23 15:56 ` |WARNING| " dpdklab
                   ` (4 subsequent siblings)
  24 siblings, 0 replies; 25+ messages in thread
From: dpdklab @ 2025-05-23 15:53 UTC (permalink / raw)
  To: Test Report; +Cc: dpdk-test-reports

Test-Label: iol-abi-testing
Test-Status: SUCCESS
http://dpdk.org/patch/153662

_Testing PASS_

Submitter: Tejasree Kondoj <ktejasree@marvell.com>
Date: Friday, May 23 2025 13:51:11 
DPDK git baseline: Repo:dpdk
  Branch: master
  CommitID:fc627d7065ba5100faa928cf2edfa1622846f542

153626-153662 --> testing pass

Upstream job id: Generic-DPDK-Compile-ABI#127442

Test environment and result as below:

+-------------------+----------+
|    Environment    | abi_test |
+===================+==========+
| Fedora 40 (Clang) | PASS     |
+-------------------+----------+
| CentOS Stream 9   | PASS     |
+-------------------+----------+
| Debian 12         | PASS     |
+-------------------+----------+
| CentOS Stream 10  | PASS     |
+-------------------+----------+
| RHEL8             | PASS     |
+-------------------+----------+
| Fedora 41 (Clang) | PASS     |
+-------------------+----------+
| Fedora 40         | PASS     |
+-------------------+----------+
| Fedora 41         | PASS     |
+-------------------+----------+
| openSUSE Leap 15  | PASS     |
+-------------------+----------+
| Ubuntu 22.04      | PASS     |
+-------------------+----------+
| Ubuntu 24.04      | PASS     |
+-------------------+----------+
| RHEL9             | PASS     |
+-------------------+----------+


Fedora 40 (Clang)
	Kernel: Depends on container host
	Compiler: clang 18.1.8 (Fedora 18.1.8-1.fc40)

CentOS Stream 9
	Kernel: Depends on container host
	Compiler: gcc 11.5.0 20240719 (Red Hat 11.5.0-2)

Debian 12
	Kernel: Depends on container host
	Compiler: gcc (Debian 12.2.0-14) 12.2.0

CentOS Stream 10
	Kernel: Depends on container host
	Compiler: gcc 14.2.1 20241104 (Red Hat 14.2.1-6)

RHEL8
	Kernel: Depends on container host
	Compiler: gcc 8.5.0 20210514 (Red Hat 8.5.0-22)

Fedora 41 (Clang)
	Kernel: Depends on container host
	Compiler: clang 19.1.5 (Fedora 19.1.5-1.fc41)

Fedora 40
	Kernel: Depends on container host
	Compiler: gcc 14.2.1 20240912 (Red Hat 14.2.1-3)

Fedora 41
	Kernel: Depends on container host
	Compiler: gcc 14.2.1 20240912 (Red Hat 14.2.1-3)

openSUSE Leap 15
	Kernel: Depends on container host
	Compiler: gcc (SUSE Linux) 7.5.0

Ubuntu 22.04
	Kernel: Depends on container host
	Compiler: gcc (Ubuntu 11.4.0-1ubuntu1~22.04) 11.4.0

Ubuntu 24.04
	Kernel: Depends on container host
	Compiler: gcc (Ubuntu 13.3.0-6ubuntu2~24.04) 13.3.0

RHEL9
	Kernel: Depends on container host
	Compiler: gcc 11.5.0 20240719 (Red Hat 11.5.0-2)

To view detailed results, visit:
https://lab.dpdk.org/results/dashboard/patchsets/33240/

UNH-IOL DPDK Community Lab

To manage your email subscriptions, visit: 
https://lab.dpdk.org/results/dashboard/preferences/subscriptions/

^ permalink raw reply	[flat|nested] 25+ messages in thread

* |WARNING| pw153626-153662 [PATCH] [40/40] crypto/cnxk: copy 8B iv in
       [not found] <20250523135111.2178408-41-ktejasree@marvell.com>
                   ` (19 preceding siblings ...)
  2025-05-23 15:53 ` |SUCCESS| " dpdklab
@ 2025-05-23 15:56 ` dpdklab
  2025-05-23 15:56 ` |SUCCESS| " dpdklab
                   ` (3 subsequent siblings)
  24 siblings, 0 replies; 25+ messages in thread
From: dpdklab @ 2025-05-23 15:56 UTC (permalink / raw)
  To: Test Report; +Cc: dpdk-test-reports

Test-Label: iol-compile-amd64-testing
Test-Status: WARNING
http://dpdk.org/patch/153662

_Testing issues_

Submitter: Tejasree Kondoj <ktejasree@marvell.com>
Date: Friday, May 23 2025 13:51:11 
DPDK git baseline: Repo:dpdk
  Branch: master
  CommitID:fc627d7065ba5100faa928cf2edfa1622846f542

153626-153662 --> testing issues

Upstream job id: Generic-DPDK-Compile-Meson#390779

Test environment and result as below:

+-----------------------------------+--------------------+-------------------+------------------+-------------------------+-------------------+----------------------+
|            Environment            | dpdk_meson_compile | dpdk_compile_spdk | dpdk_compile_ovs | dpdk_llvm_clang_compile | dpdk_msvc_compile | dpdk_mingw64_compile |
+===================================+====================+===================+==================+=========================+===================+======================+
| CentOS Stream 9                   | PASS               | PASS              | SKIPPED          | SKIPPED                 | SKIPPED           | SKIPPED              |
+-----------------------------------+--------------------+-------------------+------------------+-------------------------+-------------------+----------------------+
| CentOS Stream 10                  | PASS               | SKIPPED           | SKIPPED          | SKIPPED                 | SKIPPED           | SKIPPED              |
+-----------------------------------+--------------------+-------------------+------------------+-------------------------+-------------------+----------------------+
| Fedora 40                         | PASS               | PASS              | SKIPPED          | SKIPPED                 | SKIPPED           | SKIPPED              |
+-----------------------------------+--------------------+-------------------+------------------+-------------------------+-------------------+----------------------+
| Debian 12                         | PASS               | PASS              | SKIPPED          | SKIPPED                 | SKIPPED           | SKIPPED              |
+-----------------------------------+--------------------+-------------------+------------------+-------------------------+-------------------+----------------------+
| Fedora 40 (Clang)                 | PASS               | WARN              | SKIPPED          | SKIPPED                 | SKIPPED           | SKIPPED              |
+-----------------------------------+--------------------+-------------------+------------------+-------------------------+-------------------+----------------------+
| Fedora 41 (Clang)                 | PASS               | WARN              | PASS             | SKIPPED                 | SKIPPED           | SKIPPED              |
+-----------------------------------+--------------------+-------------------+------------------+-------------------------+-------------------+----------------------+
| Fedora 41                         | PASS               | PASS              | PASS             | SKIPPED                 | SKIPPED           | SKIPPED              |
+-----------------------------------+--------------------+-------------------+------------------+-------------------------+-------------------+----------------------+
| openSUSE Leap 15                  | PASS               | SKIPPED           | SKIPPED          | SKIPPED                 | SKIPPED           | SKIPPED              |
+-----------------------------------+--------------------+-------------------+------------------+-------------------------+-------------------+----------------------+
| RHEL8                             | PASS               | SKIPPED           | SKIPPED          | SKIPPED                 | SKIPPED           | SKIPPED              |
+-----------------------------------+--------------------+-------------------+------------------+-------------------------+-------------------+----------------------+
| RHEL9                             | PASS               | SKIPPED           | SKIPPED          | SKIPPED                 | SKIPPED           | SKIPPED              |
+-----------------------------------+--------------------+-------------------+------------------+-------------------------+-------------------+----------------------+
| Ubuntu 20.04                      | PASS               | SKIPPED           | SKIPPED          | SKIPPED                 | SKIPPED           | SKIPPED              |
+-----------------------------------+--------------------+-------------------+------------------+-------------------------+-------------------+----------------------+
| Ubuntu 22.04                      | PASS               | PASS              | SKIPPED          | SKIPPED                 | SKIPPED           | SKIPPED              |
+-----------------------------------+--------------------+-------------------+------------------+-------------------------+-------------------+----------------------+
| Alpine                            | PASS               | SKIPPED           | SKIPPED          | SKIPPED                 | SKIPPED           | SKIPPED              |
+-----------------------------------+--------------------+-------------------+------------------+-------------------------+-------------------+----------------------+
| Ubuntu 24.04 32 Bit Cross Compile | PASS               | SKIPPED           | SKIPPED          | SKIPPED                 | SKIPPED           | SKIPPED              |
+-----------------------------------+--------------------+-------------------+------------------+-------------------------+-------------------+----------------------+
| FreeBSD 14.2                      | PASS               | SKIPPED           | SKIPPED          | SKIPPED                 | SKIPPED           | SKIPPED              |
+-----------------------------------+--------------------+-------------------+------------------+-------------------------+-------------------+----------------------+
| Ubuntu 24.04                      | PASS               | PASS              | PASS             | SKIPPED                 | SKIPPED           | SKIPPED              |
+-----------------------------------+--------------------+-------------------+------------------+-------------------------+-------------------+----------------------+
| Windows Server 2022               | SKIPPED            | SKIPPED           | SKIPPED          | PASS                    | PASS              | PASS                 |
+-----------------------------------+--------------------+-------------------+------------------+-------------------------+-------------------+----------------------+

==== 20 line log output for Fedora 41 (Clang) (dpdk_compile_spdk): ====
 --- Failed to get log output --- 
==== End log output ====

CentOS Stream 9
	Kernel: Depends on container host
	Compiler: gcc 11.5.0 20240719 (Red Hat 11.5.0-2)

CentOS Stream 10
	Kernel: Depends on container host
	Compiler: gcc 14.2.1 20241104 (Red Hat 14.2.1-6)

Fedora 40
	Kernel: Depends on container host
	Compiler: gcc 14.2.1 20240912 (Red Hat 14.2.1-3)

Debian 12
	Kernel: Depends on container host
	Compiler: gcc (Debian 12.2.0-14) 12.2.0

Fedora 40 (Clang)
	Kernel: Depends on container host
	Compiler: clang 18.1.8 (Fedora 18.1.8-1.fc40)

Fedora 41 (Clang)
	Kernel: Depends on container host
	Compiler: clang 19.1.5 (Fedora 19.1.5-1.fc41)

Fedora 41
	Kernel: Depends on container host
	Compiler: gcc 14.2.1 20240912 (Red Hat 14.2.1-3)

openSUSE Leap 15
	Kernel: Depends on container host
	Compiler: gcc (SUSE Linux) 7.5.0

RHEL8
	Kernel: Depends on container host
	Compiler: gcc 8.5.0 20210514 (Red Hat 8.5.0-22)

RHEL9
	Kernel: Depends on container host
	Compiler: gcc 11.5.0 20240719 (Red Hat 11.5.0-2)

Ubuntu 20.04
	Kernel: Depends on container host
	Compiler: gcc (Ubuntu 9.4.0-1ubuntu1~20.04.2) 9.4.0

Ubuntu 22.04
	Kernel: Depends on container host
	Compiler: gcc (Ubuntu 11.4.0-1ubuntu1~22.04) 11.4.0

Alpine
	Kernel: Depends on container host
	Compiler: gcc (Alpine 14.2.0) 14.2.0

Ubuntu 24.04 32 Bit Cross Compile
	Kernel: Depends on container host
	Compiler: gcc (Ubuntu 13.3.0-6ubuntu2~24.04) 13.3.0

FreeBSD 14.2
	Kernel: 14.2-RELEASE
	Compiler: clang 18.1.6

Ubuntu 24.04
	Kernel: Depends on container host
	Compiler: gcc (Ubuntu 13.3.0-6ubuntu2~24.04) 13.3.0

Windows Server 2022
	Kernel: 10.0.20348.2031
	Compiler: clang 15.0.7, gcc 14.1.0 (MinGW), and MSVC VS 19.39.33521

To view detailed results, visit:
https://lab.dpdk.org/results/dashboard/patchsets/33240/

UNH-IOL DPDK Community Lab

To manage your email subscriptions, visit: 
https://lab.dpdk.org/results/dashboard/preferences/subscriptions/

^ permalink raw reply	[flat|nested] 25+ messages in thread

* |SUCCESS| pw153626-153662 [PATCH] [40/40] crypto/cnxk: copy 8B iv in
       [not found] <20250523135111.2178408-41-ktejasree@marvell.com>
                   ` (20 preceding siblings ...)
  2025-05-23 15:56 ` |WARNING| " dpdklab
@ 2025-05-23 15:56 ` dpdklab
  2025-05-23 16:16 ` dpdklab
                   ` (2 subsequent siblings)
  24 siblings, 0 replies; 25+ messages in thread
From: dpdklab @ 2025-05-23 15:56 UTC (permalink / raw)
  To: Test Report; +Cc: dpdk-test-reports

Test-Label: iol-unit-amd64-testing
Test-Status: SUCCESS
http://dpdk.org/patch/153662

_Testing PASS_

Submitter: Tejasree Kondoj <ktejasree@marvell.com>
Date: Friday, May 23 2025 13:51:11 
DPDK git baseline: Repo:dpdk
  Branch: master
  CommitID:fc627d7065ba5100faa928cf2edfa1622846f542

153626-153662 --> testing pass

Upstream job id: Generic-Unit-Test-DPDK#340204

Test environment and result as below:

+---------------------+----------------+
|     Environment     | dpdk_unit_test |
+=====================+================+
| CentOS Stream 10    | PASS           |
+---------------------+----------------+
| Fedora 40           | PASS           |
+---------------------+----------------+
| CentOS Stream 9     | PASS           |
+---------------------+----------------+
| RHEL9               | PASS           |
+---------------------+----------------+
| Debian 12           | PASS           |
+---------------------+----------------+
| Fedora 41           | PASS           |
+---------------------+----------------+
| Fedora 41 (Clang)   | PASS           |
+---------------------+----------------+
| Fedora 40 (Clang)   | PASS           |
+---------------------+----------------+
| Ubuntu 22.04        | PASS           |
+---------------------+----------------+
| RHEL8               | PASS           |
+---------------------+----------------+
| Ubuntu 20.04        | PASS           |
+---------------------+----------------+
| Ubuntu 24.04        | PASS           |
+---------------------+----------------+
| Windows Server 2022 | PASS           |
+---------------------+----------------+


CentOS Stream 10
	Kernel: Depends on container host
	Compiler: gcc 14.2.1 20241104 (Red Hat 14.2.1-6)

Fedora 40
	Kernel: Depends on container host
	Compiler: gcc 14.2.1 20240912 (Red Hat 14.2.1-3)

CentOS Stream 9
	Kernel: Depends on container host
	Compiler: gcc 11.5.0 20240719 (Red Hat 11.5.0-2)

RHEL9
	Kernel: Depends on container host
	Compiler: gcc 11.5.0 20240719 (Red Hat 11.5.0-2)

Debian 12
	Kernel: Depends on container host
	Compiler: gcc (Debian 12.2.0-14) 12.2.0

Fedora 41
	Kernel: Depends on container host
	Compiler: gcc 14.2.1 20240912 (Red Hat 14.2.1-3)

Fedora 41 (Clang)
	Kernel: Depends on container host
	Compiler: clang 19.1.5 (Fedora 19.1.5-1.fc41)

Fedora 40 (Clang)
	Kernel: Depends on container host
	Compiler: clang 18.1.8 (Fedora 18.1.8-1.fc40)

Ubuntu 22.04
	Kernel: Depends on container host
	Compiler: gcc (Ubuntu 11.4.0-1ubuntu1~22.04) 11.4.0

RHEL8
	Kernel: Depends on container host
	Compiler: gcc 8.5.0 20210514 (Red Hat 8.5.0-22)

Ubuntu 20.04
	Kernel: Depends on container host
	Compiler: gcc (Ubuntu 9.4.0-1ubuntu1~20.04.2) 9.4.0

Ubuntu 24.04
	Kernel: Depends on container host
	Compiler: gcc (Ubuntu 13.3.0-6ubuntu2~24.04) 13.3.0

Windows Server 2022
	Kernel: 10.0.20348.2031
	Compiler: clang 15.0.7, gcc 14.1.0 (MinGW), and MSVC VS 19.39.33521

To view detailed results, visit:
https://lab.dpdk.org/results/dashboard/patchsets/33240/

UNH-IOL DPDK Community Lab

To manage your email subscriptions, visit: 
https://lab.dpdk.org/results/dashboard/preferences/subscriptions/

^ permalink raw reply	[flat|nested] 25+ messages in thread

* |SUCCESS| pw153626-153662 [PATCH] [40/40] crypto/cnxk: copy 8B iv in
       [not found] <20250523135111.2178408-41-ktejasree@marvell.com>
                   ` (21 preceding siblings ...)
  2025-05-23 15:56 ` |SUCCESS| " dpdklab
@ 2025-05-23 16:16 ` dpdklab
  2025-05-23 18:25 ` dpdklab
  2025-05-23 19:21 ` dpdklab
  24 siblings, 0 replies; 25+ messages in thread
From: dpdklab @ 2025-05-23 16:16 UTC (permalink / raw)
  To: Test Report; +Cc: dpdk-test-reports

Test-Label: iol-sample-apps-testing
Test-Status: SUCCESS
http://dpdk.org/patch/153662

_Testing PASS_

Submitter: Tejasree Kondoj <ktejasree@marvell.com>
Date: Friday, May 23 2025 13:51:11 
DPDK git baseline: Repo:dpdk
  Branch: master
  CommitID:fc627d7065ba5100faa928cf2edfa1622846f542

153626-153662 --> testing pass

Upstream job id: ACVP-FIPS-testing#9907

Test environment and result as below:

+--------------+----------------------+----------------------+
| Environment  | dpdk_fips_validation | compressdev_zlib_pmd |
+==============+======================+======================+
| Ubuntu 20.04 | PASS                 | SKIPPED              |
+--------------+----------------------+----------------------+
| Ubuntu 22.04 | SKIPPED              | PASS                 |
+--------------+----------------------+----------------------+


Ubuntu 20.04
	Kernel: Depends on container host
	Compiler: gcc (Ubuntu 9.4.0-1ubuntu1~20.04.2) 9.4.0

Ubuntu 22.04
	Kernel: 5.15.0-100-generic
	Compiler: gcc gcc (Ubuntu 11.4.0-1ubuntu1~22.04) 11.4.0

To view detailed results, visit:
https://lab.dpdk.org/results/dashboard/patchsets/33240/

UNH-IOL DPDK Community Lab

To manage your email subscriptions, visit: 
https://lab.dpdk.org/results/dashboard/preferences/subscriptions/

^ permalink raw reply	[flat|nested] 25+ messages in thread

* |SUCCESS| pw153626-153662 [PATCH] [40/40] crypto/cnxk: copy 8B iv in
       [not found] <20250523135111.2178408-41-ktejasree@marvell.com>
                   ` (22 preceding siblings ...)
  2025-05-23 16:16 ` dpdklab
@ 2025-05-23 18:25 ` dpdklab
  2025-05-23 19:21 ` dpdklab
  24 siblings, 0 replies; 25+ messages in thread
From: dpdklab @ 2025-05-23 18:25 UTC (permalink / raw)
  To: Test Report; +Cc: dpdk-test-reports

Test-Label: iol-unit-arm64-testing
Test-Status: SUCCESS
http://dpdk.org/patch/153662

_Testing PASS_

Submitter: Tejasree Kondoj <ktejasree@marvell.com>
Date: Friday, May 23 2025 13:51:11 
DPDK git baseline: Repo:dpdk
  Branch: master
  CommitID:fc627d7065ba5100faa928cf2edfa1622846f542

153626-153662 --> testing pass

Upstream job id: Generic-Unit-Test-DPDK#340214

Test environment and result as below:

+-----------------------------+--------------+------------------------------+---------------------------+----------------+
|         Environment         | lpm_autotest | cryptodev_sw_snow3g_autotest | cryptodev_sw_zuc_autotest | dpdk_unit_test |
+=============================+==============+==============================+===========================+================+
| Ubuntu 20.04 ARM SVE        | PASS         | SKIPPED                      | SKIPPED                   | SKIPPED        |
+-----------------------------+--------------+------------------------------+---------------------------+----------------+
| Debian 12 (arm)             | SKIPPED      | PASS                         | PASS                      | PASS           |
+-----------------------------+--------------+------------------------------+---------------------------+----------------+
| Fedora 40 (ARM)             | SKIPPED      | SKIPPED                      | SKIPPED                   | PASS           |
+-----------------------------+--------------+------------------------------+---------------------------+----------------+
| CentOS Stream 9 (ARM)       | SKIPPED      | SKIPPED                      | SKIPPED                   | PASS           |
+-----------------------------+--------------+------------------------------+---------------------------+----------------+
| CentOS Stream 10 (ARM)      | SKIPPED      | SKIPPED                      | SKIPPED                   | PASS           |
+-----------------------------+--------------+------------------------------+---------------------------+----------------+
| Fedora 41 (ARM)             | SKIPPED      | SKIPPED                      | SKIPPED                   | PASS           |
+-----------------------------+--------------+------------------------------+---------------------------+----------------+
| Fedora 40 (ARM Clang)       | SKIPPED      | SKIPPED                      | SKIPPED                   | PASS           |
+-----------------------------+--------------+------------------------------+---------------------------+----------------+
| Fedora 41 (ARM Clang)       | SKIPPED      | SKIPPED                      | SKIPPED                   | PASS           |
+-----------------------------+--------------+------------------------------+---------------------------+----------------+
| Ubuntu 22.04 (ARM)          | SKIPPED      | SKIPPED                      | SKIPPED                   | PASS           |
+-----------------------------+--------------+------------------------------+---------------------------+----------------+
| RHEL9 (ARM)                 | SKIPPED      | SKIPPED                      | SKIPPED                   | PASS           |
+-----------------------------+--------------+------------------------------+---------------------------+----------------+
| Ubuntu 20.04 (ARM)          | SKIPPED      | SKIPPED                      | SKIPPED                   | PASS           |
+-----------------------------+--------------+------------------------------+---------------------------+----------------+
| Ubuntu 24.04 (ARM)          | SKIPPED      | SKIPPED                      | SKIPPED                   | PASS           |
+-----------------------------+--------------+------------------------------+---------------------------+----------------+
| 32-bit Ubuntu 22.04.4 (ARM) | SKIPPED      | SKIPPED                      | SKIPPED                   | PASS           |
+-----------------------------+--------------+------------------------------+---------------------------+----------------+


Ubuntu 20.04 ARM SVE
	Kernel: Depends on container host
	Compiler: gcc (Ubuntu 10.5.0-1ubuntu1~20.04) 10.5.0

Debian 12 (arm)
	Kernel: Depends on container host
	Compiler: gcc (Debian 12.2.0-14) 12.2.0

Fedora 40 (ARM)
	Kernel: Depends on container host
	Compiler: gcc 14.2.1 20240912 (Red Hat 14.2.1-3)

CentOS Stream 9 (ARM)
	Kernel: Depends on container host
	Compiler: gcc 11.5.0 20240719 (Red Hat 11.5.0-2)

CentOS Stream 10 (ARM)
	Kernel: Depends on container host
	Compiler: gcc 14.2.1 20241104 (Red Hat 14.2.1-6)

Fedora 41 (ARM)
	Kernel: Depends on container host
	Compiler: gcc 14.2.1 20240912 (Red Hat 14.2.1-3)

Fedora 40 (ARM Clang)
	Kernel: Depends on container host
	Compiler: clang 18.1.8 (Fedora 18.1.8-1.fc40)

Fedora 41 (ARM Clang)
	Kernel: Depends on container host
	Compiler: clang 19.1.5 (Fedora 19.1.5-1.fc41)

Ubuntu 22.04 (ARM)
	Kernel: Depends on container host
	Compiler: gcc (Ubuntu 11.4.0-1ubuntu1~22.04) 11.4.0

RHEL9 (ARM)
	Kernel: Depends on container host
	Compiler: gcc 11.5.0 20240719 (Red Hat 11.5.0-2)

Ubuntu 20.04 (ARM)
	Kernel: Depends on container host
	Compiler: gcc (Ubuntu 9.4.0-1ubuntu1~20.04.2) 9.4.0

Ubuntu 24.04 (ARM)
	Kernel: Depends on container host
	Compiler: gcc (Ubuntu 13.3.0-6ubuntu2~24.04) 13.3.0

32-bit Ubuntu 22.04.4 (ARM)
	Kernel: 5.15.83+ aarch64
	Compiler: gcc (Ubuntu 11.4.0-1ubuntu1~22.04) 11.4.0

To view detailed results, visit:
https://lab.dpdk.org/results/dashboard/patchsets/33240/

UNH-IOL DPDK Community Lab

To manage your email subscriptions, visit: 
https://lab.dpdk.org/results/dashboard/preferences/subscriptions/

^ permalink raw reply	[flat|nested] 25+ messages in thread

* |SUCCESS| pw153626-153662 [PATCH] [40/40] crypto/cnxk: copy 8B iv in
       [not found] <20250523135111.2178408-41-ktejasree@marvell.com>
                   ` (23 preceding siblings ...)
  2025-05-23 18:25 ` dpdklab
@ 2025-05-23 19:21 ` dpdklab
  24 siblings, 0 replies; 25+ messages in thread
From: dpdklab @ 2025-05-23 19:21 UTC (permalink / raw)
  To: Test Report; +Cc: dpdk-test-reports

Test-Label: iol-compile-arm64-testing
Test-Status: SUCCESS
http://dpdk.org/patch/153662

_Testing PASS_

Submitter: Tejasree Kondoj <ktejasree@marvell.com>
Date: Friday, May 23 2025 13:51:11 
DPDK git baseline: Repo:dpdk
  Branch: master
  CommitID:fc627d7065ba5100faa928cf2edfa1622846f542

153626-153662 --> testing pass

Upstream job id: Generic-DPDK-Compile-Meson#390796

Test environment and result as below:

+----------------------------------------+--------------------+
|              Environment               | dpdk_meson_compile |
+========================================+====================+
| RHEL9 (ARM)                            | PASS               |
+----------------------------------------+--------------------+
| Ubuntu 20.04 ARM GCC Cross Compile     | PASS               |
+----------------------------------------+--------------------+
| Ubuntu 20.04 ARM SVE                   | PASS               |
+----------------------------------------+--------------------+
| Debian 12 with MUSDK                   | PASS               |
+----------------------------------------+--------------------+
| Fedora 40 (ARM)                        | PASS               |
+----------------------------------------+--------------------+
| Fedora 40 (ARM Clang)                  | PASS               |
+----------------------------------------+--------------------+
| Fedora 41 (ARM)                        | PASS               |
+----------------------------------------+--------------------+
| Fedora 41 (ARM Clang)                  | PASS               |
+----------------------------------------+--------------------+
| Ubuntu 20.04 (ARM)                     | PASS               |
+----------------------------------------+--------------------+
| Ubuntu 22.04 (ARM)                     | PASS               |
+----------------------------------------+--------------------+
| Ubuntu 24.04 (ARM)                     | PASS               |
+----------------------------------------+--------------------+
| CentOS Stream 9 (ARM)                  | PASS               |
+----------------------------------------+--------------------+
| CentOS Stream 10 (ARM)                 | PASS               |
+----------------------------------------+--------------------+
| Debian 12 (arm)                        | PASS               |
+----------------------------------------+--------------------+
| Ubuntu 20.04 ARM Clang Cross Compile   | PASS               |
+----------------------------------------+--------------------+
| Ubuntu 20.04 aarch32 GCC Cross Compile | PASS               |
+----------------------------------------+--------------------+


RHEL9 (ARM)
	Kernel: Depends on container host
	Compiler: gcc 11.5.0 20240719 (Red Hat 11.5.0-2)

Ubuntu 20.04 ARM GCC Cross Compile
	Kernel: Depends on container host
	Compiler: aarch64-linux-gnu-gcc (Ubuntu 9.4.0-1ubuntu1~20.04.2) 9.4.0

Ubuntu 20.04 ARM SVE
	Kernel: Depends on container host
	Compiler: gcc (Ubuntu 10.5.0-1ubuntu1~20.04) 10.5.0

Debian 12 with MUSDK
	Kernel: Depends on container host
	Compiler: gcc (Debian 12.2.0-14) 12.2.0

Fedora 40 (ARM)
	Kernel: Depends on container host
	Compiler: gcc 14.2.1 20240912 (Red Hat 14.2.1-3)

Fedora 40 (ARM Clang)
	Kernel: Depends on container host
	Compiler: clang 18.1.8 (Fedora 18.1.8-1.fc40)

Fedora 41 (ARM)
	Kernel: Depends on container host
	Compiler: gcc 14.2.1 20240912 (Red Hat 14.2.1-3)

Fedora 41 (ARM Clang)
	Kernel: Depends on container host
	Compiler: clang 19.1.5 (Fedora 19.1.5-1.fc41)

Ubuntu 20.04 (ARM)
	Kernel: Depends on container host
	Compiler: gcc (Ubuntu 9.4.0-1ubuntu1~20.04.2) 9.4.0

Ubuntu 22.04 (ARM)
	Kernel: Depends on container host
	Compiler: gcc (Ubuntu 11.4.0-1ubuntu1~22.04) 11.4.0

Ubuntu 24.04 (ARM)
	Kernel: Depends on container host
	Compiler: gcc (Ubuntu 13.3.0-6ubuntu2~24.04) 13.3.0

CentOS Stream 9 (ARM)
	Kernel: Depends on container host
	Compiler: gcc 11.5.0 20240719 (Red Hat 11.5.0-2)

CentOS Stream 10 (ARM)
	Kernel: Depends on container host
	Compiler: gcc 14.2.1 20241104 (Red Hat 14.2.1-6)

Debian 12 (arm)
	Kernel: Depends on container host
	Compiler: gcc (Debian 12.2.0-14) 12.2.0

Ubuntu 20.04 ARM Clang Cross Compile
	Kernel: Depends on container host
	Compiler: clang 10.0.0-4ubuntu1

Ubuntu 20.04 aarch32 GCC Cross Compile
	Kernel: Depends on container host
	Compiler: gcc 9.4.0

To view detailed results, visit:
https://lab.dpdk.org/results/dashboard/patchsets/33240/

UNH-IOL DPDK Community Lab

To manage your email subscriptions, visit: 
https://lab.dpdk.org/results/dashboard/preferences/subscriptions/

^ permalink raw reply	[flat|nested] 25+ messages in thread

end of thread, other threads:[~2025-05-23 19:21 UTC | newest]

Thread overview: 25+ messages (download: mbox.gz / follow: Atom feed)
-- links below jump to the message on this page --
     [not found] <20250523135111.2178408-41-ktejasree@marvell.com>
2025-05-23 13:24 ` |SUCCESS| pw153626-153662 [PATCH 40/40] crypto/cnxk: copy 8B iv into sess in aes ctr qemudev
2025-05-23 13:29 ` qemudev
2025-05-23 13:59 ` |SUCCESS| pw153662 " checkpatch
2025-05-23 14:34 ` |SUCCESS| pw153626-153662 [PATCH] [40/40] crypto/cnxk: copy 8B iv in dpdklab
2025-05-23 14:40 ` |PENDING| " dpdklab
2025-05-23 14:44 ` dpdklab
2025-05-23 14:46 ` |SUCCESS| " dpdklab
2025-05-23 14:48 ` dpdklab
2025-05-23 14:48 ` |PENDING| " dpdklab
2025-05-23 14:49 ` dpdklab
2025-05-23 14:50 ` |SUCCESS| " dpdklab
2025-05-23 15:00 ` dpdklab
2025-05-23 15:01 ` |PENDING| " dpdklab
2025-05-23 15:03 ` |FAILURE| pw153662 [PATCH 40/40] crypto/cnxk: copy 8B iv into sess in aes ctr 0-day Robot
2025-05-23 15:14 ` |SUCCESS| pw153626-153662 [PATCH] [40/40] crypto/cnxk: copy 8B iv in dpdklab
2025-05-23 15:28 ` |PENDING| " dpdklab
2025-05-23 15:38 ` |SUCCESS| " dpdklab
2025-05-23 15:41 ` |WARNING| " dpdklab
2025-05-23 15:42 ` dpdklab
2025-05-23 15:53 ` |SUCCESS| " dpdklab
2025-05-23 15:56 ` |WARNING| " dpdklab
2025-05-23 15:56 ` |SUCCESS| " dpdklab
2025-05-23 16:16 ` dpdklab
2025-05-23 18:25 ` dpdklab
2025-05-23 19:21 ` dpdklab

This is a public inbox, see mirroring instructions
for how to clone and mirror all data and code used for this inbox;
as well as URLs for NNTP newsgroup(s).