From: dpdklab@iol.unh.edu
To: Test Report <test-report@dpdk.org>
Cc: dpdk-test-reports@iol.unh.edu
Subject: |WARNING| pw153671-153675 [PATCH] [25.11,v3,5/5] eventdev: refactor
Date: Sat, 24 May 2025 02:54:47 -0700 (PDT) [thread overview]
Message-ID: <68319767.050a0220.36c76e.c729SMTPIN_ADDED_MISSING@mx.google.com> (raw)
In-Reply-To: <20250524091316.10056-6-pbhagavatula@marvell.com>
Test-Label: iol-abi-testing
Test-Status: WARNING
http://dpdk.org/patch/153675
_Testing issues_
Submitter: Pavan Nikhilesh Bhagavatula <pbhagavatula@marvell.com>
Date: Saturday, May 24 2025 09:13:15
DPDK git baseline: Repo:dpdk
Branch: master
CommitID:117e86c4b96ed761e9a7ab766261208fe81bf5ca
153671-153675 --> testing issues
Upstream job id: Generic-DPDK-Compile-ABI#127526
Test environment and result as below:
+-------------------+----------+
| Environment | abi_test |
+===================+==========+
| CentOS Stream 9 | FAIL |
+-------------------+----------+
| CentOS Stream 10 | PEND |
+-------------------+----------+
| Debian 12 | PEND |
+-------------------+----------+
| Fedora 40 (Clang) | PEND |
+-------------------+----------+
| Fedora 41 | PEND |
+-------------------+----------+
| Fedora 41 (Clang) | PEND |
+-------------------+----------+
| Fedora 40 | PEND |
+-------------------+----------+
| RHEL8 | PEND |
+-------------------+----------+
| openSUSE Leap 15 | PEND |
+-------------------+----------+
| RHEL9 | PEND |
+-------------------+----------+
| Ubuntu 22.04 | PEND |
+-------------------+----------+
| Ubuntu 24.04 | PEND |
+-------------------+----------+
==== 20 line log output for CentOS Stream 9 (abi_test): ====
1 data member change:
'uint16_t priority' offset changed from 32 to 16 (in bits) (by -16 bits)
Error: ABI issue reported for abidiff --suppr /root/workspace/Generic-DPDK-Compile-ABI/dpdk/devtools/libabigail.abignore --no-added-syms --headers-dir1 reference/usr/local/include --headers-dir2 build_install/usr/local/include reference/usr/local/lib64/librte_dmadev.so.25.0 build_install/usr/local/lib64/librte_dmadev.so.25.2
ABIDIFF_ABI_CHANGE, this change requires a review (abidiff flagged this as a potential issue).
Functions changes summary: 0 Removed, 0 Changed (24 filtered out), 0 Added functions
Variables changes summary: 0 Removed, 0 Changed (2 filtered out), 0 Added variables
Functions changes summary: 0 Removed, 0 Changed (5 filtered out), 0 Added functions
Variables changes summary: 0 Removed, 0 Changed, 0 Added variable
Functions changes summary: 0 Removed, 0 Changed (2 filtered out), 0 Added functions
Variables changes summary: 0 Removed, 0 Changed, 0 Added variable
Functions changes summary: 0 Removed, 0 Changed (7 filtered out), 0 Added functions
Variables changes summary: 0 Removed, 0 Changed, 0 Added variable
Functions changes summary: 0 Removed, 0 Changed (4 filtered out), 0 Added (1 filtered out) functions
Variables changes summary: 0 Removed, 0 Changed (1 filtered out), 0 Added variable
==== End log output ====
CentOS Stream 9
Kernel: Depends on container host
Compiler: gcc 11.5.0 20240719 (Red Hat 11.5.0-2)
CentOS Stream 10
Kernel: Depends on container host
Compiler: gcc 14.2.1 20241104 (Red Hat 14.2.1-6)
Debian 12
Kernel: Depends on container host
Compiler: gcc (Debian 12.2.0-14) 12.2.0
Fedora 40 (Clang)
Kernel: Depends on container host
Compiler: clang 18.1.8 (Fedora 18.1.8-1.fc40)
Fedora 41
Kernel: Depends on container host
Compiler: gcc 14.2.1 20240912 (Red Hat 14.2.1-3)
Fedora 41 (Clang)
Kernel: Depends on container host
Compiler: clang 19.1.5 (Fedora 19.1.5-1.fc41)
Fedora 40
Kernel: Depends on container host
Compiler: gcc 14.2.1 20240912 (Red Hat 14.2.1-3)
RHEL8
Kernel: Depends on container host
Compiler: gcc 8.5.0 20210514 (Red Hat 8.5.0-22)
openSUSE Leap 15
Kernel: Depends on container host
Compiler: gcc (SUSE Linux) 7.5.0
RHEL9
Kernel: Depends on container host
Compiler: gcc 11.5.0 20240719 (Red Hat 11.5.0-2)
Ubuntu 22.04
Kernel: Depends on container host
Compiler: gcc (Ubuntu 11.4.0-1ubuntu1~22.04) 11.4.0
Ubuntu 24.04
Kernel: Depends on container host
Compiler: gcc (Ubuntu 13.3.0-6ubuntu2~24.04) 13.3.0
To view detailed results, visit:
https://lab.dpdk.org/results/dashboard/patchsets/33243/
UNH-IOL DPDK Community Lab
To manage your email subscriptions, visit:
https://lab.dpdk.org/results/dashboard/preferences/subscriptions/
next prev parent reply other threads:[~2025-05-24 9:54 UTC|newest]
Thread overview: 21+ messages / expand[flat|nested] mbox.gz Atom feed top
[not found] <20250524091316.10056-6-pbhagavatula@marvell.com>
2025-05-24 8:39 ` |SUCCESS| pw153671-153675 [25.11 PATCH v3 5/5] eventdev: refactor DMA adapter ops qemudev
2025-05-24 8:44 ` qemudev
2025-05-24 9:14 ` |SUCCESS| pw153675 " checkpatch
2025-05-24 9:54 ` dpdklab [this message]
2025-05-24 9:56 ` |SUCCESS| pw153671-153675 [PATCH] [25.11,v3,5/5] eventdev: refactor dpdklab
2025-05-24 9:57 ` dpdklab
2025-05-24 10:03 ` |FAILURE| pw153675 [25.11 PATCH v3 5/5] eventdev: refactor DMA adapter ops 0-day Robot
2025-05-24 10:07 ` |PENDING| pw153671-153675 [PATCH] [25.11,v3,5/5] eventdev: refactor dpdklab
2025-05-24 10:11 ` |SUCCESS| " dpdklab
2025-05-24 10:19 ` dpdklab
2025-05-24 10:21 ` |PENDING| " dpdklab
2025-05-24 10:23 ` |SUCCESS| " dpdklab
2025-05-24 10:32 ` |PENDING| " dpdklab
2025-05-24 10:52 ` dpdklab
2025-05-24 10:53 ` dpdklab
2025-05-24 10:58 ` |WARNING| " dpdklab
2025-05-24 11:10 ` |SUCCESS| " dpdklab
2025-05-24 11:16 ` dpdklab
2025-05-24 11:30 ` |WARNING| " dpdklab
2025-05-24 12:54 ` |SUCCESS| " dpdklab
2025-05-24 14:23 ` dpdklab
Reply instructions:
You may reply publicly to this message via plain-text email
using any one of the following methods:
* Save the following mbox file, import it into your mail client,
and reply-to-all from there: mbox
Avoid top-posting and favor interleaved quoting:
https://en.wikipedia.org/wiki/Posting_style#Interleaved_style
* Reply using the --to, --cc, and --in-reply-to
switches of git-send-email(1):
git send-email \
--in-reply-to=68319767.050a0220.36c76e.c729SMTPIN_ADDED_MISSING@mx.google.com \
--to=dpdklab@iol.unh.edu \
--cc=dpdk-test-reports@iol.unh.edu \
--cc=test-report@dpdk.org \
/path/to/YOUR_REPLY
https://kernel.org/pub/software/scm/git/docs/git-send-email.html
* If your mail client supports setting the In-Reply-To header
via mailto: links, try the mailto: link
Be sure your reply has a Subject: header at the top and a blank line
before the message body.
This is a public inbox, see mirroring instructions
for how to clone and mirror all data and code used for this inbox;
as well as URLs for NNTP newsgroup(s).