From mboxrd@z Thu Jan 1 00:00:00 1970 Return-Path: Received: from mails.dpdk.org (mails.dpdk.org [217.70.189.124]) by inbox.dpdk.org (Postfix) with ESMTP id 7145B46834 for ; Fri, 30 May 2025 22:59:40 +0200 (CEST) Received: from mails.dpdk.org (localhost [127.0.0.1]) by mails.dpdk.org (Postfix) with ESMTP id 6B1014025A; Fri, 30 May 2025 22:59:40 +0200 (CEST) Received: from mail-il1-f225.google.com (mail-il1-f225.google.com [209.85.166.225]) by mails.dpdk.org (Postfix) with ESMTP id 467634025A for ; Fri, 30 May 2025 22:59:39 +0200 (CEST) Received: by mail-il1-f225.google.com with SMTP id e9e14a558f8ab-3da8e1259dfso18662235ab.3 for ; Fri, 30 May 2025 13:59:39 -0700 (PDT) DKIM-Signature: v=1; a=rsa-sha256; c=relaxed/relaxed; d=iol.unh.edu; s=unh-iol; t=1748638778; x=1749243578; darn=dpdk.org; h=references:in-reply-to:cc:to:from:subject:message-id:date:from:to :cc:subject:date:message-id:reply-to; bh=yu+wP5IWEDvlg4HSqcz06BBR66KkJxtcsgvofYSuSqU=; b=FoxJUvBzGqDpOu63jCLJouQM6ePQfeCibWYNiol5Qn7dz/95WKvsXH7r9w5svaSNpw ffpkr12jwAZG4H1o6zmNszd1N59wfnfk7gA4zCl2eqJ2e7RvvALLflJTqwaFm6hc+eu+ oMa2AD7rn2E1wdzmOw1rKgTkZI/NrEPU+zwfk= X-Google-DKIM-Signature: v=1; a=rsa-sha256; c=relaxed/relaxed; d=1e100.net; s=20230601; t=1748638778; x=1749243578; h=references:in-reply-to:cc:to:from:subject:message-id:date :x-gm-message-state:from:to:cc:subject:date:message-id:reply-to; bh=yu+wP5IWEDvlg4HSqcz06BBR66KkJxtcsgvofYSuSqU=; b=Rv1ELuHmW52Ffwy+bkVv0byJJNRoyGfiOojdjjdJlRe8MjJsR+CgHfAy5yJVPlcsyS 0pba44Q0+faW9u7vAUf0ooZx7UMxkLKfkVvxqMP90Quhie9/7rsxYJAnJ4smGu+CEi+9 yCWzCCXo1ynM16NGOEmvBzhTNxTe2WHUuZuLgxCfaXopfuzW9X0bjCUgv0AGSc6pSAFo U/dGYub62+PqyMqmRv/Q559kslFBmpob2RqsdQtXs6uj2LBffzBGbwTSxws3B+YAGV2Y GX9ZcjIk9tO+1H75uzxFDMp47BMDa9DwOMA7QP4hGVTWNDHt1VVJ5FDA7npb2Iw7Eo9J 2yDA== X-Gm-Message-State: AOJu0YyTyNW7SJ1ylmg7qXZ+vsKozWrJiUC/jD8KiB43fLthQWOuQmSy bFiEk3vLkvN2o8onKDD+yCY01vGPSbJOFysK09TaW8aULl0G/K3DHGwVDXQexsm0q/5BV/3LB5O ne5t+kT+GOlLtKbKyeqo8yN0AF7bHskJYg/HSB/l7bykF X-Gm-Gg: ASbGnctVEtvxsi38FlM/N4TUfiEp5otzpsxpb0ELZ/NndLV8K18f84WjzcgrZIX7V+T DUEB99NenNZk0jvXHMa/q6svQiMh5CvVZn4ZFm6KvvvEDxXhLUdqfTNPM8qt9D0CF+iPkNmPIPa V6tb4P4MjMoywwG5MJCmMZhdj6KNDb7K6EgNERAWWGi2yJO7/PdnGUN9kZpzQg5ynTbH/+uR973 ycca5SbHJgyhI3EiIAtl6nKoLeIC8jE8ZLaune8wMgxq0NAqXajcJpNbuoivIk3DnHfpuCzu9fx AfAk3tSx23wGkhR1oZ+hu1GWI22W27xAUbAPC/vao2zKknlPmPjdJZje/bY= X-Google-Smtp-Source: AGHT+IFawIgW504cW9EV71vKrR9zTi8t7S948e7IlWttw3slpt7G2VEEuhRo2z6BvlOcFDvKWVRsazqixrEY X-Received: by 2002:a05:6e02:3807:b0:3d8:2023:d057 with SMTP id e9e14a558f8ab-3dd9caccb39mr35226235ab.11.1748638778607; Fri, 30 May 2025 13:59:38 -0700 (PDT) Received: from postal.iol.unh.edu (postal.iol.unh.edu. [132.177.123.84]) by smtp-relay.gmail.com with ESMTPS id e9e14a558f8ab-3dd935a8b82sm2332515ab.65.2025.05.30.13.59.38 (version=TLS1_2 cipher=ECDHE-ECDSA-AES128-GCM-SHA256 bits=128/128); Fri, 30 May 2025 13:59:38 -0700 (PDT) X-Relaying-Domain: iol.unh.edu Date: Fri, 30 May 2025 13:59:38 -0700 (PDT) Message-ID: <683a1c3a.920a0220.23fc96.c743SMTPIN_ADDED_MISSING@mx.google.com> Received: from [172.17.0.2] (unknown [172.18.0.74]) by postal.iol.unh.edu (Postfix) with ESMTP id 18DFB6052471; Fri, 30 May 2025 16:59:38 -0400 (EDT) Subject: |FAILURE| pw153840-153857 [PATCH] [v1,18/18] drivers/net: add hinic3 From: dpdklab@iol.unh.edu To: Test Report Cc: dpdk-test-reports@iol.unh.edu, Feifei In-Reply-To: <20250529081529.2839-19-wff_light@vip.163.com> References: <20250529081529.2839-19-wff_light@vip.163.com> Content-Type: text/plain X-BeenThere: test-report@dpdk.org X-Mailman-Version: 2.1.29 Precedence: list List-Id: automatic DPDK test reports List-Unsubscribe: , List-Archive: List-Post: List-Help: List-Subscribe: , Errors-To: test-report-bounces@dpdk.org Test-Label: iol-compile-amd64-testing Test-Status: FAILURE http://dpdk.org/patch/153857 _Testing issues_ Submitter: Feifei Date: Thursday, May 29 2025 08:15:17 DPDK git baseline: Repo:dpdk Branch: master CommitID:466db466e2938c0d4e7f3dd75435483133f98770 153840-153857 --> testing issues Upstream job id: Windows-Compile-DPDK-Native#28707 Test environment and result as below: +-------------------------------+--------------------+-------------------+------------------+-------------------+-------------------------+ | Environment | dpdk_meson_compile | dpdk_compile_spdk | dpdk_compile_ovs | dpdk_msvc_compile | dpdk_llvm_clang_compile | +===============================+====================+===================+==================+===================+=========================+ | Ubuntu 20.04 | PASS | SKIPPED | SKIPPED | SKIPPED | SKIPPED | +-------------------------------+--------------------+-------------------+------------------+-------------------+-------------------------+ | FreeBSD 14.2 | PASS | SKIPPED | SKIPPED | SKIPPED | SKIPPED | +-------------------------------+--------------------+-------------------+------------------+-------------------+-------------------------+ | CentOS Stream 9 | PASS | PASS | SKIPPED | SKIPPED | SKIPPED | +-------------------------------+--------------------+-------------------+------------------+-------------------+-------------------------+ | CentOS Stream 10 | PASS | SKIPPED | SKIPPED | SKIPPED | SKIPPED | +-------------------------------+--------------------+-------------------+------------------+-------------------+-------------------------+ | Debian GNU/Linux 12 | PASS | PASS | SKIPPED | SKIPPED | SKIPPED | +-------------------------------+--------------------+-------------------+------------------+-------------------+-------------------------+ | Fedora 40 (Clang) | FAIL | WARN | SKIPPED | SKIPPED | SKIPPED | +-------------------------------+--------------------+-------------------+------------------+-------------------+-------------------------+ | Fedora 40 | PASS | PASS | SKIPPED | SKIPPED | SKIPPED | +-------------------------------+--------------------+-------------------+------------------+-------------------+-------------------------+ | Fedora 41 (Clang) | FAIL | WARN | WARN | SKIPPED | SKIPPED | +-------------------------------+--------------------+-------------------+------------------+-------------------+-------------------------+ | Fedora 41 | PASS | PASS | PASS | SKIPPED | SKIPPED | +-------------------------------+--------------------+-------------------+------------------+-------------------+-------------------------+ | openSUSE Leap 15.6 | PASS | SKIPPED | SKIPPED | SKIPPED | SKIPPED | +-------------------------------+--------------------+-------------------+------------------+-------------------+-------------------------+ | Red Hat Enterprise Linux 8.10 | PASS | SKIPPED | SKIPPED | SKIPPED | SKIPPED | +-------------------------------+--------------------+-------------------+------------------+-------------------+-------------------------+ | Red Hat Enterprise Linux 9.5 | PASS | SKIPPED | SKIPPED | SKIPPED | SKIPPED | +-------------------------------+--------------------+-------------------+------------------+-------------------+-------------------------+ | Ubuntu 22.04 | PASS | PASS | SKIPPED | SKIPPED | SKIPPED | +-------------------------------+--------------------+-------------------+------------------+-------------------+-------------------------+ | Ubuntu 24.04 | PASS | PASS | PASS | SKIPPED | SKIPPED | +-------------------------------+--------------------+-------------------+------------------+-------------------+-------------------------+ | Alpine | PASS | SKIPPED | SKIPPED | SKIPPED | SKIPPED | +-------------------------------+--------------------+-------------------+------------------+-------------------+-------------------------+ | Windows Server 2022 | SKIPPED | SKIPPED | SKIPPED | PASS | PASS | +-------------------------------+--------------------+-------------------+------------------+-------------------+-------------------------+ ==== 20 line log output for Fedora 41 (Clang) (dpdk_compile_ovs): ==== --- Failed to get log output --- ==== End log output ==== Ubuntu 20.04 Kernel: 4.19 Compiler: gcc gcc (Ubuntu 9.4.0-1ubuntu1~20.04.2) 9.4.0 FreeBSD 14.2 Kernel: 14.2-RELEASE Compiler: clang 18.1.6 CentOS Stream 9 Kernel: Depends on container host Compiler: gcc 11.5.0 20240719 (Red Hat 11.5.0-2) CentOS Stream 10 Kernel: Depends on container host Compiler: gcc 14.2.1 20241104 (Red Hat 14.2.1-6) Debian GNU/Linux 12 Kernel: 5.15 Compiler: gcc gcc (Debian 12.2.0-14) 12.2.0 Fedora 40 (Clang) Kernel: Depends on container host Compiler: clang 18.1.8 (Fedora 18.1.8-1.fc40) Fedora 40 Kernel: Depends on container host Compiler: gcc 14.2.1 20240912 (Red Hat 14.2.1-3) Fedora 41 (Clang) Kernel: Depends on container host Compiler: clang 19.1.5 (Fedora 19.1.5-1.fc41) Fedora 41 Kernel: Depends on container host Compiler: gcc 14.2.1 20240912 (Red Hat 14.2.1-3) openSUSE Leap 15.6 Kernel: 5.15 Compiler: gcc gcc (SUSE Linux) 7.5.0 Red Hat Enterprise Linux 8.10 Kernel: 5.15 Compiler: gcc gcc (GCC) 8.5.0 20210514 (Red Hat 8.5.0-22) Red Hat Enterprise Linux 9.5 Kernel: 5.15 Compiler: gcc gcc (GCC) 11.5.0 20240719 (Red Hat 11.5.0-2) Ubuntu 22.04 Kernel: 5.15 Compiler: gcc gcc (Ubuntu 11.4.0-1ubuntu1~22.04) 11.4.0 Ubuntu 24.04 Kernel: 5.15 Compiler: gcc gcc (Ubuntu 13.3.0-6ubuntu2~24.04) 13.3.0 Alpine Kernel: Depends on container host Compiler: gcc (Alpine 14.2.0) 14.2.0 Windows Server 2022 Kernel: 10.0.20348.2031 Compiler: clang 15.0.7, gcc 14.1.0 (MinGW), and MSVC VS 19.39.33521 To view detailed results, visit: https://lab.dpdk.org/results/dashboard/patchsets/33275/ UNH-IOL DPDK Community Lab To manage your email subscriptions, visit: https://lab.dpdk.org/results/dashboard/preferences/subscriptions/