From mboxrd@z Thu Jan 1 00:00:00 1970 Return-Path: Received: from mails.dpdk.org (mails.dpdk.org [217.70.189.124]) by inbox.dpdk.org (Postfix) with ESMTP id A32E54683A for ; Sat, 31 May 2025 06:38:45 +0200 (CEST) Received: from mails.dpdk.org (localhost [127.0.0.1]) by mails.dpdk.org (Postfix) with ESMTP id 8002E4025A; Sat, 31 May 2025 06:38:45 +0200 (CEST) Received: from mail-pg1-f228.google.com (mail-pg1-f228.google.com [209.85.215.228]) by mails.dpdk.org (Postfix) with ESMTP id 8F0BC40150 for ; Sat, 31 May 2025 06:38:43 +0200 (CEST) Received: by mail-pg1-f228.google.com with SMTP id 41be03b00d2f7-af908bb32fdso1910473a12.1 for ; Fri, 30 May 2025 21:38:43 -0700 (PDT) DKIM-Signature: v=1; a=rsa-sha256; c=relaxed/relaxed; d=iol.unh.edu; s=unh-iol; t=1748666322; x=1749271122; darn=dpdk.org; h=references:in-reply-to:cc:to:from:subject:message-id:date:from:to :cc:subject:date:message-id:reply-to; bh=qdiXQmADaNf8XWwf98q9nJo7wUaiy0/YQExcAbgtuX8=; b=jUEmIgFPuAbOXfxzdSEaQgZ35ONqsG8qQQJZatkKDs4p71fMwAaBdqT4Zb0KZZLr5a j0kmxin8QL1yY/Yk3F3EQdU5f1t9S/ke0i4SIPLyeKcQfN8RlHjdXDOvHgu4A5W8ytdf aqc8EqbbiRyvWVrsevdD4G2FQRn0ILSyub89k= X-Google-DKIM-Signature: v=1; a=rsa-sha256; c=relaxed/relaxed; d=1e100.net; s=20230601; t=1748666322; x=1749271122; h=references:in-reply-to:cc:to:from:subject:message-id:date :x-gm-message-state:from:to:cc:subject:date:message-id:reply-to; bh=qdiXQmADaNf8XWwf98q9nJo7wUaiy0/YQExcAbgtuX8=; b=Kyo5dyeRAtVX6PPr8VEgRvDussixwL/ngKgcrGmekvTAtr6CTCKFceuO0YuiD30PVK 6UYHwIEz8b5FfP4S0Ih2VvTVnKDoyPeITXWH2tNEdPK3fWNqnPhOVVpE0K7EzPKfjktu oHltVKxYlTyyM60SfAO7+ee+VU/598KZWymLcUaliurwBFnV14oHt3VVaelKag6VEWO9 hJczg8nK3Xy7jec25a61yCR3G3f/GOpQ40zm63GJvx2Oai2MxIujOS+dhp592YgByxD1 RpE11c1h76+L7c99pi/yUgohnN9vIAdIoo6dEXVyJgZKY1PNmY21VUNhQNkbZPTvX8sP MU2Q== X-Gm-Message-State: AOJu0Yyhh5/HEkznRUSNh4h/A1WjSlbOwpVVzh3riNceZ0SaPBxaMTd9 4W+U+j9yuR10o2FGRWv3On4Cfsp/rFml7Zwhj1YguwiPygiE/tCJotXWc1tpsDUIC3yrv4pX9ku 5KE5UWu8I6sAAam91ywTBrK9h5u2T7q6liooZyOv9QaM0 X-Gm-Gg: ASbGncvpkm5bkEeVg7zXXcuUiI6K8TL4Po1fQvU5tkPMEcOK6ZrA0r4H6L33VyljteY bqvQkh1/v1tkznJRCBuCrLhAu1tQSufE9mnEB4jC+Bjo09VO7RJjsZkGDncMy0g7qvvQwWk1OQB tg0hvysy8Dt1mBLYdXHzCLvkRQahX8/jsgZuNL0An83sf9VqVhAG6GEtORYRHSzh4+dEMgPpWFj tvEoCkIUMEzlcLp7vswtcRPywgUEWQpoWm62B3u2TALWa9xgn1Ee1mNdCTTiBlHOmY5BZyu6y9w WmTnA1LU/NL3M7PuvGTVfCJG+rOg6tuXIqjRg0D0sn7ipXLhNASmmD6KOIY= X-Google-Smtp-Source: AGHT+IFDyKIpFRX5QHld8Z3mdRDbMJWz11Qa8NjkYGGJQ745lpqonhfc91IuaN1pYBb5Y8CD8D2nKY5VaTCZ X-Received: by 2002:a17:90b:33cc:b0:30a:3e8e:ea30 with SMTP id 98e67ed59e1d1-31214ecdbb2mr13754281a91.11.1748666322503; Fri, 30 May 2025 21:38:42 -0700 (PDT) Received: from postal.iol.unh.edu (postal.iol.unh.edu. [132.177.123.84]) by smtp-relay.gmail.com with ESMTPS id 98e67ed59e1d1-3124e2c5766sm176122a91.5.2025.05.30.21.38.42 (version=TLS1_2 cipher=ECDHE-ECDSA-AES128-GCM-SHA256 bits=128/128); Fri, 30 May 2025 21:38:42 -0700 (PDT) X-Relaying-Domain: iol.unh.edu Date: Fri, 30 May 2025 21:38:42 -0700 (PDT) Message-ID: <683a87d2.170a0220.d9a8.9dbfSMTPIN_ADDED_MISSING@mx.google.com> Received: from [172.21.0.5] (unknown [172.18.0.240]) by postal.iol.unh.edu (Postfix) with ESMTP id 95A2D6052471; Sat, 31 May 2025 00:38:41 -0400 (EDT) Subject: |FAILURE| pw153803 [PATCH] common/mlx5: avoid warning about operatio From: dpdklab@iol.unh.edu To: Test Report Cc: dpdk-test-reports@iol.unh.edu, Andre Muezerie In-Reply-To: <1748389285-26763-1-git-send-email-andremue@linux.microsoft.com> References: <1748389285-26763-1-git-send-email-andremue@linux.microsoft.com> Content-Type: text/plain X-BeenThere: test-report@dpdk.org X-Mailman-Version: 2.1.29 Precedence: list List-Id: automatic DPDK test reports List-Unsubscribe: , List-Archive: List-Post: List-Help: List-Subscribe: , Errors-To: test-report-bounces@dpdk.org Test-Label: iol-unit-amd64-testing Test-Status: FAILURE http://dpdk.org/patch/153803 _Testing issues_ Submitter: Andre Muezerie Date: Tuesday, May 27 2025 23:41:25 DPDK git baseline: Repo:dpdk Branch: master CommitID:e43585acf22932bc32617f092257795122ced05c 153803 --> testing issues Upstream job id: Generic-VM-Unit-Test-DPDK#28859 Test environment and result as below: +-------------------------------+----------------+ | Environment | dpdk_unit_test | +===============================+================+ | CentOS Stream 9 | PASS | +-------------------------------+----------------+ | CentOS Stream 10 | PASS | +-------------------------------+----------------+ | Fedora 41 | PASS | +-------------------------------+----------------+ | Debian GNU/Linux 12 | PASS | +-------------------------------+----------------+ | Fedora 40 | PASS | +-------------------------------+----------------+ | Fedora 40 (Clang) | PASS | +-------------------------------+----------------+ | Fedora 41 (Clang) | PASS | +-------------------------------+----------------+ | Red Hat Enterprise Linux 9.5 | PASS | +-------------------------------+----------------+ | Ubuntu 20.04 | PASS | +-------------------------------+----------------+ | Ubuntu 22.04 | PASS | +-------------------------------+----------------+ | Red Hat Enterprise Linux 8.10 | PASS | +-------------------------------+----------------+ | Ubuntu 24.04 | PASS | +-------------------------------+----------------+ | Windows Server 2022 | FAIL | +-------------------------------+----------------+ ==== Unit test summary for Windows Server 2022 (dpdk_unit_test): ==== Failed to get the unit test results. Displaying the unit test results is not supported for some environments, such as our aarch32 testing, where meson is not used to run the tests. Download the logs available on our CI site. ==== End log output ==== CentOS Stream 9 Kernel: Depends on container host Compiler: gcc 11.5.0 20240719 (Red Hat 11.5.0-2) CentOS Stream 10 Kernel: Depends on container host Compiler: gcc 14.2.1 20241104 (Red Hat 14.2.1-6) Fedora 41 Kernel: Depends on container host Compiler: gcc 14.2.1 20240912 (Red Hat 14.2.1-3) Debian GNU/Linux 12 Kernel: 5.15 Compiler: gcc gcc (Debian 12.2.0-14) 12.2.0 Fedora 40 Kernel: Depends on container host Compiler: gcc 14.2.1 20240912 (Red Hat 14.2.1-3) Fedora 40 (Clang) Kernel: Depends on container host Compiler: clang 18.1.8 (Fedora 18.1.8-1.fc40) Fedora 41 (Clang) Kernel: Depends on container host Compiler: clang 19.1.5 (Fedora 19.1.5-1.fc41) Red Hat Enterprise Linux 9.5 Kernel: 5.15 Compiler: gcc gcc (GCC) 11.5.0 20240719 (Red Hat 11.5.0-2) Ubuntu 20.04 Kernel: 5.15 Compiler: gcc gcc (Ubuntu 9.4.0-1ubuntu1~20.04.2) 9.4.0 Ubuntu 22.04 Kernel: 5.15 Compiler: gcc gcc (Ubuntu 11.4.0-1ubuntu1~22.04) 11.4.0 Red Hat Enterprise Linux 8.10 Kernel: 5.15 Compiler: gcc gcc (GCC) 8.5.0 20210514 (Red Hat 8.5.0-22) Ubuntu 24.04 Kernel: 5.15 Compiler: gcc gcc (Ubuntu 13.3.0-6ubuntu2~24.04) 13.3.0 Windows Server 2022 Kernel: 10.0.20348.2031 Compiler: clang 15.0.7, gcc 14.1.0 (MinGW), and MSVC VS 19.39.33521 To view detailed results, visit: https://lab.dpdk.org/results/dashboard/patchsets/33261/ UNH-IOL DPDK Community Lab To manage your email subscriptions, visit: https://lab.dpdk.org/results/dashboard/preferences/subscriptions/