From mboxrd@z Thu Jan 1 00:00:00 1970 Return-Path: Received: from mails.dpdk.org (mails.dpdk.org [217.70.189.124]) by inbox.dpdk.org (Postfix) with ESMTP id 7D551468C9 for ; Tue, 10 Jun 2025 17:34:59 +0200 (CEST) Received: from mails.dpdk.org (localhost [127.0.0.1]) by mails.dpdk.org (Postfix) with ESMTP id 408F342EAD; Tue, 10 Jun 2025 17:34:59 +0200 (CEST) Received: from mail-pf1-f226.google.com (mail-pf1-f226.google.com [209.85.210.226]) by mails.dpdk.org (Postfix) with ESMTP id 2AAC842EAD for ; Tue, 10 Jun 2025 17:34:58 +0200 (CEST) Received: by mail-pf1-f226.google.com with SMTP id d2e1a72fcca58-74800b81f1bso4336565b3a.1 for ; Tue, 10 Jun 2025 08:34:58 -0700 (PDT) DKIM-Signature: v=1; a=rsa-sha256; c=relaxed/relaxed; d=iol.unh.edu; s=unh-iol; t=1749569697; x=1750174497; darn=dpdk.org; h=references:in-reply-to:cc:to:from:subject:message-id:date:from:to :cc:subject:date:message-id:reply-to; bh=QUMu8PN8qoz/w9/jfmRImq+b+lcFQ4eQchr7oFAyAuk=; b=Yu52CKUwgJ1Jz3THArz1aR5A6fnK3hs6lNPP4irG8NDmE6XXQFvxqWIS1Mm5geWMLj 70/UCaX5SSzuKsz5kiGHzvicLWXDUNGR6IlDLE7WFlatj5PZ/tNTKu1Wj0ckXwealaL8 CacEiB9/vk0HCg5m5xaQG38bztjIq28g+Gj7c= X-Google-DKIM-Signature: v=1; a=rsa-sha256; c=relaxed/relaxed; d=1e100.net; s=20230601; t=1749569697; x=1750174497; h=references:in-reply-to:cc:to:from:subject:message-id:date :x-gm-message-state:from:to:cc:subject:date:message-id:reply-to; bh=QUMu8PN8qoz/w9/jfmRImq+b+lcFQ4eQchr7oFAyAuk=; b=hsoiUrMt0yyD/ZHGsU8snFU51o1WnAFjw44zO2322riMqYF/IL90XkMkuHgTUc2jos W2JfgHg/5QGDJAtzJwkOAn4GENntZHC4mOsqDANtg8crZf4hKl37muKs4ig/a9LZ9aO/ dzhgj33QyJOW8yCMOZM9kH9/1BfyviF5epI79xF2gZ1NMlrsFjfDW0lIN9AtF7Y8/weG 0dEYvekoq2iNutdmlqDTncJk3ZPz3XFSNlwcvMMCIEyltXu1Aw7c+yCVn6PrcFcKAw4n 657gans7U1jAz3nsnCNhFOZDXu8rpUiPjyp/nX1nrefFbleMIdRDHCq3P/+chuf6mUtq qJcg== X-Gm-Message-State: AOJu0Yxt3bW087XR+AcilqO232IWjyLeN6CGZzMtvCQ9ld85i1Caf+mj P1maKS7vp5ETWjn4lS6zw0cKN7vOTGxYzpTEFEUBFde4X5bDqpAJ0g93zgEtrmmP9SRv61qqp7W 9qbiiKGZ9nmE9wfGVp0JJ7pUdMpGyWlsfyC/pWbVULU9KGd3/lde4f1QF38kA X-Gm-Gg: ASbGncv7GjSAAoICsjWFiXqpGk0IYgPnR1miW7e/ICmK3vlYUByJwJjXhtMEPGtrEhe OAZinGMdAD3H+YPbPOfILh3KsHvWw9iYGPWxDnpPY1g9c5+tesZuGVAtJReS+KR44//JyRyf3+W MDghEggCkaxykHYGV+ga4aPdKGtnHfCzi8NfPZOxjcgJvsfObtCyj5NtsgEFCoF10Q9ACSdezMo 63C2NeFBv2xJQUSe2qpmo43ZUiKxkqLzXNMfU1Pcf/CTcyBO/4N1q0W7rBGyA+5S6fWIpCVmuGo lTnpGZZ5QQcVcQD4/4YwtJCAvCthY33KtBCg7K8of8pKnvs= X-Google-Smtp-Source: AGHT+IECoRNnoele/q9Ez71DytvVU4PwI33AmjZ6jFRDVq2t6ej/wpNC0TMao9lr3SsxeSDOyg9w5fPPD6Yf X-Received: by 2002:a05:6a20:3946:b0:20a:bde0:beb9 with SMTP id adf61e73a8af0-21f865c325fmr97275637.1.1749569696820; Tue, 10 Jun 2025 08:34:56 -0700 (PDT) Received: from postal.iol.unh.edu (postal.iol.unh.edu. [2606:4100:3880:1234::84]) by smtp-relay.gmail.com with ESMTPS id 41be03b00d2f7-b2f5ed75043sm306170a12.7.2025.06.10.08.34.56 (version=TLS1_2 cipher=ECDHE-ECDSA-AES128-GCM-SHA256 bits=128/128); Tue, 10 Jun 2025 08:34:56 -0700 (PDT) X-Relaying-Domain: iol.unh.edu Date: Tue, 10 Jun 2025 08:34:56 -0700 (PDT) Message-ID: <684850a0.050a0220.fd2be.e3d4SMTPIN_ADDED_MISSING@mx.google.com> Received: from [172.21.0.5] (unknown [172.18.0.240]) by postal.iol.unh.edu (Postfix) with ESMTP id 0D4A66051830; Tue, 10 Jun 2025 11:34:56 -0400 (EDT) Subject: |WARNING| pw154272-154275 [PATCH] [v6,4/4] usertools: enable pmdinfo From: dpdklab@iol.unh.edu To: Test Report Cc: dpdk-test-reports@iol.unh.edu In-Reply-To: <20250610100947.421877-5-david.marchand@redhat.com> References: <20250610100947.421877-5-david.marchand@redhat.com> Content-Type: text/plain X-BeenThere: test-report@dpdk.org X-Mailman-Version: 2.1.29 Precedence: list List-Id: automatic DPDK test reports List-Unsubscribe: , List-Archive: List-Post: List-Help: List-Subscribe: , Errors-To: test-report-bounces@dpdk.org Test-Label: iol-compile-amd64-testing Test-Status: WARNING http://dpdk.org/patch/154275 _Testing issues_ Submitter: David Marchand Date: Tuesday, June 10 2025 10:09:47 DPDK git baseline: Repo:dpdk Branch: master CommitID:fbecf790b603cccac6eeda4536cba3e043ade209 154272-154275 --> testing issues Upstream job id: Windows-Compile-DPDK-VS#5966 Test environment and result as below: +---------------------+--------------------+-------------------+ | Environment | dpdk_meson_compile | dpdk_msvc_compile | +=====================+====================+===================+ | Ubuntu 20.04 | PASS | SKIPPED | +---------------------+--------------------+-------------------+ | FreeBSD 14.2 | PASS | SKIPPED | +---------------------+--------------------+-------------------+ | Windows Server 2022 | SKIPPED | FAIL | +---------------------+--------------------+-------------------+ ==== 20 line log output for Windows Server 2022 (dpdk_msvc_compile): ==== [396/451] Compiling C object app/dpdk-test.exe.p/test_test_mbuf.c.obj [397/451] Compiling C object app/dpdk-test.exe.p/test_test_pflock.c.obj [398/451] Compiling C object app/dpdk-test.exe.p/test_test_prefetch.c.obj [399/451] Compiling C object app/dpdk-test.exe.p/test_test_mempool.c.obj [400/451] Compiling C object app/dpdk-test.exe.p/test_test_per_lcore.c.obj FAILED: app/dpdk-test.exe.p/test_test_per_lcore.c.obj "cl" "-Iapp\dpdk-test.exe.p" "-Iapp" "-I..\app" "-Ilib\cmdline" "-I..\lib\cmdline" "-Ilib\eal\common" "-I..\lib\eal\common" "-I." "-I.." "-Iconfig" "-I..\config" "-Ilib\eal\include" "-I..\lib\eal\include" "-Ilib\eal\windows\include" "-I..\lib\eal\windows\include" "-Ilib\eal\x86\include" "-I..\lib\eal\x86\include" "-Ilib\eal" "-I..\lib\eal" "-Ilib\log" "-I..\lib\log" "-Ilib\kvargs" "-I..\lib\kvargs" "-Ilib\net" "-I..\lib\net" "-Ilib\mbuf" "-I..\lib\mbuf" "-Ilib\mempool" "-I..\lib\mempool" "-Ilib \ring" "-I..\lib\ring" "-Ilib\metrics" "-I..\lib\metrics" "-Ilib\telemetry" "-I..\lib\telemetry" "-Ilib\argparse" "-I..\lib\argparse" "-Ilib\hash" "-I..\lib\hash" "-Ilib\rcu" "-I..\lib\rcu" "-Ilib\ethdev" "-I..\lib\ethdev" "-Ilib\meter" "-I..\lib\meter" "-Ilib\bitratestats" "-I..\lib\bitratestats" "-Ilib\cfgfile" "-I..\lib\cfgfile" "-Ilib\cryptodev" "-I..\lib\cryptodev" "-Ilib\security" "-I..\lib\security" "-Ilib\dmadev" "-I..\lib\dmadev" "-Ilib\fib" "-I..\lib\fib" "-Ilib\rib" "-I..\lib\rib" " -Ilib\lpm" "-I..\lib\lpm" "-Ilib\ip_frag" "-I..\lib\ip_frag" "-Ilib\latencystats" "-I..\lib\latencystats" "-Ilib\pcapng" "-I..\lib\pcapng" "-Ilib\ptr_compress" "-I..\lib\ptr_compress" "-Ilib\reorder" "-I..\lib\reorder" "-Ilib\stack" "-I..\lib\stack" "-Ilib\timer" "-I..\lib\timer" "-Iapp\test\test_cfgfiles" "-IC:\Program Files\Mellanox\MLNX_WinOF2_DevX_SDK\inc" "/MD" "/nologo" "/showIncludes" "/W3" "/WX" "/std:c11" "/O2" "/Gw" "/wd4244" "/wd4267" "/wd4146" "/experimental:c11atomics" "/d1experime ntal:typeof" "/experimental:statementExpressions" "/FI" "rte_config.h" "-D_GNU_SOURCE" "-D_WIN32_WINNT=0x0A00" "-DALLOW_EXPERIMENTAL_API" "-DALLOW_INTERNAL_API" "/Fdapp\dpdk-test.exe.p\test_test_per_lcore.c.pdb" /Foapp/dpdk-test.exe.p/test_test_per_lcore.c.obj "/c" ../app/test/test_per_lcore.c ../app/test/test_per_lcore.c(101): error C2220: the following warning is treated as an error ../app/test/test_per_lcore.c(101): warning C4090: 'function': different '_Atomic' qualifiers [401/451] Compiling C object app/dpdk-test.exe.p/test_test_ptr_compress.c.obj [402/451] Compiling C object app/dpdk-test.exe.p/test_test_rand_perf.c.obj [403/451] Compiling C object app/dpdk-test.exe.p/test_test_net_ip6.c.obj [404/451] Compiling C object app/dpdk-test.exe.p/test_test_reciprocal_division.c.obj [405/451] Compiling C object app/dpdk-test.exe.p/test_test_reassembly_perf.c.obj [406/451] Compiling C object app/dpdk-test.exe.p/test_test_ring_hts_stress.c.obj [407/451] Compiling C object app/dpdk-test.exe.p/test_test_pmd_perf.c.obj [408/451] Compiling C object app/dpdk-test.exe.p/test_test_mempool_perf.c.obj [409/451] Compiling C object app/dpdk-test.exe.p/test_test_memcpy_perf.c.obj ninja: build stopped: subcommand failed. ==== End log output ==== Ubuntu 20.04 Kernel: 4.19 Compiler: gcc gcc (Ubuntu 9.4.0-1ubuntu1~20.04.2) 9.4.0 FreeBSD 14.2 Kernel: 14.2-RELEASE Compiler: clang 18.1.6 Windows Server 2022 Kernel: 10.0.20348.2031 Compiler: clang 15.0.7, gcc 14.1.0 (MinGW), and MSVC VS 19.39.33521 To view detailed results, visit: https://lab.dpdk.org/results/dashboard/patchsets/33374/ UNH-IOL DPDK Community Lab To manage your email subscriptions, visit: https://lab.dpdk.org/results/dashboard/preferences/subscriptions/