From mboxrd@z Thu Jan 1 00:00:00 1970 Return-Path: Received: from mails.dpdk.org (mails.dpdk.org [217.70.189.124]) by inbox.dpdk.org (Postfix) with ESMTP id 7120F468CC for ; Wed, 11 Jun 2025 00:48:28 +0200 (CEST) Received: from mails.dpdk.org (localhost [127.0.0.1]) by mails.dpdk.org (Postfix) with ESMTP id 57846400EF; Wed, 11 Jun 2025 00:48:28 +0200 (CEST) Received: from mail-io1-f99.google.com (mail-io1-f99.google.com [209.85.166.99]) by mails.dpdk.org (Postfix) with ESMTP id 9F7DF400EF for ; Wed, 11 Jun 2025 00:48:26 +0200 (CEST) Received: by mail-io1-f99.google.com with SMTP id ca18e2360f4ac-86cf3a3d4ccso530465439f.3 for ; Tue, 10 Jun 2025 15:48:26 -0700 (PDT) DKIM-Signature: v=1; a=rsa-sha256; c=relaxed/relaxed; d=iol.unh.edu; s=unh-iol; t=1749595706; x=1750200506; darn=dpdk.org; h=references:in-reply-to:cc:to:from:subject:message-id:date:from:to :cc:subject:date:message-id:reply-to; bh=rsHIFpWqWtWFGOjgAqzvu7+1R82NgQWPiA0zw/DOKLg=; b=U82WkX1tUqOlWJzcPDcojg8WrTiOpXDWg4r9E/tgxR69w+Fz2TkTU1Cz8WWhPz0h++ lHZwtN7LnKSDLnj4zpbvXfqk0wzdbiXUqwBaJ/qrrxVQ88euVaxvnKgiCdYF++WSz+5S Jno7X7N1wDvhmYJQoUaKSNiW554RW+bOIXztg= X-Google-DKIM-Signature: v=1; a=rsa-sha256; c=relaxed/relaxed; d=1e100.net; s=20230601; t=1749595706; x=1750200506; h=references:in-reply-to:cc:to:from:subject:message-id:date :x-gm-message-state:from:to:cc:subject:date:message-id:reply-to; bh=rsHIFpWqWtWFGOjgAqzvu7+1R82NgQWPiA0zw/DOKLg=; b=PlCEkxVue8F9DBKa/wTbl7GLuTcTSzBzqP7jGzollZjMm5iQVb4Fx9kEQQhBFUO/OD /vmn9qV0DxjS9JUBismNxgTHicrtOJWkr/RIwFBVqR9mvsHJCuiL5zVw7cuGNIeJ3XjG GGFtiGliyM8ZdLiYUJ0LD4zoAnw8RPXOEhYEDQOgJl30G6f/Rq+6qTwm+39dde+oq28H RBEW4tonqAG4Pws8POtvtQkdOpyNSUZsVzjtFucEE1sU/e3HsmwZNjoUUMRwXYs9dumT QUGDdTPBQMSmEa8g+Rnpdnxyym3Q2alQbTZuw1JZ7vXq04nTuNfIIgWf4jb8e8bMNtFf D3Rw== X-Gm-Message-State: AOJu0YwJuAz4xdoG1ktB9iJiucxWxMM2pj2t6uUg9aYrP2eN1ACpsRrs v+k4FcFsdV7uSICsChtP4UuFm7q/caseCMvnAFepUJaTYsHfchzG0V60UNxyl2UZydMKsSJy9rj d/4BF/KtzqYjb0icOKRNG7jB0UFUu3TOVRGo/Qy2LwYRb X-Gm-Gg: ASbGncsnydXOhTJqUFnIl00rbXirwhYd3an/1KPF1vG64otmU0xZsVMppduUYIgg27a KaOQMwOUvSnaDhZTabH9v6NRPdd5QJ8ZiSs/7JHrGoQBeBDWhV4+RNYcuGuE+zviHSwhR1Kjxul Mg32TeAwHbMA0qVX/neqI17ehPOoz2TY/Te42nhrav05+T6HYL4TXRf66z57vWnyLaT6MXB6dtC +CLwweUafc3+c5r0nP9gfo7YgeXpPqtvkXmRcahkTGImF3DDeAU2GL+fe8mfxg1fCFzGNytaOuW SPx9n4dWNvu0ilyuzqoRxi1oOKiKIDu3ytjHYBVe29e7zVOYDfDz/pKsBl169+VOd0172w== X-Google-Smtp-Source: AGHT+IGGvKbQGrAHLf464mHUYz0AZRgnzHakAcWKW9Qs27qZrhSH8imLkXYtGY6HhHm7cZviQfEpxwd/P0LU X-Received: by 2002:a05:6602:7218:b0:86c:fae7:135d with SMTP id ca18e2360f4ac-875bc4542e1mr137135739f.4.1749595705893; Tue, 10 Jun 2025 15:48:25 -0700 (PDT) Received: from postal.iol.unh.edu (postal.iol.unh.edu. [132.177.123.84]) by smtp-relay.gmail.com with ESMTPS id 8926c6da1cb9f-5012aacc3ebsm53015173.68.2025.06.10.15.48.25 (version=TLS1_2 cipher=ECDHE-ECDSA-AES128-GCM-SHA256 bits=128/128); Tue, 10 Jun 2025 15:48:25 -0700 (PDT) X-Relaying-Domain: iol.unh.edu Date: Tue, 10 Jun 2025 15:48:25 -0700 (PDT) Message-ID: <6848b639.050a0220.e82e9.14e2SMTPIN_ADDED_MISSING@mx.google.com> Received: from [172.17.0.2] (unknown [172.18.0.74]) by postal.iol.unh.edu (Postfix) with ESMTP id 66C0D6051830; Tue, 10 Jun 2025 18:48:25 -0400 (EDT) Subject: |WARNING| pw154291-154296 [PATCH] [v4,6/6] doc: announce TxPP suppor From: dpdklab@iol.unh.edu To: Test Report Cc: dpdk-test-reports@iol.unh.edu In-Reply-To: <20250610131159.495566-7-soumyadeep.hore@intel.com> References: <20250610131159.495566-7-soumyadeep.hore@intel.com> Content-Type: text/plain X-BeenThere: test-report@dpdk.org X-Mailman-Version: 2.1.29 Precedence: list List-Id: automatic DPDK test reports List-Unsubscribe: , List-Archive: List-Post: List-Help: List-Subscribe: , Errors-To: test-report-bounces@dpdk.org Test-Label: iol-compile-amd64-testing Test-Status: WARNING http://dpdk.org/patch/154296 _Testing issues_ Submitter: Soumyadeep Hore Date: Tuesday, June 10 2025 13:11:59 DPDK git baseline: Repo:dpdk Branch: master CommitID:86a7583c3e0c850f7a901556bc70c35c9de36d3f 154291-154296 --> testing issues Upstream job id: Windows-Compile-DPDK-Native#28952 Test environment and result as below: +---------------------+-------------------------+-------------------+--------------------+----------------------+ | Environment | dpdk_llvm_clang_compile | dpdk_msvc_compile | dpdk_meson_compile | dpdk_mingw64_compile | +=====================+=========================+===================+====================+======================+ | Windows Server 2022 | PASS | FAIL | SKIPPED | PASS | +---------------------+-------------------------+-------------------+--------------------+----------------------+ | FreeBSD 14.2 | SKIPPED | SKIPPED | PASS | SKIPPED | +---------------------+-------------------------+-------------------+--------------------+----------------------+ ==== 20 line log output for Windows Server 2022 (dpdk_msvc_compile): ==== [398/451] Compiling C object app/dpdk-test.exe.p/test_test_rcu_qsbr_perf.c.obj [399/451] Compiling C object app/dpdk-test.exe.p/test_test_mempool.c.obj [400/451] Compiling C object app/dpdk-test.exe.p/test_test_net_ip6.c.obj [401/451] Compiling C object app/dpdk-test.exe.p/test_test_pflock.c.obj [402/451] Compiling C object app/dpdk-test.exe.p/test_test_per_lcore.c.obj FAILED: app/dpdk-test.exe.p/test_test_per_lcore.c.obj "cl" "-Iapp\dpdk-test.exe.p" "-Iapp" "-I..\app" "-Ilib\cmdline" "-I..\lib\cmdline" "-Ilib\eal\common" "-I..\lib\eal\common" "-I." "-I.." "-Iconfig" "-I..\config" "-Ilib\eal\include" "-I..\lib\eal\include" "-Ilib\eal\windows\include" "-I..\lib\eal\windows\include" "-Ilib\eal\x86\include" "-I..\lib\eal\x86\include" "-Ilib\eal" "-I..\lib\eal" "-Ilib\log" "-I..\lib\log" "-Ilib\kvargs" "-I..\lib\kvargs" "-Ilib\net" "-I..\lib\net" "-Ilib\mbuf" "-I..\lib\mbuf" "-Ilib\mempool" "-I..\lib\mempool" "-Ilib \ring" "-I..\lib\ring" "-Ilib\metrics" "-I..\lib\metrics" "-Ilib\telemetry" "-I..\lib\telemetry" "-Ilib\argparse" "-I..\lib\argparse" "-Ilib\hash" "-I..\lib\hash" "-Ilib\rcu" "-I..\lib\rcu" "-Ilib\ethdev" "-I..\lib\ethdev" "-Ilib\meter" "-I..\lib\meter" "-Ilib\bitratestats" "-I..\lib\bitratestats" "-Ilib\cfgfile" "-I..\lib\cfgfile" "-Ilib\cryptodev" "-I..\lib\cryptodev" "-Ilib\security" "-I..\lib\security" "-Ilib\dmadev" "-I..\lib\dmadev" "-Ilib\fib" "-I..\lib\fib" "-Ilib\rib" "-I..\lib\rib" " -Ilib\lpm" "-I..\lib\lpm" "-Ilib\ip_frag" "-I..\lib\ip_frag" "-Ilib\latencystats" "-I..\lib\latencystats" "-Ilib\pcapng" "-I..\lib\pcapng" "-Ilib\ptr_compress" "-I..\lib\ptr_compress" "-Ilib\reorder" "-I..\lib\reorder" "-Ilib\stack" "-I..\lib\stack" "-Ilib\timer" "-I..\lib\timer" "-Iapp\test\test_cfgfiles" "-IC:\Program Files\Mellanox\MLNX_WinOF2_DevX_SDK\inc" "/MD" "/nologo" "/showIncludes" "/W3" "/WX" "/std:c11" "/O2" "/Gw" "/wd4244" "/wd4267" "/wd4146" "/experimental:c11atomics" "/d1experime ntal:typeof" "/experimental:statementExpressions" "/FI" "rte_config.h" "-D_GNU_SOURCE" "-D_WIN32_WINNT=0x0A00" "-DALLOW_EXPERIMENTAL_API" "-DALLOW_INTERNAL_API" "/Fdapp\dpdk-test.exe.p\test_test_per_lcore.c.pdb" /Foapp/dpdk-test.exe.p/test_test_per_lcore.c.obj "/c" ../app/test/test_per_lcore.c ../app/test/test_per_lcore.c(101): error C2220: the following warning is treated as an error ../app/test/test_per_lcore.c(101): warning C4090: 'function': different '_Atomic' qualifiers [403/451] Compiling C object app/dpdk-test.exe.p/test_test_ring_mt_peek_stress.c.obj [404/451] Compiling C object app/dpdk-test.exe.p/test_test_rib6.c.obj [405/451] Compiling C object app/dpdk-test.exe.p/test_test_reciprocal_division.c.obj [406/451] Compiling C object app/dpdk-test.exe.p/test_test_rcu_qsbr.c.obj [407/451] Compiling C object app/dpdk-test.exe.p/test_test_reciprocal_division_perf.c.obj [408/451] Compiling C object app/dpdk-test.exe.p/test_test_reassembly_perf.c.obj [409/451] Compiling C object app/dpdk-test.exe.p/test_test_pmd_perf.c.obj [410/451] Compiling C object app/dpdk-test.exe.p/test_test_mempool_perf.c.obj [411/451] Compiling C object app/dpdk-test.exe.p/test_test_memcpy_perf.c.obj ninja: build stopped: subcommand failed. ==== End log output ==== Windows Server 2022 Kernel: 10.0.20348.2031 Compiler: clang 15.0.7, gcc 14.1.0 (MinGW), and MSVC VS 19.39.33521 FreeBSD 14.2 Kernel: 14.2-RELEASE Compiler: clang 18.1.6 To view detailed results, visit: https://lab.dpdk.org/results/dashboard/patchsets/33381/ UNH-IOL DPDK Community Lab To manage your email subscriptions, visit: https://lab.dpdk.org/results/dashboard/preferences/subscriptions/