From mboxrd@z Thu Jan 1 00:00:00 1970 Return-Path: Received: from mails.dpdk.org (mails.dpdk.org [217.70.189.124]) by inbox.dpdk.org (Postfix) with ESMTP id 944C1468F3 for ; Sat, 14 Jun 2025 03:52:18 +0200 (CEST) Received: from mails.dpdk.org (localhost [127.0.0.1]) by mails.dpdk.org (Postfix) with ESMTP id 8F78B4025E; Sat, 14 Jun 2025 03:52:18 +0200 (CEST) Received: from mail-pl1-f227.google.com (mail-pl1-f227.google.com [209.85.214.227]) by mails.dpdk.org (Postfix) with ESMTP id A32004025E for ; Sat, 14 Jun 2025 03:52:17 +0200 (CEST) Received: by mail-pl1-f227.google.com with SMTP id d9443c01a7336-234bfe37cccso35857595ad.0 for ; Fri, 13 Jun 2025 18:52:17 -0700 (PDT) DKIM-Signature: v=1; a=rsa-sha256; c=relaxed/relaxed; d=iol.unh.edu; s=unh-iol; t=1749865937; x=1750470737; darn=dpdk.org; h=references:in-reply-to:cc:to:from:subject:message-id:date:from:to :cc:subject:date:message-id:reply-to; bh=CBXQnOJI9UxmD3E+tqXDSFydwvAk7FrSaektaE6uDuI=; b=bt4G8+fXJG9DK90R+TDYsxYXmfUYPhVTtoQLBpozYSmoBEROwi0sxq4EbvWIrV9gTR NW+MCdvgINi6U9umAumuJtucrjTVt2C3i48hh8k1AIWNX+JTMASy/s83dlaKg4MkjqE4 Q2SLHdzuyIxQ+ik9qTPJdy9JuEV4izpiY10EQ= X-Google-DKIM-Signature: v=1; a=rsa-sha256; c=relaxed/relaxed; d=1e100.net; s=20230601; t=1749865937; x=1750470737; h=references:in-reply-to:cc:to:from:subject:message-id:date :x-gm-message-state:from:to:cc:subject:date:message-id:reply-to; bh=CBXQnOJI9UxmD3E+tqXDSFydwvAk7FrSaektaE6uDuI=; b=HLJFHGLL5rGC2S5Kon1hd+k9Zfmh/DSz4yuXcGeOOhz4cd7+PeuxYBQDZl3AjvFJpS 658/QB+2m1yElT3z+ko7Vo9QafzqY73QJWnItTzFk8mz6ep+bXl6DtHIyVCLABzdEFqK vDrv8UqAQ+jvvOu+H/0GU6oPXHEBSKtNWZSrc07LeIlgkOZ5/ek/Zvo7mjytf/Z8RX9d 04ZwkmB9lJeb6WulaQoeDqmep0fBsFnthYxeuS/4maBOVSnkiSKr4IvrI7VDntEGanKP FYZFyBL/k6RxI+hPsuVdxnxV/iqvXh/Bz90SoCtXdnLoEMRwsYdRw+eKEJUfK1BB7YlN Y8+Q== X-Gm-Message-State: AOJu0YzZZZDtYaanaAx1PXmDtlNhD0XPYGqi6DjeUqBfDanHBr2ympMa Pylw0CLZUCK5eGhEsYkHb5xZo2SZBN/q0zw69K99e5Eunlb8J5jVajXz1u2LAiSbPvmhX38Gm8J Wjq4ii2uihajuVhs5w4UAMMR0wFAksObz/qvYyOnfy/qa X-Gm-Gg: ASbGncvmIAjq+HdPWg93lELmEKPGKTZPcjBonwT5exPh2cKXMjPK+OXtjxDbhaeoaX8 xoarRsA9yQ3yTWBXCnYzSelwTauCeZvcoIc3ZIZAcayILSRsA5P10ipDgz5GyhLZ7Ke07tGDqnH X5qwL/Kl9jtScJha6y6JImMnLCB7qh9CAaua+ui6thl0uj9I94qaxLkw3PZIL6AjKYbPdFV6+x5 t3d9nTyNPfYQEcAbWVOz9xeOlWhJOIV+hYrgGXPNzjx0Eb4L1xeaFyFoRTnrWX2pdDstPuJ3OcX z5znhMfGV+EDA9mfSHJK0aEKD0cktMIjeS1ietglNMnsHUjMK1+sO6OYcQ74WaiAdg9DCQ== X-Google-Smtp-Source: AGHT+IG4et36PDG27Crcz13PQUgAyV3Hhm2HqPsnzNImXT0KHU5PhkNnri6QAjFH/lgPgM6PVSVuhaeTZbcH X-Received: by 2002:a17:903:ac8:b0:234:909b:3da9 with SMTP id d9443c01a7336-2366b14d30cmr22548505ad.27.1749865936656; Fri, 13 Jun 2025 18:52:16 -0700 (PDT) Received: from postal.iol.unh.edu (postal.iol.unh.edu. [132.177.123.84]) by smtp-relay.gmail.com with ESMTPS id d9443c01a7336-2365d88e2a9sm1528955ad.13.2025.06.13.18.52.16 (version=TLS1_2 cipher=ECDHE-ECDSA-AES128-GCM-SHA256 bits=128/128); Fri, 13 Jun 2025 18:52:16 -0700 (PDT) X-Relaying-Domain: iol.unh.edu Date: Fri, 13 Jun 2025 18:52:16 -0700 (PDT) Message-ID: <684cd5d0.170a0220.3a2c73.7b7fSMTPIN_ADDED_MISSING@mx.google.com> Received: from [172.21.0.6] (unknown [172.18.0.240]) by postal.iol.unh.edu (Postfix) with ESMTP id D76336051830; Fri, 13 Jun 2025 21:52:15 -0400 (EDT) Subject: |FAILURE| pw154448 [PATCH] [v5] event/cnxk: add event vector adapter From: dpdklab@iol.unh.edu To: Test Report Cc: dpdk-test-reports@iol.unh.edu, Pavan Nikhilesh Bhagavatula In-Reply-To: <20250613231942.35167-1-pbhagavatula@marvell.com> References: <20250613231942.35167-1-pbhagavatula@marvell.com> Content-Type: text/plain X-BeenThere: test-report@dpdk.org X-Mailman-Version: 2.1.29 Precedence: list List-Id: automatic DPDK test reports List-Unsubscribe: , List-Archive: List-Post: List-Help: List-Subscribe: , Errors-To: test-report-bounces@dpdk.org Test-Label: iol-compile-amd64-testing Test-Status: FAILURE http://dpdk.org/patch/154448 _Testing issues_ Submitter: Pavan Nikhilesh Bhagavatula Date: Friday, June 13 2025 23:19:42 DPDK git baseline: Repo:dpdk Branch: master CommitID:794cce6797bbec2bd290573cfafe71a5a41ea9d5 154448 --> testing issues Upstream job id: Generic-DPDK-Compile-Meson#397496 Test environment and result as below: +-------------------------------+--------------------+-------------------+------------------+-------------------+-------------------------+----------------------+ | Environment | dpdk_meson_compile | dpdk_compile_spdk | dpdk_compile_ovs | dpdk_msvc_compile | dpdk_llvm_clang_compile | dpdk_mingw64_compile | +===============================+====================+===================+==================+===================+=========================+======================+ | Fedora 40 (Clang) | PASS | WARN | SKIPPED | SKIPPED | SKIPPED | SKIPPED | +-------------------------------+--------------------+-------------------+------------------+-------------------+-------------------------+----------------------+ | Debian GNU/Linux 12 | PASS | PASS | SKIPPED | SKIPPED | SKIPPED | SKIPPED | +-------------------------------+--------------------+-------------------+------------------+-------------------+-------------------------+----------------------+ | CentOS Stream 10 | PASS | SKIPPED | SKIPPED | SKIPPED | SKIPPED | SKIPPED | +-------------------------------+--------------------+-------------------+------------------+-------------------+-------------------------+----------------------+ | CentOS Stream 9 | PASS | PASS | SKIPPED | SKIPPED | SKIPPED | SKIPPED | +-------------------------------+--------------------+-------------------+------------------+-------------------+-------------------------+----------------------+ | Red Hat Enterprise Linux 8.10 | PASS | SKIPPED | SKIPPED | SKIPPED | SKIPPED | SKIPPED | +-------------------------------+--------------------+-------------------+------------------+-------------------+-------------------------+----------------------+ | openSUSE Leap 15.6 | PASS | SKIPPED | SKIPPED | SKIPPED | SKIPPED | SKIPPED | +-------------------------------+--------------------+-------------------+------------------+-------------------+-------------------------+----------------------+ | Fedora 40 | PASS | PASS | SKIPPED | SKIPPED | SKIPPED | SKIPPED | +-------------------------------+--------------------+-------------------+------------------+-------------------+-------------------------+----------------------+ | Fedora 41 (Clang) | PASS | WARN | PASS | SKIPPED | SKIPPED | SKIPPED | +-------------------------------+--------------------+-------------------+------------------+-------------------+-------------------------+----------------------+ | Ubuntu 22.04 | PASS | PASS | SKIPPED | SKIPPED | SKIPPED | SKIPPED | +-------------------------------+--------------------+-------------------+------------------+-------------------+-------------------------+----------------------+ | Red Hat Enterprise Linux 9.5 | PASS | SKIPPED | SKIPPED | SKIPPED | SKIPPED | SKIPPED | +-------------------------------+--------------------+-------------------+------------------+-------------------+-------------------------+----------------------+ | Ubuntu 20.04 | PASS | SKIPPED | SKIPPED | SKIPPED | SKIPPED | SKIPPED | +-------------------------------+--------------------+-------------------+------------------+-------------------+-------------------------+----------------------+ | Alpine | PASS | SKIPPED | SKIPPED | SKIPPED | SKIPPED | SKIPPED | +-------------------------------+--------------------+-------------------+------------------+-------------------+-------------------------+----------------------+ | Ubuntu 24.04 | PASS | PASS | PASS | SKIPPED | SKIPPED | SKIPPED | +-------------------------------+--------------------+-------------------+------------------+-------------------+-------------------------+----------------------+ | FreeBSD 14.2 | PASS | SKIPPED | SKIPPED | SKIPPED | SKIPPED | SKIPPED | +-------------------------------+--------------------+-------------------+------------------+-------------------+-------------------------+----------------------+ | Fedora 41 | PASS | PASS | PASS | SKIPPED | SKIPPED | SKIPPED | +-------------------------------+--------------------+-------------------+------------------+-------------------+-------------------------+----------------------+ | Windows Server 2022 | SKIPPED | SKIPPED | SKIPPED | PASS | FAIL | PASS | +-------------------------------+--------------------+-------------------+------------------+-------------------+-------------------------+----------------------+ ==== 20 line log output for Windows Server 2022 (dpdk_llvm_clang_compile): ==== Message: Disabling table [lib/table]: missing internal dependency "port" Compiler for C supports arguments -Wno-format-truncation: NO (cached) Compiler for C supports arguments -Wno-address-of-packed-member: YES (cached) Compiler for C supports arguments -Wno-cast-qual: YES Compiler for C supports arguments -Wno-pointer-arith: YES Message: drivers/bus/auxiliary: Defining dependency "bus_auxiliary" Compiler for C supports arguments -Wno-cast-qual: YES (cached) Compiler for C supports arguments -Wno-pointer-arith: YES (cached) Message: drivers/bus/pci: Defining dependency "bus_pci" Message: drivers/bus/vdev: Defining dependency "bus_vdev" Compiler for C supports arguments -std=c11: YES Compiler for C supports arguments -Wno-strict-prototypes: YES Compiler for C supports arguments -D_BSD_SOURCE: YES Compiler for C supports arguments -D_DEFAULT_SOURCE: YES Compiler for C supports arguments -D_XOPEN_SOURCE=600: YES Has header "mlx5devx.h" : YES drivers\common\mlx5\windows\meson.build:10:13: ERROR: C shared or static library 'mlx5devx' not found A full log can be found at C:\Users\builder\jenkins\workspace\Windows-Compile-DPDK-Native\dpdk\build\meson-logs\meson-log.txt ==== End log output ==== Fedora 40 (Clang) Kernel: Depends on container host Compiler: clang 18.1.8 (Fedora 18.1.8-1.fc40) Debian GNU/Linux 12 Kernel: 5.15 Compiler: gcc gcc (Debian 12.2.0-14) 12.2.0 CentOS Stream 10 Kernel: Depends on container host Compiler: gcc 14.2.1 20241104 (Red Hat 14.2.1-6) CentOS Stream 9 Kernel: Depends on container host Compiler: gcc 11.5.0 20240719 (Red Hat 11.5.0-2) Red Hat Enterprise Linux 8.10 Kernel: 5.15 Compiler: gcc gcc (GCC) 8.5.0 20210514 (Red Hat 8.5.0-22) openSUSE Leap 15.6 Kernel: 5.15 Compiler: gcc gcc (SUSE Linux) 7.5.0 Fedora 40 Kernel: Depends on container host Compiler: gcc 14.2.1 20240912 (Red Hat 14.2.1-3) Fedora 41 (Clang) Kernel: Depends on container host Compiler: clang 19.1.5 (Fedora 19.1.5-1.fc41) Ubuntu 22.04 Kernel: 5.15 Compiler: gcc gcc (Ubuntu 11.4.0-1ubuntu1~22.04) 11.4.0 Red Hat Enterprise Linux 9.5 Kernel: 5.15 Compiler: gcc gcc (GCC) 11.5.0 20240719 (Red Hat 11.5.0-2) Ubuntu 20.04 Kernel: 5.15 Compiler: gcc gcc (Ubuntu 9.4.0-1ubuntu1~20.04.2) 9.4.0 Alpine Kernel: Depends on container host Compiler: gcc (Alpine 14.2.0) 14.2.0 Ubuntu 24.04 Kernel: 5.15 Compiler: gcc gcc (Ubuntu 13.3.0-6ubuntu2~24.04) 13.3.0 FreeBSD 14.2 Kernel: 14.2-RELEASE Compiler: clang 18.1.6 Fedora 41 Kernel: Depends on container host Compiler: gcc 14.2.1 20240912 (Red Hat 14.2.1-3) Windows Server 2022 Kernel: 10.0.20348.2031 Compiler: clang 15.0.7, gcc 14.1.0 (MinGW), and MSVC VS 19.39.33521 To view detailed results, visit: https://lab.dpdk.org/results/dashboard/patchsets/33413/ UNH-IOL DPDK Community Lab To manage your email subscriptions, visit: https://lab.dpdk.org/results/dashboard/preferences/subscriptions/