From mboxrd@z Thu Jan 1 00:00:00 1970 Return-Path: Received: from mails.dpdk.org (mails.dpdk.org [217.70.189.124]) by inbox.dpdk.org (Postfix) with ESMTP id 5A452469E1 for ; Wed, 18 Jun 2025 05:52:12 +0200 (CEST) Received: from mails.dpdk.org (localhost [127.0.0.1]) by mails.dpdk.org (Postfix) with ESMTP id 30D1040279; Wed, 18 Jun 2025 05:52:12 +0200 (CEST) Received: from mail-pl1-f226.google.com (mail-pl1-f226.google.com [209.85.214.226]) by mails.dpdk.org (Postfix) with ESMTP id 0038A40279 for ; Wed, 18 Jun 2025 05:52:10 +0200 (CEST) Received: by mail-pl1-f226.google.com with SMTP id d9443c01a7336-234f17910d8so59578965ad.3 for ; Tue, 17 Jun 2025 20:52:10 -0700 (PDT) DKIM-Signature: v=1; a=rsa-sha256; c=relaxed/relaxed; d=iol.unh.edu; s=unh-iol; t=1750218730; x=1750823530; darn=dpdk.org; h=references:in-reply-to:cc:to:from:subject:message-id:date:from:to :cc:subject:date:message-id:reply-to; bh=qRbwjRnRJushflKLa9Z9ShInfdormRxe6hwJuBE87Ug=; b=dye2hhPHrNTDYkwmC34Qw+tYiXweJaa5e+LvJAODqthUkSDDfUK//f64+/DfzH3JDR MXaJkbytI7d+x6+h6y3Mr6QKz1iWF1VuLfA0tRshWr5sfYELi5VMVQnQ5FSQPI1FIZ7x ZKH5gnmtQ7ej+ix/vchyTa9vlIluRE6LbGIvk= X-Google-DKIM-Signature: v=1; a=rsa-sha256; c=relaxed/relaxed; d=1e100.net; s=20230601; t=1750218730; x=1750823530; h=references:in-reply-to:cc:to:from:subject:message-id:date :x-gm-message-state:from:to:cc:subject:date:message-id:reply-to; bh=qRbwjRnRJushflKLa9Z9ShInfdormRxe6hwJuBE87Ug=; b=j6JyTxaLvu4JcpoqC79q/VZJqOspGVoXUi/XR8FkH8LsL6wyzhzKmcZ0L3vLhv+Oc+ eDGqGzg5sT7XtD0s4fgp4TxGPSXsbPrMaAOz0qZ4t7oQBLEkmdq7kgwtsz1xZXJMaJan zPoPRLKuG3BJ+u7vN0YShL+MEbL1TP7JEZIWra7T8Rersc864jnd/v+T/qA0YfPI84rs sMSSVyway0ja66JehmJFtJ/N7nmSiqh4/40OQoMVunGhy9xLfbexpNmoF3g3UEzCViK/ UxSdjs+gEON+bUYWN60AX4A7TIBhrxzg/6pyjNuo4pBE6aTXOcGpgS8WcubmQD/A16Ac v50Q== X-Gm-Message-State: AOJu0YzRNpDYtAl66kPhlB3Zc7vk5Yh/QhbLSSBcsysN8KKi0FzzkION sq/2VwBy1OBfZIItLhoIsTOxTq40W6pnxvx8Jod8O/q1He86MaY9AGYgd/yT4hA9a5MzqME7lRk pFaHUd87NI8aGFxGGyp+QqbdL480spAAOcoTsf9ttj6ghyqoTYBXaudjyj5Pw X-Gm-Gg: ASbGncu/CwECqEfHzIeCAsiki73AkL71PsLQIVIs0FPECtbKKdzNX36f6sdiLpg9vdv bYPMiKpEchyWX89bMM01Jnh/EOG3lH9jDDKn1+FSh8IFb3yWkDyHD9Km7uxuuQAbRxt8sYgXCmm TeG3Z9aS7aS0J3EmTiaawbbw6hkUdeBSoNvMBVKrj0FWzM4lx8Mp63lV330oCLscv4gdxA8qZMD UtPRRwDhsa7fs+Z1FEooBg1in6SZjAoC1TlCm8JX1Cx7TvjoToDxNKcBOd4n4wJAlOGNBETgObA IvgbQIg6JmxUEro/OMddslxOmdxeZg7aZNsuQBqyhK5WGPU= X-Google-Smtp-Source: AGHT+IGFo503rePbJISQ+1YwEA+Q/U5iUxlVP/QaDpUcH0nye2obgjE0x7co/Kwm2MxItg2T69kV8AnMI6Qc X-Received: by 2002:a17:903:3302:b0:236:15b7:62f6 with SMTP id d9443c01a7336-2366b14d391mr181601585ad.34.1750218729979; Tue, 17 Jun 2025 20:52:09 -0700 (PDT) Received: from postal.iol.unh.edu (postal.iol.unh.edu. [2606:4100:3880:1234::84]) by smtp-relay.gmail.com with ESMTPS id d9443c01a7336-2365dc38fbdsm6235975ad.70.2025.06.17.20.52.09 (version=TLS1_2 cipher=ECDHE-ECDSA-AES128-GCM-SHA256 bits=128/128); Tue, 17 Jun 2025 20:52:09 -0700 (PDT) X-Relaying-Domain: iol.unh.edu Date: Tue, 17 Jun 2025 20:52:09 -0700 (PDT) Message-ID: <685237e9.170a0220.1f0c65.ca92SMTPIN_ADDED_MISSING@mx.google.com> Received: from [172.17.0.2] (unknown [172.18.0.74]) by postal.iol.unh.edu (Postfix) with ESMTP id 216096051830; Tue, 17 Jun 2025 23:52:09 -0400 (EDT) Subject: |FAILURE| pw154343 [PATCH] [v2] dts: fix deterministic doc From: dpdklab@iol.unh.edu To: Test Report Cc: dpdk-test-reports@iol.unh.edu, Clemens Famulla-Conrad In-Reply-To: <20250611140530.51551-1-cfamullaconrad@suse.com> References: <20250611140530.51551-1-cfamullaconrad@suse.com> Content-Type: text/plain X-BeenThere: test-report@dpdk.org X-Mailman-Version: 2.1.29 Precedence: list List-Id: automatic DPDK test reports List-Unsubscribe: , List-Archive: List-Post: List-Help: List-Subscribe: , Errors-To: test-report-bounces@dpdk.org Test-Label: iol-unit-amd64-testing Test-Status: FAILURE http://dpdk.org/patch/154343 _Testing issues_ Submitter: Clemens Famulla-Conrad Date: Wednesday, June 11 2025 14:05:30 DPDK git baseline: Repo:dpdk Branch: master CommitID:398bb775edc5434ad94578a5e6c49fa1328acc0f 154343 --> testing issues Upstream job id: Generic-VM-Unit-Test-DPDK#29118 Test environment and result as below: +-------------------------------+----------------+ | Environment | dpdk_unit_test | +===============================+================+ | Fedora Linux 40 | PASS | +-------------------------------+----------------+ | Debian GNU/Linux 12 | PASS | +-------------------------------+----------------+ | CentOS Stream 10 | PASS | +-------------------------------+----------------+ | CentOS Stream 9 | PASS | +-------------------------------+----------------+ | Fedora Linux 41 | PASS | +-------------------------------+----------------+ | Red Hat Enterprise Linux 8.10 | PASS | +-------------------------------+----------------+ | Ubuntu 20.04 | PASS | +-------------------------------+----------------+ | Red Hat Enterprise Linux 9.5 | PASS | +-------------------------------+----------------+ | Ubuntu 24.04 | PASS | +-------------------------------+----------------+ | Ubuntu 22.04 | PASS | +-------------------------------+----------------+ | Windows Server 2022 | FAIL | +-------------------------------+----------------+ ==== Unit test summary for Windows Server 2022 (dpdk_unit_test): ==== Failed to get the unit test results. Displaying the unit test results is not supported for some environments, such as our aarch32 testing, where meson is not used to run the tests. Download the logs available on our CI site. ==== End log output ==== Fedora Linux 40 Kernel: 5.15 Compiler: clang gcc (GCC) 14.2.1 20240912 (Red Hat 14.2.1-3) Debian GNU/Linux 12 Kernel: 5.15 Compiler: gcc gcc (Debian 12.2.0-14+deb12u1) 12.2.0 CentOS Stream 10 Kernel: 5.15 Compiler: gcc gcc (GCC) 14.2.1 20250110 (Red Hat 14.2.1-8) CentOS Stream 9 Kernel: 5.15 Compiler: gcc gcc (GCC) 11.5.0 20240719 (Red Hat 11.5.0-7) Fedora Linux 41 Kernel: 5.15 Compiler: gcc gcc (GCC) 14.3.1 20250523 (Red Hat 14.3.1-1) Red Hat Enterprise Linux 8.10 Kernel: 5.15 Compiler: gcc gcc (GCC) 8.5.0 20210514 (Red Hat 8.5.0-22) Ubuntu 20.04 Kernel: 5.15 Compiler: gcc gcc (Ubuntu 9.4.0-1ubuntu1~20.04.2) 9.4.0 Red Hat Enterprise Linux 9.5 Kernel: 5.15 Compiler: gcc gcc (GCC) 11.5.0 20240719 (Red Hat 11.5.0-2) Ubuntu 24.04 Kernel: 5.15 Compiler: gcc gcc (Ubuntu 13.3.0-6ubuntu2~24.04) 13.3.0 Ubuntu 22.04 Kernel: 5.15 Compiler: gcc gcc (Ubuntu 11.4.0-1ubuntu1~22.04) 11.4.0 Windows Server 2022 Kernel: 10.0.20348.2031 Compiler: clang 15.0.7, gcc 14.1.0 (MinGW), and MSVC VS 19.39.33521 To view detailed results, visit: https://lab.dpdk.org/results/dashboard/patchsets/33391/ UNH-IOL DPDK Community Lab To manage your email subscriptions, visit: https://lab.dpdk.org/results/dashboard/preferences/subscriptions/