From mboxrd@z Thu Jan 1 00:00:00 1970 Return-Path: Received: from mails.dpdk.org (mails.dpdk.org [217.70.189.124]) by inbox.dpdk.org (Postfix) with ESMTP id 53064469EC for ; Wed, 18 Jun 2025 15:31:42 +0200 (CEST) Received: from mails.dpdk.org (localhost [127.0.0.1]) by mails.dpdk.org (Postfix) with ESMTP id 4B993427E0; Wed, 18 Jun 2025 15:31:42 +0200 (CEST) Received: from mail-pf1-f227.google.com (mail-pf1-f227.google.com [209.85.210.227]) by mails.dpdk.org (Postfix) with ESMTP id B404F427E0 for ; Wed, 18 Jun 2025 15:31:40 +0200 (CEST) Received: by mail-pf1-f227.google.com with SMTP id d2e1a72fcca58-748d982e97cso1448073b3a.1 for ; Wed, 18 Jun 2025 06:31:40 -0700 (PDT) DKIM-Signature: v=1; a=rsa-sha256; c=relaxed/relaxed; d=iol.unh.edu; s=unh-iol; t=1750253500; x=1750858300; darn=dpdk.org; h=references:in-reply-to:cc:to:from:subject:message-id:date:from:to :cc:subject:date:message-id:reply-to; bh=DZ5Vb4CQ3ZcHTDUUjrCn8zzcz9/mOg2q5ihyP36RZB4=; b=VP1YbdvpvEIdnquTRPyP9GjU6JbmduP57ca7OngG8HJxM6y1BQ7B1oa4boY1G8NlKQ WlndK5c7J5m3W0NgQKa69Bl4q9w/GrUjRUJbCEYhczl/SIDymuwI0guN1KWNVF/js0aS /k8vXPVHHkZ0MrK2pWFnkLTAjpgbd7uYi71RQ= X-Google-DKIM-Signature: v=1; a=rsa-sha256; c=relaxed/relaxed; d=1e100.net; s=20230601; t=1750253500; x=1750858300; h=references:in-reply-to:cc:to:from:subject:message-id:date :x-gm-message-state:from:to:cc:subject:date:message-id:reply-to; bh=DZ5Vb4CQ3ZcHTDUUjrCn8zzcz9/mOg2q5ihyP36RZB4=; b=bTZLxeR/04uqOmcQBxVo5yvgGKDQBtK0ahNKKydhz0tIGybxqLxxbM8aYNVVa0ag5z 8cnPDXlmwSDKbChJpaSWora+UlB8N8N41tQfmnsuC82ROEe1Dekabkic7ykfYmt/zRQg SmlOpXC4lL1J+7itpUK1S2p2T5I52rY+kdACX0GRgUMQjR+FEtg8V+umklZf8Nk8Y+r4 cAyB9GMjcHTqX/3RZUH5IoZCoZSMi1eryWmJL1vqQCK37HfelnMxo+PAfkFEUQNWCi2s wdJYEL4v2QzMrK4bv45m8dUxJquf6eHqzXEc3XJhd5j2BsayOo2n6szHp4PM15VTTnT0 AsNQ== X-Gm-Message-State: AOJu0YzRuLbLgjp4/+DNjo2LA41yebUHCn1Yl5eeyPL8aavlFcB5DTbh DSoWYNIluzhnz5aLwb3rTCPRCf1hlGv/mdc8lijyUyJkcOnt2ojbD2KC0q1tMK21K5ceLuGtmV6 vl6j1B9BoG+DmwkOjJD0Qh1gTcEND+Hhoq2YLjbCL7+7sxozlaunw7j6xo99t X-Gm-Gg: ASbGncv3vDv5u0hBYb1gBh5HON8bDeQwgz59xttTudkN0FnoDIKdz1TiPbuVbkwobnB O6wsNwHbWD/L4RL5pRozxYCUNvpgUEIJtOhWBei74mceVo5Wj4hBoWu38LhV6aU+35rI/1clMvY 8TeovrEmVbSc3XRTsSj42WgHAQ/23ZJrkPUrpUqw6ykHn/hLdQDxSEi1WY//g7gBfIfjTRvG9GB tpquO2ovmTrqlciRSxJdx2Gj1EB2FFhPeOG5Ik70YKK79hHnOeWjhhqqOg7L059Zpk3PjYkycwo DcZDZSeL0b8518vc6v8b7ucBT66YaHBdfsCdCORDBKWZ4vc= X-Google-Smtp-Source: AGHT+IGPiXjcx6N/0pKaUvIQa5PDQhpjjy6Av4QzMi7FP3b2Nm7rdHakk5CDSs7DZ0WFgbWz/0BOSSs7Rc2Y X-Received: by 2002:a05:6a00:13a9:b0:740:9c57:3907 with SMTP id d2e1a72fcca58-7489d175260mr24183656b3a.19.1750253499789; Wed, 18 Jun 2025 06:31:39 -0700 (PDT) Received: from postal.iol.unh.edu (postal.iol.unh.edu. [2606:4100:3880:1234::84]) by smtp-relay.gmail.com with ESMTPS id d2e1a72fcca58-748df0d0dd7sm196375b3a.4.2025.06.18.06.31.39 (version=TLS1_2 cipher=ECDHE-ECDSA-AES128-GCM-SHA256 bits=128/128); Wed, 18 Jun 2025 06:31:39 -0700 (PDT) X-Relaying-Domain: iol.unh.edu Date: Wed, 18 Jun 2025 06:31:39 -0700 (PDT) Message-ID: <6852bfbb.050a0220.159f78.a01dSMTPIN_ADDED_MISSING@mx.google.com> Received: from [172.17.0.3] (unknown [172.18.0.74]) by postal.iol.unh.edu (Postfix) with ESMTP id E3BDE604D420; Wed, 18 Jun 2025 09:31:38 -0400 (EDT) Subject: |FAILURE| pw154412 [PATCH] [v4] event/cnxk: add event vector adapter From: dpdklab@iol.unh.edu To: Test Report Cc: dpdk-test-reports@iol.unh.edu, Pavan Nikhilesh Bhagavatula In-Reply-To: <20250612170923.36114-1-pbhagavatula@marvell.com> References: <20250612170923.36114-1-pbhagavatula@marvell.com> Content-Type: text/plain X-BeenThere: test-report@dpdk.org X-Mailman-Version: 2.1.29 Precedence: list List-Id: automatic DPDK test reports List-Unsubscribe: , List-Archive: List-Post: List-Help: List-Subscribe: , Errors-To: test-report-bounces@dpdk.org Test-Label: iol-unit-amd64-testing Test-Status: FAILURE http://dpdk.org/patch/154412 _Testing issues_ Submitter: Pavan Nikhilesh Bhagavatula Date: Thursday, June 12 2025 17:09:22 DPDK git baseline: Repo:dpdk Branch: master CommitID:794cce6797bbec2bd290573cfafe71a5a41ea9d5 154412 --> testing issues Upstream job id: Generic-VM-Unit-Test-DPDK#29144 Test environment and result as below: +-------------------------------+----------------+ | Environment | dpdk_unit_test | +===============================+================+ | Fedora Linux 40 | PASS | +-------------------------------+----------------+ | Fedora Linux 41 | PASS | +-------------------------------+----------------+ | Debian GNU/Linux 12 | PASS | +-------------------------------+----------------+ | Red Hat Enterprise Linux 8.10 | PASS | +-------------------------------+----------------+ | CentOS Stream 9 | PASS | +-------------------------------+----------------+ | CentOS Stream 10 | PASS | +-------------------------------+----------------+ | Ubuntu 24.04 | PASS | +-------------------------------+----------------+ | Red Hat Enterprise Linux 9.5 | PASS | +-------------------------------+----------------+ | Ubuntu 20.04 | PASS | +-------------------------------+----------------+ | Ubuntu 22.04 | PASS | +-------------------------------+----------------+ | Windows Server 2022 | FAIL | +-------------------------------+----------------+ ==== Unit test summary for Windows Server 2022 (dpdk_unit_test): ==== Failed to get the unit test results. Displaying the unit test results is not supported for some environments, such as our aarch32 testing, where meson is not used to run the tests. Download the logs available on our CI site. ==== End log output ==== Fedora Linux 40 Kernel: 5.15 Compiler: clang gcc (GCC) 14.2.1 20240912 (Red Hat 14.2.1-3) Fedora Linux 41 Kernel: 5.15 Compiler: gcc gcc (GCC) 14.3.1 20250523 (Red Hat 14.3.1-1) Debian GNU/Linux 12 Kernel: 5.15 Compiler: gcc gcc (Debian 12.2.0-14+deb12u1) 12.2.0 Red Hat Enterprise Linux 8.10 Kernel: 5.15 Compiler: gcc gcc (GCC) 8.5.0 20210514 (Red Hat 8.5.0-22) CentOS Stream 9 Kernel: 5.15 Compiler: gcc gcc (GCC) 11.5.0 20240719 (Red Hat 11.5.0-7) CentOS Stream 10 Kernel: 5.15 Compiler: gcc gcc (GCC) 14.2.1 20250110 (Red Hat 14.2.1-8) Ubuntu 24.04 Kernel: 5.15 Compiler: gcc gcc (Ubuntu 13.3.0-6ubuntu2~24.04) 13.3.0 Red Hat Enterprise Linux 9.5 Kernel: 5.15 Compiler: gcc gcc (GCC) 11.5.0 20240719 (Red Hat 11.5.0-2) Ubuntu 20.04 Kernel: 5.15 Compiler: gcc gcc (Ubuntu 9.4.0-1ubuntu1~20.04.2) 9.4.0 Ubuntu 22.04 Kernel: 5.15 Compiler: gcc gcc (Ubuntu 11.4.0-1ubuntu1~22.04) 11.4.0 Windows Server 2022 Kernel: 10.0.20348.2031 Compiler: clang 15.0.7, gcc 14.1.0 (MinGW), and MSVC VS 19.39.33521 To view detailed results, visit: https://lab.dpdk.org/results/dashboard/patchsets/33404/ UNH-IOL DPDK Community Lab To manage your email subscriptions, visit: https://lab.dpdk.org/results/dashboard/preferences/subscriptions/