From mboxrd@z Thu Jan  1 00:00:00 1970
Return-Path: <test-report-bounces@dpdk.org>
Received: from mails.dpdk.org (mails.dpdk.org [217.70.189.124])
	by inbox.dpdk.org (Postfix) with ESMTP id 6DC2746A0C
	for <public@inbox.dpdk.org>; Fri, 20 Jun 2025 16:23:29 +0200 (CEST)
Received: from mails.dpdk.org (localhost [127.0.0.1])
	by mails.dpdk.org (Postfix) with ESMTP id 58124402F2;
	Fri, 20 Jun 2025 16:23:29 +0200 (CEST)
Received: from mail-pf1-f228.google.com (mail-pf1-f228.google.com
 [209.85.210.228])
 by mails.dpdk.org (Postfix) with ESMTP id 2BFED402F2
 for <test-report@dpdk.org>; Fri, 20 Jun 2025 16:23:28 +0200 (CEST)
Received: by mail-pf1-f228.google.com with SMTP id
 d2e1a72fcca58-7490acf57b9so713251b3a.2
 for <test-report@dpdk.org>; Fri, 20 Jun 2025 07:23:28 -0700 (PDT)
DKIM-Signature: v=1; a=rsa-sha256; c=relaxed/relaxed;
 d=iol.unh.edu; s=unh-iol; t=1750429407; x=1751034207; darn=dpdk.org;
 h=references:in-reply-to:cc:to:from:subject:message-id:date:from:to
 :cc:subject:date:message-id:reply-to;
 bh=xrwDRC7NZDV+AHxs3br1hrGwDYn1W5V5YXCQ4dx93Ng=;
 b=WlM4M+Oc65dRQY1aa8GnDvM7RovdqKMBqmWsrvcdianeoGekJZ+rOgzCBHSHLJHez2
 r+8fF4VX0TZJ4HLddxDh85vt1PAkQeX+XePvBJRmtcdpvWn5wlIO5tFCuTVdOvhIdRdD
 QdN/0C29xkanVZdPi2EP52n9XC+BgAT7Pi0Tc=
X-Google-DKIM-Signature: v=1; a=rsa-sha256; c=relaxed/relaxed;
 d=1e100.net; s=20230601; t=1750429407; x=1751034207;
 h=references:in-reply-to:cc:to:from:subject:message-id:date
 :x-gm-message-state:from:to:cc:subject:date:message-id:reply-to;
 bh=xrwDRC7NZDV+AHxs3br1hrGwDYn1W5V5YXCQ4dx93Ng=;
 b=FdCcpWCjPlLE+2XOfCkHsXQ7ZP8sQNH9OG12AucMwBb+sMDlPt0F54iP0crpt8OyNJ
 7dkQCwJXsb6wM7UC6VyMUnjLibMNyJYCqQIGA/WOiLA9KA7abzJkskMaYQtle40BIlFo
 vydRfxyx6ATW7xeAG7kl6BCg7e8DyQGaPfMMXvL7tUVna1aqvjRDPLSdol5FeTqUhe53
 4+8LbFEQZtvexsZGP4NFJwV8hW21Uq4WwwRQLa4187Uu16FQST6QclWuIYzix4AN8dbh
 zf94wkUYqxpp+T3qecK424T+cmPiDFYZbgpnylDu9sPHJzz/vI8qy4BJWKLunGALDqY8
 v3EA==
X-Gm-Message-State: AOJu0YxWtd1ZEPnRzGz4V8LLWSBCGYNwPMlIME1gWmA1TSAxV7GczfgS
 YcMnx8J/2IEmsUTatmlDg7kAduBKc/DISIYwaBdrIDKu/wUFpbHn90OaMEsS6ZRc59/sGo8Go17
 KJR0uS05Jj1WvblzsZ0wroo29jqtg0FHDYpGobkiHi8ll
X-Gm-Gg: ASbGncuZ9aYUPyoViXMdOxC3e0L8aDWppxI7A9Q2f4KyiIsgkwSEr0aHQ1x/iJf80VN
 fyp6CaZcCeap8stTvv7DBAI3Isy1qUXeB9ydagOgSlhMyyhnVwb+g/qUxogv/0koJ6imaTGYQvm
 hasZpiUl5RqQaqTh9V7BKzLfIZWv5g3nlviKW7BQoaOXou1c24MVgklVG6G871KMtDBiTGGorpb
 JIceTH0bvtXx8wV7MSqDynKjqAy4MKFsLdYwcni9lNFgzKqQuNSkSTkyBXQ5q+ERRIr3n9CSjkA
 ajCa9zM81G2u4/fTu47HyU5/tvHEGqM1d+rDQcBDrd/lVlb51Zd2KiQxWGd3AJjL7oPIEg==
X-Google-Smtp-Source: AGHT+IGSOKKy9OhLtYhJ71K2+TUX8FxoVgswWtNo/xQ2350qJYs7It31aodpOJ3XKKGNiZf32YWXAj79CdKM
X-Received: by 2002:a05:6a21:8dc7:b0:220:96:11f6 with SMTP id
 adf61e73a8af0-22026fe8a08mr4518065637.37.1750429406859; 
 Fri, 20 Jun 2025 07:23:26 -0700 (PDT)
Received: from postal.iol.unh.edu (postal.iol.unh.edu. [132.177.123.84])
 by smtp-relay.gmail.com with ESMTPS id
 41be03b00d2f7-b31f11b8db8sm41594a12.8.2025.06.20.07.23.26
 (version=TLS1_2 cipher=ECDHE-ECDSA-AES128-GCM-SHA256 bits=128/128);
 Fri, 20 Jun 2025 07:23:26 -0700 (PDT)
X-Relaying-Domain: iol.unh.edu
Date: Fri, 20 Jun 2025 07:23:26 -0700 (PDT)
Message-ID: <68556ede.050a0220.639f5.1bc6SMTPIN_ADDED_MISSING@mx.google.com>
Received: from [172.21.0.10] (unknown [172.18.0.240])
 by postal.iol.unh.edu (Postfix) with ESMTP id 12382604D420;
 Fri, 20 Jun 2025 10:23:26 -0400 (EDT)
Subject: |FAILURE| pw154611-154612 [PATCH] [3/3] test/crypto: fix RSA decrypt
From: dpdklab@iol.unh.edu
To: Test Report <test-report@dpdk.org>
Cc: dpdk-test-reports@iol.unh.edu,
 Gowrishankar Muthukrishnan <gmuthukrishn@marvell.com>
In-Reply-To: <20250620081921.2145-3-gmuthukrishn@marvell.com>
References: <20250620081921.2145-3-gmuthukrishn@marvell.com>
Content-Type: text/plain
X-BeenThere: test-report@dpdk.org
X-Mailman-Version: 2.1.29
Precedence: list
List-Id: automatic DPDK test reports <test-report.dpdk.org>
List-Unsubscribe: <https://mails.dpdk.org/options/test-report>,
 <mailto:test-report-request@dpdk.org?subject=unsubscribe>
List-Archive: <http://mails.dpdk.org/archives/test-report/>
List-Post: <mailto:test-report@dpdk.org>
List-Help: <mailto:test-report-request@dpdk.org?subject=help>
List-Subscribe: <https://mails.dpdk.org/listinfo/test-report>,
 <mailto:test-report-request@dpdk.org?subject=subscribe>
Errors-To: test-report-bounces@dpdk.org

Test-Label: iol-unit-amd64-testing
Test-Status: FAILURE
http://dpdk.org/patch/154612

_Testing issues_

Submitter: Gowrishankar Muthukrishnan <gmuthukrishn@marvell.com>
Date: Friday, June 20 2025 08:19:18 
DPDK git baseline: Repo:dpdk
  Branch: master
  CommitID:0c62b5fc83da79ef1ceb9bf75b3e28081cc19b43

154611-154612 --> testing issues

Upstream job id: Generic-VM-Unit-Test-DPDK#29353

Test environment and result as below:

+-------------------------------+----------------+
|          Environment          | dpdk_unit_test |
+===============================+================+
| CentOS Stream 9               | PASS           |
+-------------------------------+----------------+
| Debian GNU/Linux 12           | PASS           |
+-------------------------------+----------------+
| CentOS Stream 10              | PASS           |
+-------------------------------+----------------+
| Fedora Linux 41               | PASS           |
+-------------------------------+----------------+
| Fedora Linux 40               | PASS           |
+-------------------------------+----------------+
| Red Hat Enterprise Linux 8.10 | PASS           |
+-------------------------------+----------------+
| Red Hat Enterprise Linux 9.5  | PASS           |
+-------------------------------+----------------+
| Ubuntu 20.04                  | PASS           |
+-------------------------------+----------------+
| Ubuntu 22.04                  | PASS           |
+-------------------------------+----------------+
| Ubuntu 24.04                  | PASS           |
+-------------------------------+----------------+
| Windows Server 2022           | FAIL           |
+-------------------------------+----------------+

==== Unit test summary for Windows Server 2022 (dpdk_unit_test): ====
Failed to get the unit test results.
Displaying the unit test results is not supported for some environments,
such as our aarch32 testing, where meson is not used to run the tests.
Download the logs available on our CI site.
==== End log output ====

CentOS Stream 9
	Kernel: 5.15
	Compiler: gcc gcc (GCC) 11.5.0 20240719 (Red Hat 11.5.0-7)

Debian GNU/Linux 12
	Kernel: 5.15
	Compiler: gcc gcc (Debian 12.2.0-14+deb12u1) 12.2.0

CentOS Stream 10
	Kernel: 5.15
	Compiler: gcc gcc (GCC) 14.2.1 20250110 (Red Hat 14.2.1-8)

Fedora Linux 41
	Kernel: 5.15
	Compiler: gcc gcc (GCC) 14.3.1 20250523 (Red Hat 14.3.1-1)

Fedora Linux 40
	Kernel: 5.15
	Compiler: gcc gcc (GCC) 14.2.1 20240912 (Red Hat 14.2.1-3)

Red Hat Enterprise Linux 8.10
	Kernel: 5.15
	Compiler: gcc gcc (GCC) 8.5.0 20210514 (Red Hat 8.5.0-22)

Red Hat Enterprise Linux 9.5
	Kernel: 5.15
	Compiler: gcc gcc (GCC) 11.5.0 20240719 (Red Hat 11.5.0-2)

Ubuntu 20.04
	Kernel: 5.15
	Compiler: gcc gcc (Ubuntu 9.4.0-1ubuntu1~20.04.2) 9.4.0

Ubuntu 22.04
	Kernel: 5.15
	Compiler: gcc gcc (Ubuntu 11.4.0-1ubuntu1~22.04) 11.4.0

Ubuntu 24.04
	Kernel: 5.15
	Compiler: gcc gcc (Ubuntu 13.3.0-6ubuntu2~24.04) 13.3.0

Windows Server 2022
	Kernel: 10.0.20348.2031
	Compiler: clang 15.0.7, gcc 14.1.0 (MinGW), and MSVC VS 19.39.33521

To view detailed results, visit:
https://lab.dpdk.org/results/dashboard/patchsets/33469/

UNH-IOL DPDK Community Lab

To manage your email subscriptions, visit: 
https://lab.dpdk.org/results/dashboard/preferences/subscriptions/