From mboxrd@z Thu Jan 1 00:00:00 1970 Return-Path: Received: from mails.dpdk.org (mails.dpdk.org [217.70.189.124]) by inbox.dpdk.org (Postfix) with ESMTP id A38E746D62 for ; Tue, 19 Aug 2025 09:52:50 +0200 (CEST) Received: from mails.dpdk.org (localhost [127.0.0.1]) by mails.dpdk.org (Postfix) with ESMTP id 7EEE940262; Tue, 19 Aug 2025 09:52:50 +0200 (CEST) Received: from mail-oa1-f99.google.com (mail-oa1-f99.google.com [209.85.160.99]) by mails.dpdk.org (Postfix) with ESMTP id 9D14040262 for ; Tue, 19 Aug 2025 09:52:49 +0200 (CEST) Received: by mail-oa1-f99.google.com with SMTP id 586e51a60fabf-30cce50dfb4so4820137fac.0 for ; Tue, 19 Aug 2025 00:52:49 -0700 (PDT) DKIM-Signature: v=1; a=rsa-sha256; c=relaxed/relaxed; d=iol.unh.edu; s=unh-iol; t=1755589969; x=1756194769; darn=dpdk.org; h=references:in-reply-to:cc:to:from:subject:message-id:date:from:to :cc:subject:date:message-id:reply-to; bh=qZVsASSx2nHcBxl2NOKtsSX4KDe7KPcSTq7TIZ++jDI=; b=PDg1ltvu/+EEmufOn4G9PLz25/kVFd5Fr/g82IKKLlGr4chr3to9CF6N9CXTf5985k jEf1qXhUpElR0oxF2tLmjvTQXdW6hnMkM11OjRaP5Ax9Mu9iXuFREuKeovzKqaEmqZyD uej8pAvgUwuVx/qztdWbv/kWP5EksDyjgGSwY= X-Google-DKIM-Signature: v=1; a=rsa-sha256; c=relaxed/relaxed; d=1e100.net; s=20230601; t=1755589969; x=1756194769; h=references:in-reply-to:cc:to:from:subject:message-id:date :x-gm-message-state:from:to:cc:subject:date:message-id:reply-to; bh=qZVsASSx2nHcBxl2NOKtsSX4KDe7KPcSTq7TIZ++jDI=; b=wX0GMvlWr80ZU9MeMI1gHT7njMYhc+8WP1j0D0HYt3VcKOXK3hByk4m5b5xX/Nozmf /eJTzVy7G/nc5uXlijD1qGBaqYbVRBISziwZFS15znF81tbOjoF9LcCbTmZjIxIki8Zk gy4+uXp6X0NtJW70xeAvDcwcprYr3ZQNtl0X8mNOAgnSp3f6uDl/5LYrLNs0lYS0o1bR VHIn97Mu3tF+zMSwSPpUCMsn0eF9ecot2syVdGaRyQzHr7cxIYaNETV/PAJvBI6txZHg HNktykLbRm6sz0wNNvB49evs5G7A4WTr5vtBBeAA96dtd9kD1taMzyCgjvZyIlLrGNLk VKNw== X-Gm-Message-State: AOJu0YxFmC8Cym822SqZ0pH4GC3d6LOcLfsBQLYElRPrQDSXv/EmHWvt feV0ahKPmS+SK9GlvxAJMtdLaySqo3YlgFalxv9odf2uV3kZUJc2fLkUxKbRg0PEZvI72DyTUgc 4JspKmfz+swOjPI0T+cgFJ9gIc+rTt0jXIzrnNTjsVTJThSQOwN6vbYXthISq X-Gm-Gg: ASbGncvbQDX0QKWJT6hIuZVQPw3HpURGgt5jnDPkTAP1q2U5nQjnL1duhu9lS9fYiQR neRzPvs4XxRNL5n+OaA67+Q4D9bNHwa8SkMb9cQnFDzFEAvsxVjYGe5eLt/mVV7OcEDcBlLfh8h M0tW81KOOQp2aenzTuydx7NhSNpAbuDjne/Kbn3zuLStn4BBMSTGatnlAs6r3WgWonHpO0PVyCk SC6OKeoQypPOBhufK+KCf5qPzKXw1q8M5h62w0JVHwMy3h8+WgRerEeoNKhGmoEUitFkWOFhx71 cg3lS/Y8B3agyixyvtsaDeBhX6VDUjgO8AAZ01jLx96J3AB54Q== X-Google-Smtp-Source: AGHT+IGKL9ycCP2Mj2hQF/YbpBGH4ukUMt0m/DBPL8gvHd8wVQTSv7MUZGgnkMrzgfcJ3Cdf6hFZxoRKxMnG X-Received: by 2002:a05:6870:b511:b0:307:1af1:60a1 with SMTP id 586e51a60fabf-3110c372378mr1240900fac.19.1755589968691; Tue, 19 Aug 2025 00:52:48 -0700 (PDT) Received: from postal.iol.unh.edu (postal.iol.unh.edu. [2606:4100:3880:1234::84]) by smtp-relay.gmail.com with ESMTPS id 586e51a60fabf-310ab91d9c3sm1120280fac.5.2025.08.19.00.52.48 (version=TLS1_2 cipher=ECDHE-ECDSA-AES128-GCM-SHA256 bits=128/128); Tue, 19 Aug 2025 00:52:48 -0700 (PDT) X-Relaying-Domain: iol.unh.edu Date: Tue, 19 Aug 2025 00:52:48 -0700 (PDT) Message-ID: <68a42d50.050a0220.3b0daf.9678SMTPIN_ADDED_MISSING@mx.google.com> Received: from [172.21.0.3] (unknown [172.18.0.240]) by postal.iol.unh.edu (Postfix) with ESMTP id 34CD36051830; Tue, 19 Aug 2025 03:52:48 -0400 (EDT) Subject: |FAILURE| pw155932-155978 [PATCH] [RFC,47/47] drivers/raw: replace w From: dpdklab@iol.unh.edu To: Test Report Cc: dpdk-test-reports@iol.unh.edu, Stephen Hemminger In-Reply-To: <20250818233102.180207-48-stephen@networkplumber.org> References: <20250818233102.180207-48-stephen@networkplumber.org> Content-Type: text/plain X-BeenThere: test-report@dpdk.org X-Mailman-Version: 2.1.29 Precedence: list List-Id: automatic DPDK test reports List-Unsubscribe: , List-Archive: List-Post: List-Help: List-Subscribe: , Errors-To: test-report-bounces@dpdk.org Test-Label: iol-compile-amd64-testing Test-Status: FAILURE http://dpdk.org/patch/155978 _Testing issues_ Submitter: Stephen Hemminger Date: Monday, August 18 2025 23:27:58 DPDK git baseline: Repo:dpdk Branch: master CommitID:38543d33bd47fc0ee21f59db80a8763620741879 155932-155978 --> testing issues Upstream job id: Generic-DPDK-Compile-Meson#418408 Test environment and result as below: +-------------------------------+--------------------+-------------------+------------------+ | Environment | dpdk_meson_compile | dpdk_compile_spdk | dpdk_compile_ovs | +===============================+====================+===================+==================+ | CentOS Stream 9 | PASS | PASS | SKIPPED | +-------------------------------+--------------------+-------------------+------------------+ | CentOS Stream 10 | PASS | SKIPPED | SKIPPED | +-------------------------------+--------------------+-------------------+------------------+ | Debian GNU/Linux 12 | FAIL | WARN | SKIPPED | +-------------------------------+--------------------+-------------------+------------------+ | Fedora Linux 42 | PASS | PASS | PASS | +-------------------------------+--------------------+-------------------+------------------+ | openSUSE Leap 15.6 | PASS | SKIPPED | SKIPPED | +-------------------------------+--------------------+-------------------+------------------+ | Red Hat Enterprise Linux 9.5 | PASS | SKIPPED | SKIPPED | +-------------------------------+--------------------+-------------------+------------------+ | Ubuntu 20.04 | PASS | SKIPPED | SKIPPED | +-------------------------------+--------------------+-------------------+------------------+ | Ubuntu 22.04 | PASS | PASS | SKIPPED | +-------------------------------+--------------------+-------------------+------------------+ | Ubuntu 24.04 | PASS | PASS | PASS | +-------------------------------+--------------------+-------------------+------------------+ | Alpine Linux 3.22.0 | FAIL | SKIPPED | SKIPPED | +-------------------------------+--------------------+-------------------+------------------+ | FreeBSD 14.2 | PASS | SKIPPED | SKIPPED | +-------------------------------+--------------------+-------------------+------------------+ | Red Hat Enterprise Linux 8.10 | PASS | SKIPPED | SKIPPED | +-------------------------------+--------------------+-------------------+------------------+ ==== 20 line log output for Alpine Linux 3.22.0 (dpdk_meson_compile): ==== source path = "/root/workspace/Generic-DPDK-Compile-Meson@3/dpdk" build path = "/root/workspace/Generic-DPDK-Compile-Meson@3/dpdk/build" Build targets in project: 1108 Option default_library is: shared [default: static] Found ninja-1.9 at /usr/bin/ninja ninja: entering directory 'build' [1/3394] Generating test_cfgfile with a custom command (wrapped by meson to capture output) [2/3394] Compiling C object app/dpdk-test.p/test_virtual_pmd.c.o ninja: job failed: ccache cc -Iapp/dpdk-test.p -Iapp -I../app -Ilib/cmdline -I../lib/cmdline -Ilib/eal/common -I../lib/eal/common -I. -I.. -Iconfig -I../config -Ilib/eal/include -I../lib/eal/include -Ilib/eal/linux/include -I../lib/eal/linux/include -Ilib/eal/x86/include -I../lib/eal/x86/include -I../kernel/linux -Ilib/eal -I../lib/eal -Ilib/kvargs -I../lib/kvargs -Ilib/log -I../lib/log -Ilib/metrics -I../lib/metrics -Ilib/telemetry -I../lib/telemetry -Ilib/net -I../lib/net -Ilib/mbuf -I../lib/mbuf -Ilib/mempool -I../lib/mempool -Ilib/ring -I../lib/ring -Idrivers/net/ring -I../drivers/net/ring -Ilib/ethdev -I../lib/ethdev -Ilib/meter -I../lib/meter -Idrivers/bus/pci -I../drivers/bus/pci -I../drivers/bus/pci/linux -Ilib/pci -I../lib/pci -Idrivers/bus/vdev -I../drivers/bus/vdev -Ilib/acl -I../lib/acl -Ilib/argparse -I../lib/argparse -Ilib/hash -I../lib/hash -Ilib/rcu -I../lib/rcu -Ilib/bitratestats -I../lib/bitratestats -Ilib/bpf -I../lib/bpf -Ilib/cfgfile -I../lib/cfgfile -Ilib/compre ssdev -I../lib/compressdev -Ilib/cryptodev -I../lib/cryptodev -Ilib/security -I../lib/security -Ilib/dispatcher -I../lib/dispatcher -Ilib/eventdev -I../lib/eventdev -Ilib/timer -I../lib/timer -Ilib/dmadev -I../lib/dmadev -Ilib/distributor -I../lib/distributor -Ilib/efd -I../lib/efd -Ilib/fib -I../lib/fib -Ilib/rib -I../lib/rib -Ilib/table -I../lib/table -Ilib/port -I../lib/port -Ilib/sched -I../lib/sched -Ilib/ip_frag -I../lib/ip_frag -Ilib/lpm -I../lib/lpm -Ilib/graph -I../lib/graph -Ilib/pcapng -I../lib/pcapng -Ilib/ipsec -I../lib/ipsec -Ilib/latencystats -I../lib/latencystats -Idrivers/net/bonding -I../drivers/net/bonding -Ilib/member -I../lib/member -Ilib/pdcp -I../lib/pdcp -Ilib/reorder -I../lib/reorder -Ilib/pdump -I../lib/pdump -Ilib/pmu -I../lib/pmu -Ilib/power -I../lib/power -Ilib/ptr_compress -I../lib/ptr_compress -Ilib/rawdev -I../lib/rawdev -Ilib/stack -I../lib/stack -Ilib/pipeline -I../lib/pipeline -Idrivers/crypto/scheduler -I../drivers/crypto/scheduler -Iapp/test/test _cfgfiles -fdiagnostics-color=always -pipe -D_FILE_OFFSET_BITS=64 -Wall -Winvalid-pch -Wextra -Werror -std=c11 -O3 -include rte_config.h -Wvla -Wcast-qual -Wdeprecated -Wformat -Wformat-nonliteral -Wformat-security -Wmissing-declarations -Wmissing-prototypes -Wnested-externs -Wold-style-definition -Wpointer-arith -Wsign-compare -Wstrict-prototypes -Wundef -Wwrite-strings -Wno-packed-not-aligned -Wno-missing-field-initializers -D_GNU_SOURCE -march=native -mrtm -DALLOW_EXPERIMENTAL_API -Wno-vla -fno-strict-aliasing -Wno-format-truncation -DALLOW_INTERNAL_API -MD -MQ app/dpdk-test.p/test_virtual_pmd.c.o -MF app/dpdk-test.p/test_virtual_pmd.c.o.d -o app/dpdk-test.p/test_virtual_pmd.c.o -c ../app/test/virtual_pmd.c In file included from ../lib/eal/include/bsd_queue.h:14, from ../lib/eal/linux/include/rte_os.h:16, from ../lib/eal/include/rte_common.h:25, from ../lib/mbuf/rte_mbuf.h:36, from ../app/test/virtual_pmd.c:5: /usr/include/sys/cdefs.h:4:2: error: #warning usage of non-standard #include is deprecated [-Werror=cpp] 4 | #warning usage of non-standard #include is deprecated | ^~~~~~~ cc1: all warnings being treated as errors ninja: subcommand failed ==== End log output ==== CentOS Stream 9 Kernel: 5.15 Compiler: gcc gcc (GCC) 11.5.0 20240719 (Red Hat 11.5.0-7) CentOS Stream 10 Kernel: 5.15 Compiler: gcc gcc (GCC) 14.2.1 20250110 (Red Hat 14.2.1-8) Debian GNU/Linux 12 Kernel: 5.15 Compiler: gcc gcc (Debian 12.2.0-14+deb12u1) 12.2.0 Fedora Linux 42 Kernel: 5.15 Compiler: clang gcc (GCC) 15.1.1 20250521 (Red Hat 15.1.1-2) openSUSE Leap 15.6 Kernel: 5.15 Compiler: gcc gcc (SUSE Linux) 7.5.0 Red Hat Enterprise Linux 9.5 Kernel: 5.15 Compiler: gcc gcc (GCC) 11.5.0 20240719 (Red Hat 11.5.0-2) Ubuntu 20.04 Kernel: 4.19 Compiler: gcc gcc (Ubuntu 9.4.0-1ubuntu1~20.04.2) 9.4.0 Ubuntu 22.04 Kernel: 5.15 Compiler: gcc gcc (Ubuntu 11.4.0-1ubuntu1~22.04) 11.4.0 Ubuntu 24.04 Kernel: 5.15 Compiler: gcc gcc (Ubuntu 13.3.0-6ubuntu2~24.04) 13.3.0 Alpine Linux 3.22.0 Kernel: 5.15 Compiler: gcc gcc (Alpine 14.2.0) 14.2.0 FreeBSD 14.2 Kernel: 14.2-RELEASE Compiler: clang 18.1.6 Red Hat Enterprise Linux 8.10 Kernel: 5.15 Compiler: gcc gcc (GCC) 8.5.0 20210514 (Red Hat 8.5.0-22) To view detailed results, visit: https://lab.dpdk.org/results/dashboard/patchsets/33900/ UNH-IOL DPDK Community Lab To manage your email subscriptions, visit: https://lab.dpdk.org/results/dashboard/preferences/subscriptions/