From mboxrd@z Thu Jan 1 00:00:00 1970 Return-Path: Received: from mails.dpdk.org (mails.dpdk.org [217.70.189.124]) by inbox.dpdk.org (Postfix) with ESMTP id A82DA46D62 for ; Tue, 19 Aug 2025 09:54:08 +0200 (CEST) Received: from mails.dpdk.org (localhost [127.0.0.1]) by mails.dpdk.org (Postfix) with ESMTP id A448440262; Tue, 19 Aug 2025 09:54:08 +0200 (CEST) Received: from mail-pg1-f227.google.com (mail-pg1-f227.google.com [209.85.215.227]) by mails.dpdk.org (Postfix) with ESMTP id 25E5240262 for ; Tue, 19 Aug 2025 09:54:08 +0200 (CEST) Received: by mail-pg1-f227.google.com with SMTP id 41be03b00d2f7-b471aaa085aso2847290a12.0 for ; Tue, 19 Aug 2025 00:54:08 -0700 (PDT) DKIM-Signature: v=1; a=rsa-sha256; c=relaxed/relaxed; d=iol.unh.edu; s=unh-iol; t=1755590047; x=1756194847; darn=dpdk.org; h=references:in-reply-to:cc:to:from:subject:message-id:date:from:to :cc:subject:date:message-id:reply-to; bh=PtAL9TMKnfQP9uS9B9RjHVe/nAF9G6TKJBQprgD66Yg=; b=Qo5Wv6KnzhCsKLBa/KmSFKecfOHH3dhoN44vWHHVVW9wts1xAC98D3Jr4XyuGnRocO VIuIS6wiTjGq2jBBJziCUSusbAY1jpspdGwyBn3+uVAt5IXUiyf/jrXHGEnMKgBu4MtA C+5gaVQb7x4BVHj1e254O7yPKDOTyjzfT3ZYs= X-Google-DKIM-Signature: v=1; a=rsa-sha256; c=relaxed/relaxed; d=1e100.net; s=20230601; t=1755590047; x=1756194847; h=references:in-reply-to:cc:to:from:subject:message-id:date :x-gm-message-state:from:to:cc:subject:date:message-id:reply-to; bh=PtAL9TMKnfQP9uS9B9RjHVe/nAF9G6TKJBQprgD66Yg=; b=tPATS6KHe8Cb/JNf94BP3xawIvwc6PdE6sqhqAgaT+vkIzcq5MM7la/h4sBQ7De3GC OatL+vXSFa8nfwWMXhdyoLc77aw35dq53Cm0MAqBcM1DWAgBDTY3vSTPVYri1FvyRC8f 6/e1nGghQjWAaqpjeY9tzIiBf/hNKMrEhAAG8uDX1LV0FuibguXXK8IY6FG5E1PpgIxE azfbkMD5TXT4zpzssLbtQPJZlfewB/OknacaIomyy9HgR0vASGQq6YVEI7GRyNew7OyI qO4KBeQ2vwsrSSKSF21ycVVLu1psLHBEA9HjYB8NpbBD1p/cXPnWiJE28vtJpc+NQlkT Jyzg== X-Gm-Message-State: AOJu0YzS0DVSgWc+olyyDHicQosv5i3FUOHp/2n7WXAWTGOnc5OJ7MMQ HKtegincCy/g8aW9vTxwYyJq5cBlk7AxmWBMi5XhAKsE25eIKKSODsRygNfljp2QzA+r5AlmWXB PqwgCLEwzemqV4Ca03GLcD3GFuDf5zpc49FDZteDVf21nJQDqRFXWb2vbYo8w X-Gm-Gg: ASbGncsKDXi0MuMehrzDaXQp/Lk/MwJrYx23z+dFhwkCPgRFsYR5q+bO1Dri9RzvT1h /WUUo2UYXmkbFBILc8fQGNz4J2T6wACYXsAyZVWRJZEPPojPJ28BNhJVb6zWWi2h2TNni+5Tz7R WzaDW2wW7agksmYZ+TCp/9h2bpCK6waNYiyX2YCVeOJIIATTeO7KTEME/ejqQBtyVtzUrUwU09A if9XLQvUTFzyRI/fooUpsuYmJ+d2zPgJSG6/9rJ+LNBOr6ePgfr2Xis8yRXv/rUYestB/sqKf46 6+0k4+TRSEozLsxs5YzVQ+GLSX5S0Yaw9LT9IszMQj1wcrTM7w== X-Google-Smtp-Source: AGHT+IFhbiW8p0mjXpO+oO2zQChJa53FfqUkh6FD5GKsPpdpUUoR+2my+LWKFXmRn5Ab6wIoeA9BTRDoB1H/ X-Received: by 2002:a17:90b:560b:b0:31f:252:e765 with SMTP id 98e67ed59e1d1-324d36af552mr1770392a91.6.1755590047119; Tue, 19 Aug 2025 00:54:07 -0700 (PDT) Received: from postal.iol.unh.edu (postal.iol.unh.edu. [2606:4100:3880:1234::84]) by smtp-relay.gmail.com with ESMTPS id 98e67ed59e1d1-32330da8012sm1129124a91.0.2025.08.19.00.54.07 (version=TLS1_2 cipher=ECDHE-ECDSA-AES128-GCM-SHA256 bits=128/128); Tue, 19 Aug 2025 00:54:07 -0700 (PDT) X-Relaying-Domain: iol.unh.edu Date: Tue, 19 Aug 2025 00:54:07 -0700 (PDT) Message-ID: <68a42d9f.170a0220.34ae77.9669SMTPIN_ADDED_MISSING@mx.google.com> Received: from [172.21.0.3] (unknown [172.18.0.240]) by postal.iol.unh.edu (Postfix) with ESMTP id EA9286051830; Tue, 19 Aug 2025 03:54:05 -0400 (EDT) Subject: |FAILURE| pw155932-155978 [PATCH] [RFC,47/47] drivers/raw: replace w From: dpdklab@iol.unh.edu To: Test Report Cc: dpdk-test-reports@iol.unh.edu, Stephen Hemminger In-Reply-To: <20250818233102.180207-48-stephen@networkplumber.org> References: <20250818233102.180207-48-stephen@networkplumber.org> Content-Type: text/plain X-BeenThere: test-report@dpdk.org X-Mailman-Version: 2.1.29 Precedence: list List-Id: automatic DPDK test reports List-Unsubscribe: , List-Archive: List-Post: List-Help: List-Subscribe: , Errors-To: test-report-bounces@dpdk.org Test-Label: iol-compile-amd64-testing Test-Status: FAILURE http://dpdk.org/patch/155978 _Testing issues_ Submitter: Stephen Hemminger Date: Monday, August 18 2025 23:27:58 DPDK git baseline: Repo:dpdk Branch: master CommitID:38543d33bd47fc0ee21f59db80a8763620741879 155932-155978 --> testing issues Upstream job id: Generic-DPDK-Compile-Meson#418406 Test environment and result as below: +-------------------------------+--------------------+-------------------+------------------+ | Environment | dpdk_meson_compile | dpdk_compile_spdk | dpdk_compile_ovs | +===============================+====================+===================+==================+ | CentOS Stream 9 | PASS | PASS | SKIPPED | +-------------------------------+--------------------+-------------------+------------------+ | CentOS Stream 10 | PASS | SKIPPED | SKIPPED | +-------------------------------+--------------------+-------------------+------------------+ | Debian GNU/Linux 12 | FAIL | WARN | SKIPPED | +-------------------------------+--------------------+-------------------+------------------+ | Fedora Linux 42 | PASS | PASS | PASS | +-------------------------------+--------------------+-------------------+------------------+ | openSUSE Leap 15.6 | PASS | SKIPPED | SKIPPED | +-------------------------------+--------------------+-------------------+------------------+ | Red Hat Enterprise Linux 9.5 | PASS | SKIPPED | SKIPPED | +-------------------------------+--------------------+-------------------+------------------+ | Ubuntu 20.04 | PASS | SKIPPED | SKIPPED | +-------------------------------+--------------------+-------------------+------------------+ | Ubuntu 22.04 | PASS | PASS | SKIPPED | +-------------------------------+--------------------+-------------------+------------------+ | Ubuntu 24.04 | PASS | PASS | PASS | +-------------------------------+--------------------+-------------------+------------------+ | Alpine Linux 3.22.0 | FAIL | SKIPPED | SKIPPED | +-------------------------------+--------------------+-------------------+------------------+ | FreeBSD 14.2 | PASS | SKIPPED | SKIPPED | +-------------------------------+--------------------+-------------------+------------------+ | Red Hat Enterprise Linux 8.10 | PASS | SKIPPED | SKIPPED | +-------------------------------+--------------------+-------------------+------------------+ ==== 20 line log output for Alpine Linux 3.22.0 (dpdk_meson_compile): ==== source path = "/root/workspace/Generic-DPDK-Compile-Meson@3/dpdk" build path = "/root/workspace/Generic-DPDK-Compile-Meson@3/dpdk/build" Build targets in project: 1108 Option default_library is: shared [default: static] Found ninja-1.9 at /usr/bin/ninja ninja: entering directory 'build' [1/3394] Generating test_cfgfile with a custom command (wrapped by meson to capture output) [2/3394] Compiling C object app/dpdk-test.p/test_virtual_pmd.c.o ninja: job failed: ccache cc -Iapp/dpdk-test.p -Iapp -I../app -Ilib/cmdline -I../lib/cmdline -Ilib/eal/common -I../lib/eal/common -I. -I.. -Iconfig -I../config -Ilib/eal/include -I../lib/eal/include -Ilib/eal/linux/include -I../lib/eal/linux/include -Ilib/eal/x86/include -I../lib/eal/x86/include -I../kernel/linux -Ilib/eal -I../lib/eal -Ilib/kvargs -I../lib/kvargs -Ilib/log -I../lib/log -Ilib/metrics -I../lib/metrics -Ilib/telemetry -I../lib/telemetry -Ilib/net -I../lib/net -Ilib/mbuf -I../lib/mbuf -Ilib/mempool -I../lib/mempool -Ilib/ring -I../lib/ring -Idrivers/net/ring -I../drivers/net/ring -Ilib/ethdev -I../lib/ethdev -Ilib/meter -I../lib/meter -Idrivers/bus/pci -I../drivers/bus/pci -I../drivers/bus/pci/linux -Ilib/pci -I../lib/pci -Idrivers/bus/vdev -I../drivers/bus/vdev -Ilib/acl -I../lib/acl -Ilib/argparse -I../lib/argparse -Ilib/hash -I../lib/hash -Ilib/rcu -I../lib/rcu -Ilib/bitratestats -I../lib/bitratestats -Ilib/bpf -I../lib/bpf -Ilib/cfgfile -I../lib/cfgfile -Ilib/compre ssdev -I../lib/compressdev -Ilib/cryptodev -I../lib/cryptodev -Ilib/security -I../lib/security -Ilib/dispatcher -I../lib/dispatcher -Ilib/eventdev -I../lib/eventdev -Ilib/timer -I../lib/timer -Ilib/dmadev -I../lib/dmadev -Ilib/distributor -I../lib/distributor -Ilib/efd -I../lib/efd -Ilib/fib -I../lib/fib -Ilib/rib -I../lib/rib -Ilib/table -I../lib/table -Ilib/port -I../lib/port -Ilib/sched -I../lib/sched -Ilib/ip_frag -I../lib/ip_frag -Ilib/lpm -I../lib/lpm -Ilib/graph -I../lib/graph -Ilib/pcapng -I../lib/pcapng -Ilib/ipsec -I../lib/ipsec -Ilib/latencystats -I../lib/latencystats -Idrivers/net/bonding -I../drivers/net/bonding -Ilib/member -I../lib/member -Ilib/pdcp -I../lib/pdcp -Ilib/reorder -I../lib/reorder -Ilib/pdump -I../lib/pdump -Ilib/pmu -I../lib/pmu -Ilib/power -I../lib/power -Ilib/ptr_compress -I../lib/ptr_compress -Ilib/rawdev -I../lib/rawdev -Ilib/stack -I../lib/stack -Ilib/pipeline -I../lib/pipeline -Idrivers/crypto/scheduler -I../drivers/crypto/scheduler -Iapp/test/test _cfgfiles -fdiagnostics-color=always -pipe -D_FILE_OFFSET_BITS=64 -Wall -Winvalid-pch -Wextra -Werror -std=c11 -O3 -include rte_config.h -Wvla -Wcast-qual -Wdeprecated -Wformat -Wformat-nonliteral -Wformat-security -Wmissing-declarations -Wmissing-prototypes -Wnested-externs -Wold-style-definition -Wpointer-arith -Wsign-compare -Wstrict-prototypes -Wundef -Wwrite-strings -Wno-packed-not-aligned -Wno-missing-field-initializers -D_GNU_SOURCE -march=native -mrtm -DALLOW_EXPERIMENTAL_API -Wno-vla -fno-strict-aliasing -Wno-format-truncation -DALLOW_INTERNAL_API -MD -MQ app/dpdk-test.p/test_virtual_pmd.c.o -MF app/dpdk-test.p/test_virtual_pmd.c.o.d -o app/dpdk-test.p/test_virtual_pmd.c.o -c ../app/test/virtual_pmd.c In file included from ../lib/eal/include/bsd_queue.h:14, from ../lib/eal/linux/include/rte_os.h:16, from ../lib/eal/include/rte_common.h:25, from ../lib/mbuf/rte_mbuf.h:36, from ../app/test/virtual_pmd.c:5: /usr/include/sys/cdefs.h:4:2: error: #warning usage of non-standard #include is deprecated [-Werror=cpp] 4 | #warning usage of non-standard #include is deprecated | ^~~~~~~ cc1: all warnings being treated as errors ninja: subcommand failed ==== End log output ==== CentOS Stream 9 Kernel: 5.15 Compiler: gcc gcc (GCC) 11.5.0 20240719 (Red Hat 11.5.0-7) CentOS Stream 10 Kernel: 5.15 Compiler: gcc gcc (GCC) 14.2.1 20250110 (Red Hat 14.2.1-8) Debian GNU/Linux 12 Kernel: 5.15 Compiler: gcc gcc (Debian 12.2.0-14+deb12u1) 12.2.0 Fedora Linux 42 Kernel: 5.15 Compiler: clang gcc (GCC) 15.1.1 20250521 (Red Hat 15.1.1-2) openSUSE Leap 15.6 Kernel: 5.15 Compiler: gcc gcc (SUSE Linux) 7.5.0 Red Hat Enterprise Linux 9.5 Kernel: 5.15 Compiler: gcc gcc (GCC) 11.5.0 20240719 (Red Hat 11.5.0-2) Ubuntu 20.04 Kernel: 4.19 Compiler: gcc gcc (Ubuntu 9.4.0-1ubuntu1~20.04.2) 9.4.0 Ubuntu 22.04 Kernel: 5.15 Compiler: gcc gcc (Ubuntu 11.4.0-1ubuntu1~22.04) 11.4.0 Ubuntu 24.04 Kernel: 5.15 Compiler: gcc gcc (Ubuntu 13.3.0-6ubuntu2~24.04) 13.3.0 Alpine Linux 3.22.0 Kernel: 5.15 Compiler: gcc gcc (Alpine 14.2.0) 14.2.0 FreeBSD 14.2 Kernel: 14.2-RELEASE Compiler: clang 18.1.6 Red Hat Enterprise Linux 8.10 Kernel: 5.15 Compiler: gcc gcc (GCC) 8.5.0 20210514 (Red Hat 8.5.0-22) To view detailed results, visit: https://lab.dpdk.org/results/dashboard/patchsets/33900/ UNH-IOL DPDK Community Lab To manage your email subscriptions, visit: https://lab.dpdk.org/results/dashboard/preferences/subscriptions/