From mboxrd@z Thu Jan 1 00:00:00 1970 Return-Path: Received: from mails.dpdk.org (mails.dpdk.org [217.70.189.124]) by inbox.dpdk.org (Postfix) with ESMTP id 411D646D68 for ; Tue, 19 Aug 2025 18:37:15 +0200 (CEST) Received: from mails.dpdk.org (localhost [127.0.0.1]) by mails.dpdk.org (Postfix) with ESMTP id 3CB0D402ED; Tue, 19 Aug 2025 18:37:15 +0200 (CEST) Received: from mail-yb1-f228.google.com (mail-yb1-f228.google.com [209.85.219.228]) by mails.dpdk.org (Postfix) with ESMTP id F15C7402E4 for ; Tue, 19 Aug 2025 18:37:13 +0200 (CEST) Received: by mail-yb1-f228.google.com with SMTP id 3f1490d57ef6-e94eec0de32so551110276.0 for ; Tue, 19 Aug 2025 09:37:13 -0700 (PDT) DKIM-Signature: v=1; a=rsa-sha256; c=relaxed/relaxed; d=iol.unh.edu; s=unh-iol; t=1755621433; x=1756226233; darn=dpdk.org; h=references:in-reply-to:cc:to:from:subject:message-id:date:from:to :cc:subject:date:message-id:reply-to; bh=RuFOfx4hyoOJM5D+oL+XYgVDyd2F42JR9ilvlZRo2PY=; b=iXop7x8LaCLUnQpUHXNHlqeAcHHq7ic89hvC/kqLbfiVew16Ctgn9LKiLGyZ0nmhc+ 64+gCo2pcNfc4cswCWclrGjh45YZkXon6AA2SMdS67g7RhUfsQyODkZ6zZttwH9uEkGU hzHdm52km7lypefyf4ZodDvJcOz9piTju0I0w= X-Google-DKIM-Signature: v=1; a=rsa-sha256; c=relaxed/relaxed; d=1e100.net; s=20230601; t=1755621433; x=1756226233; h=references:in-reply-to:cc:to:from:subject:message-id:date :x-gm-message-state:from:to:cc:subject:date:message-id:reply-to; bh=RuFOfx4hyoOJM5D+oL+XYgVDyd2F42JR9ilvlZRo2PY=; b=W+V87PM1RmwHQjagkjt46K0540YyntD7npvo48Xon5ZkG91+4NOlw3NmVKA8DBrltd w49Q/rS9cKCY8NBkP4iH0XZOrHELzKpfJ1G58Y2NUS9WIm/voeTmvBQbKhOI2XEYro27 HKhtI4dEdaGsSWvlQdr3q4NY0EMn6F5V1vAruXB9GPTIui5MbrHnX277Uu0B7pNu4HNW SBO+FzPoYMzNKkfwWXSqnkyAdTCH1bwN3rjgPUkxGLPi57D/L8mXleQNNYOaDrn1AIrh fYhIywriy29Hfz85K5RAvKr5wrG2euR9phLfxu6vkaIlElYOp7rqcy2ELNttwb6bRpZB 5VRQ== X-Gm-Message-State: AOJu0Yyk3nGQsPAFyEIEsN+KE+Qno18dUB6clTdjnoBMmggViRZONEW3 EiAjAt7Gi3FLZr09lLHS0ZGO1tCUnKT/dziW7GNyMa7qMXpvTcPuXy2isV35j+7RFyuTRueHBxt OWYpVyKWutZqOMxHWWT35w8s+wKEoOR0JLg5DW5k2nqrq X-Gm-Gg: ASbGncvNAfUNdyacky3Dkx38lAFNyzK2UvYZCi2aADB/SEIIUEYPICvogqFgCH3uh6r zacP3c5RLrt8jnR3a4QZidrlUnmbTb7alVzqjzp6r38fLG4zEZYTrarsJMM1cGrRKl+9w1tBxOD aU0JcJFcPYdKvIiknFSLCVqOaRtUX6dDwRlPVK2EQnHH6o0BTdK3J9vPqJWRMDiwSKTTkswQe+m prf9knRJ5nOoHnyNpgAtLPflZMikukgVgg78lvNhB/jHc45H+KPKZ/9Ue8PpqLiVjGiuafRXS/2 kOMeKBWA+EFT9G90Nl3LJIRS8E+zhwFEy+JqpfN2qndesVxxv/0Qsc5eccgtcsgdtf7fYopf X-Google-Smtp-Source: AGHT+IFYiFmqgAxdfgeG0kba841Ni856PAzzWCkeQ18U7vq0H4MBy66WpetzBDLbqcqBelMuhG95/f1Jde4D X-Received: by 2002:a05:6902:1502:b0:e90:6b79:23b3 with SMTP id 3f1490d57ef6-e94e614c339mr4423941276.12.1755621433216; Tue, 19 Aug 2025 09:37:13 -0700 (PDT) Received: from postal.iol.unh.edu (postal.iol.unh.edu. [132.177.123.84]) by smtp-relay.gmail.com with ESMTPS id 3f1490d57ef6-e93468caeb0sm591020276.2.2025.08.19.09.37.13 (version=TLS1_2 cipher=ECDHE-ECDSA-AES128-GCM-SHA256 bits=128/128); Tue, 19 Aug 2025 09:37:13 -0700 (PDT) X-Relaying-Domain: iol.unh.edu Date: Tue, 19 Aug 2025 09:37:13 -0700 (PDT) Message-ID: <68a4a839.250a0220.2f61e6.cefcSMTPIN_ADDED_MISSING@mx.google.com> Received: from [172.21.0.2] (unknown [172.18.0.240]) by postal.iol.unh.edu (Postfix) with ESMTP id D94A5604D420; Tue, 19 Aug 2025 12:37:12 -0400 (EDT) Subject: |FAILURE| pw155932-155978 [PATCH] [RFC,47/47] drivers/raw: replace w From: dpdklab@iol.unh.edu To: Test Report Cc: dpdk-test-reports@iol.unh.edu, Stephen Hemminger In-Reply-To: <20250818233102.180207-48-stephen@networkplumber.org> References: <20250818233102.180207-48-stephen@networkplumber.org> Content-Type: text/plain X-BeenThere: test-report@dpdk.org X-Mailman-Version: 2.1.29 Precedence: list List-Id: automatic DPDK test reports List-Unsubscribe: , List-Archive: List-Post: List-Help: List-Subscribe: , Errors-To: test-report-bounces@dpdk.org Test-Label: iol-compile-amd64-testing Test-Status: FAILURE http://dpdk.org/patch/155978 _Testing issues_ Submitter: Stephen Hemminger Date: Monday, August 18 2025 23:27:58 DPDK git baseline: Repo:dpdk Branch: master CommitID:38543d33bd47fc0ee21f59db80a8763620741879 155932-155978 --> testing issues Upstream job id: Windows-Compile-DPDK-VS#6654 Test environment and result as below: +-------------------------------+--------------------+-------------------+------------------+-------------------+ | Environment | dpdk_meson_compile | dpdk_compile_spdk | dpdk_compile_ovs | dpdk_msvc_compile | +===============================+====================+===================+==================+===================+ | CentOS Stream 9 | PASS | PASS | SKIPPED | SKIPPED | +-------------------------------+--------------------+-------------------+------------------+-------------------+ | CentOS Stream 10 | PASS | SKIPPED | SKIPPED | SKIPPED | +-------------------------------+--------------------+-------------------+------------------+-------------------+ | Debian GNU/Linux 12 | FAIL | WARN | SKIPPED | SKIPPED | +-------------------------------+--------------------+-------------------+------------------+-------------------+ | Fedora Linux 42 | PASS | PASS | PASS | SKIPPED | +-------------------------------+--------------------+-------------------+------------------+-------------------+ | openSUSE Leap 15.6 | PASS | SKIPPED | SKIPPED | SKIPPED | +-------------------------------+--------------------+-------------------+------------------+-------------------+ | Red Hat Enterprise Linux 9.5 | PASS | SKIPPED | SKIPPED | SKIPPED | +-------------------------------+--------------------+-------------------+------------------+-------------------+ | Ubuntu 20.04 | PASS | SKIPPED | SKIPPED | SKIPPED | +-------------------------------+--------------------+-------------------+------------------+-------------------+ | Ubuntu 22.04 | PASS | PASS | SKIPPED | SKIPPED | +-------------------------------+--------------------+-------------------+------------------+-------------------+ | Ubuntu 24.04 | PASS | PASS | PASS | SKIPPED | +-------------------------------+--------------------+-------------------+------------------+-------------------+ | Alpine Linux 3.22.0 | FAIL | SKIPPED | SKIPPED | SKIPPED | +-------------------------------+--------------------+-------------------+------------------+-------------------+ | FreeBSD 14.2 | PASS | SKIPPED | SKIPPED | SKIPPED | +-------------------------------+--------------------+-------------------+------------------+-------------------+ | Red Hat Enterprise Linux 8.10 | PASS | SKIPPED | SKIPPED | SKIPPED | +-------------------------------+--------------------+-------------------+------------------+-------------------+ | Windows Server 2022 | SKIPPED | SKIPPED | SKIPPED | FAIL | +-------------------------------+--------------------+-------------------+------------------+-------------------+ ==== 20 line log output for Windows Server 2022 (dpdk_msvc_compile): ==== ninja: Entering directory `C:/Users/builder/jenkins/workspace/Windows-Compile-DPDK-VS/dpdk/build' [1/452] Generating lib/rte_kvargs_map with a custom command [2/452] Generating lib/rte_argparse_map with a custom command [3/452] Compiling C object lib/librte_log.a.p/log_log.c.obj FAILED: lib/librte_log.a.p/log_log.c.obj "cl" "-Ilib\librte_log.a.p" "-Ilib" "-I..\lib" "-Ilib\eal\common" "-I..\lib\eal\common" "-I." "-I.." "-Iconfig" "-I..\config" "-Ilib\eal\include" "-I..\lib\eal\include" "-Ilib\eal\windows\include" "-I..\lib\eal\windows\include" "-Ilib\eal\x86\include" "-I..\lib\eal\x86\include" "-Ilib\log" "-I..\lib\log" "-IC:\Program Files\Mellanox\MLNX_WinOF2_DevX_SDK\inc" "/MD" "/nologo" "/showIncludes" "/utf-8" "/W3" "/WX" "/std:c11" "/O2" "/Gw" "/wd4244" "/wd4267" "/wd4146" "/experimental:c11atomics" "/d1e xperimental:typeof" "/experimental:statementExpressions" "/FI" "rte_config.h" "-D_GNU_SOURCE" "-D_WIN32_WINNT=0x0A00" "-DALLOW_EXPERIMENTAL_API" "-DALLOW_INTERNAL_API" "-DRTE_LOG_DEFAULT_LOGTYPE=lib.log" "/Fdlib\librte_log.a.p\log_log.c.pdb" /Folib/librte_log.a.p/log_log.c.obj "/c" ../lib/log/log.c ..\lib\eal\include\bsd_queue.h(14): fatal error C1083: Cannot open include file: 'sys/cdefs.h': No such file or directory [4/452] Generating lib/rte_log_map with a custom command [5/452] Generating lib/rte_telemetry_map with a custom command [6/452] Compiling C object lib/librte_argparse.a.p/argparse_rte_argparse.c.obj [7/452] Compiling C object lib/librte_telemetry.a.p/telemetry_telemetry_data.c.obj [8/452] Compiling C object lib/librte_telemetry.a.p/telemetry_telemetry_legacy.c.obj [9/452] Compiling C object lib/librte_telemetry.a.p/telemetry_telemetry.c.obj [10/452] Compiling C object lib/librte_kvargs.a.p/kvargs_rte_kvargs.c.obj [11/452] Compiling C object lib/librte_log.a.p/log_log_color.c.obj [12/452] Compiling C object lib/librte_log.a.p/log_log_timestamp.c.obj ninja: build stopped: subcommand failed. INFO: autodetecting backend as ninja INFO: calculating backend command to run: "C:\Program Files\Meson\ninja.EXE" -C C:/Users/builder/jenkins/workspace/Windows-Compile-DPDK-VS/dpdk/build ==== End log output ==== CentOS Stream 9 Kernel: 5.15 Compiler: gcc gcc (GCC) 11.5.0 20240719 (Red Hat 11.5.0-7) CentOS Stream 10 Kernel: 5.15 Compiler: gcc gcc (GCC) 14.2.1 20250110 (Red Hat 14.2.1-8) Debian GNU/Linux 12 Kernel: 5.15 Compiler: gcc gcc (Debian 12.2.0-14+deb12u1) 12.2.0 Fedora Linux 42 Kernel: 5.15 Compiler: clang gcc (GCC) 15.1.1 20250521 (Red Hat 15.1.1-2) openSUSE Leap 15.6 Kernel: 5.15 Compiler: gcc gcc (SUSE Linux) 7.5.0 Red Hat Enterprise Linux 9.5 Kernel: 5.15 Compiler: gcc gcc (GCC) 11.5.0 20240719 (Red Hat 11.5.0-2) Ubuntu 20.04 Kernel: 4.19 Compiler: gcc gcc (Ubuntu 9.4.0-1ubuntu1~20.04.2) 9.4.0 Ubuntu 22.04 Kernel: 5.15 Compiler: gcc gcc (Ubuntu 11.4.0-1ubuntu1~22.04) 11.4.0 Ubuntu 24.04 Kernel: 5.15 Compiler: gcc gcc (Ubuntu 13.3.0-6ubuntu2~24.04) 13.3.0 Alpine Linux 3.22.0 Kernel: 5.15 Compiler: gcc gcc (Alpine 14.2.0) 14.2.0 FreeBSD 14.2 Kernel: 14.2-RELEASE Compiler: clang 18.1.6 Red Hat Enterprise Linux 8.10 Kernel: 5.15 Compiler: gcc gcc (GCC) 8.5.0 20210514 (Red Hat 8.5.0-22) Windows Server 2022 Kernel: 10.0.20348.2031 Compiler: clang 15.0.7, gcc 14.1.0 (MinGW), and MSVC VS 19.39.33521 To view detailed results, visit: https://lab.dpdk.org/results/dashboard/patchsets/33900/ UNH-IOL DPDK Community Lab To manage your email subscriptions, visit: https://lab.dpdk.org/results/dashboard/preferences/subscriptions/