From mboxrd@z Thu Jan 1 00:00:00 1970 Return-Path: Received: from mails.dpdk.org (mails.dpdk.org [217.70.189.124]) by inbox.dpdk.org (Postfix) with ESMTP id E301A46D68 for ; Tue, 19 Aug 2025 18:43:36 +0200 (CEST) Received: from mails.dpdk.org (localhost [127.0.0.1]) by mails.dpdk.org (Postfix) with ESMTP id DC1FD402E4; Tue, 19 Aug 2025 18:43:36 +0200 (CEST) Received: from mail-yb1-f226.google.com (mail-yb1-f226.google.com [209.85.219.226]) by mails.dpdk.org (Postfix) with ESMTP id B128F402E4 for ; Tue, 19 Aug 2025 18:43:35 +0200 (CEST) Received: by mail-yb1-f226.google.com with SMTP id 3f1490d57ef6-e94eb6b811aso653118276.2 for ; Tue, 19 Aug 2025 09:43:35 -0700 (PDT) DKIM-Signature: v=1; a=rsa-sha256; c=relaxed/relaxed; d=iol.unh.edu; s=unh-iol; t=1755621815; x=1756226615; darn=dpdk.org; h=references:in-reply-to:cc:to:from:subject:message-id:date:from:to :cc:subject:date:message-id:reply-to; bh=CyUEQuX49DjpgySqDGMtbTvp+oSqKvh6MZUYterJWbU=; b=D3YsP8xgAbiBM+/mTfMahYs67v/WdhOOCbcN5IfKR1f2kZh7HvLlJch0Z0w3EE6eY6 qhi9euj+jo0NmlhGhh3BREJBE6YHqpy2zFmotOid3EdeLzq7rMyCZNf9i3ek0WEdJ4VQ 0Bbd9czaX+eZd/XKsNFShoDDlBnzNN82VPHaw= X-Google-DKIM-Signature: v=1; a=rsa-sha256; c=relaxed/relaxed; d=1e100.net; s=20230601; t=1755621815; x=1756226615; h=references:in-reply-to:cc:to:from:subject:message-id:date :x-gm-message-state:from:to:cc:subject:date:message-id:reply-to; bh=CyUEQuX49DjpgySqDGMtbTvp+oSqKvh6MZUYterJWbU=; b=kfIiFBgxM7QsvMpDrWPBMaks3bd0Vel2+NTejN58spe3zHvVpjTeuIV/+R3aV0rB8/ +27iMYqRYvwojSn5l4yISqsxX7DqFdSgQjERc3NH/+J1OEqkw/e0RfoVLODbRQ8BVz2d iR52ihjjGu58jml0JuiIIZeAp/C3Q5bUBVQ+QhenbeZYHtzssEsYyxLMSKjM7duLwGzq N/7SCswns8D/Aa9fEgat9xZYeEu5KsBquShNkEbWhLPAI1ZJRQBw7y6oPX72gaztUkX8 JArfgycCzyYsW1bTst4Mc5RnshMjiNvmOMbPjdi3VkK7cvrqBjLT25iMIVPsqAzxYeAn eCgA== X-Gm-Message-State: AOJu0YxDaXL8g6gDxTW5gefQibz1pyMW8CqthoFYYnSPce6bY/b+TtYK CqtYq+kTGhDxYQlWVmzTJxC/5EVgMeYqDbB/rGhoKcok6KGNOnT055hijd7XOrIenYFw8oUJFUU 010wktsWlOuKScGjrC7sU9IulIfAqrGB8ym6Umv4ulHXQ X-Gm-Gg: ASbGncu+DIh/B+MHhJulQuogrCgCu536roNdTBVSKkSpy84DnzQIjtxuXh4coSL2ex1 0NG78G/ywZf4jufAemnLdyCMQaH5cNXqe2WRp2hKjuo3S3wZV7KLeu/oJri2dmZWgb1B2nvBR72 fKZwE0hZVYDZNxuTgJhCwnjHaOoNCz3uRlA8AcUDRt3z1OzPhNQHy2ynkHJU6Hdz/JEOiAHw20w lUW2/VWwludZ+Q8IscOqg52BBoKzUAi6Ty6aOZjAN5BNWPcCMKgZ3DYey1VGVuqqNV0hvZUWScZ AvuIZGeEDElMlJ3jVcBJOAnulMIUHAiZdGH4/QFBQS3Lk5NE707269UhglBodRnrk/zvCeop X-Google-Smtp-Source: AGHT+IF+Cp/aPSDrowz8cBvn/wFsV2TNicGRxdFIXWt3bQDnfnhLpxyyZWdkmo2dxAQ4eRiumQl8dHdaBRaP X-Received: by 2002:a05:6902:1244:b0:e93:3ba9:9e53 with SMTP id 3f1490d57ef6-e94e6175ec5mr4044320276.10.1755621814979; Tue, 19 Aug 2025 09:43:34 -0700 (PDT) Received: from postal.iol.unh.edu (postal.iol.unh.edu. [132.177.123.84]) by smtp-relay.gmail.com with ESMTPS id 3f1490d57ef6-e94d68ac34csm354479276.20.2025.08.19.09.43.34 (version=TLS1_2 cipher=ECDHE-ECDSA-AES128-GCM-SHA256 bits=128/128); Tue, 19 Aug 2025 09:43:34 -0700 (PDT) X-Relaying-Domain: iol.unh.edu Date: Tue, 19 Aug 2025 09:43:34 -0700 (PDT) Message-ID: <68a4a9b6.050a0220.218a2f.14f8SMTPIN_ADDED_MISSING@mx.google.com> Received: from [172.21.0.3] (unknown [172.18.0.240]) by postal.iol.unh.edu (Postfix) with ESMTP id A1B0F604D420; Tue, 19 Aug 2025 12:43:34 -0400 (EDT) Subject: |FAILURE| pw155932-155978 [PATCH] [RFC,47/47] drivers/raw: replace w From: dpdklab@iol.unh.edu To: Test Report Cc: dpdk-test-reports@iol.unh.edu, Stephen Hemminger In-Reply-To: <20250818233102.180207-48-stephen@networkplumber.org> References: <20250818233102.180207-48-stephen@networkplumber.org> Content-Type: text/plain X-BeenThere: test-report@dpdk.org X-Mailman-Version: 2.1.29 Precedence: list List-Id: automatic DPDK test reports List-Unsubscribe: , List-Archive: List-Post: List-Help: List-Subscribe: , Errors-To: test-report-bounces@dpdk.org Test-Label: iol-unit-amd64-testing Test-Status: FAILURE http://dpdk.org/patch/155978 _Testing issues_ Submitter: Stephen Hemminger Date: Monday, August 18 2025 23:27:58 DPDK git baseline: Repo:dpdk Branch: master CommitID:38543d33bd47fc0ee21f59db80a8763620741879 155932-155978 --> testing issues Upstream job id: Generic-VM-Unit-Test-DPDK#30597 Test environment and result as below: +-------------------------------+----------------+ | Environment | dpdk_unit_test | +===============================+================+ | CentOS Stream 10 | PASS | +-------------------------------+----------------+ | CentOS Stream 9 | PASS | +-------------------------------+----------------+ | Debian GNU/Linux 12 | WARN | +-------------------------------+----------------+ | Fedora Linux 41 | PASS | +-------------------------------+----------------+ | Fedora Linux 40 | PASS | +-------------------------------+----------------+ | Fedora Linux 42 | PASS | +-------------------------------+----------------+ | Red Hat Enterprise Linux 8.10 | PASS | +-------------------------------+----------------+ | Red Hat Enterprise Linux 9.5 | PASS | +-------------------------------+----------------+ | Ubuntu 22.04 | PASS | +-------------------------------+----------------+ | Ubuntu 20.04 | PASS | +-------------------------------+----------------+ | Ubuntu 24.04 | PASS | +-------------------------------+----------------+ | Windows Server 2022 | FAIL | +-------------------------------+----------------+ ==== Unit test summary for Windows Server 2022 (dpdk_unit_test): ==== Failed to get the unit test results. Displaying the unit test results is not supported for some environments, such as our aarch32 testing, where meson is not used to run the tests. Download the logs available on our CI site. ==== End log output ==== CentOS Stream 10 Kernel: 5.15 Compiler: gcc gcc (GCC) 14.2.1 20250110 (Red Hat 14.2.1-8) CentOS Stream 9 Kernel: 5.15 Compiler: gcc gcc (GCC) 11.5.0 20240719 (Red Hat 11.5.0-7) Debian GNU/Linux 12 Kernel: 5.15 Compiler: gcc gcc (Debian 12.2.0-14+deb12u1) 12.2.0 Fedora Linux 41 Kernel: 5.15 Compiler: gcc gcc (GCC) 14.3.1 20250523 (Red Hat 14.3.1-1) Fedora Linux 40 Kernel: 5.15 Compiler: gcc gcc (GCC) 14.2.1 20240912 (Red Hat 14.2.1-3) Fedora Linux 42 Kernel: 5.15 Compiler: gcc gcc (GCC) 15.1.1 20250521 (Red Hat 15.1.1-2) Red Hat Enterprise Linux 8.10 Kernel: 5.15 Compiler: gcc gcc (GCC) 8.5.0 20210514 (Red Hat 8.5.0-22) Red Hat Enterprise Linux 9.5 Kernel: 5.15 Compiler: gcc gcc (GCC) 11.5.0 20240719 (Red Hat 11.5.0-2) Ubuntu 22.04 Kernel: 5.15 Compiler: gcc gcc (Ubuntu 11.4.0-1ubuntu1~22.04) 11.4.0 Ubuntu 20.04 Kernel: 5.15 Compiler: gcc gcc (Ubuntu 9.4.0-1ubuntu1~20.04.2) 9.4.0 Ubuntu 24.04 Kernel: 5.15 Compiler: gcc gcc (Ubuntu 13.3.0-6ubuntu2~24.04) 13.3.0 Windows Server 2022 Kernel: 10.0.20348.2031 Compiler: clang 15.0.7, gcc 14.1.0 (MinGW), and MSVC VS 19.39.33521 To view detailed results, visit: https://lab.dpdk.org/results/dashboard/patchsets/33900/ UNH-IOL DPDK Community Lab To manage your email subscriptions, visit: https://lab.dpdk.org/results/dashboard/preferences/subscriptions/