From mboxrd@z Thu Jan 1 00:00:00 1970 Return-Path: Received: from mails.dpdk.org (mails.dpdk.org [217.70.189.124]) by inbox.dpdk.org (Postfix) with ESMTP id 2212F46D68 for ; Tue, 19 Aug 2025 18:55:11 +0200 (CEST) Received: from mails.dpdk.org (localhost [127.0.0.1]) by mails.dpdk.org (Postfix) with ESMTP id 053CF402E4; Tue, 19 Aug 2025 18:55:11 +0200 (CEST) Received: from mail-il1-f226.google.com (mail-il1-f226.google.com [209.85.166.226]) by mails.dpdk.org (Postfix) with ESMTP id 7ACE3402E4 for ; Tue, 19 Aug 2025 18:55:09 +0200 (CEST) Received: by mail-il1-f226.google.com with SMTP id e9e14a558f8ab-3e570045e05so47973695ab.2 for ; Tue, 19 Aug 2025 09:55:09 -0700 (PDT) DKIM-Signature: v=1; a=rsa-sha256; c=relaxed/relaxed; d=iol.unh.edu; s=unh-iol; t=1755622509; x=1756227309; darn=dpdk.org; h=references:in-reply-to:cc:to:from:subject:message-id:date:from:to :cc:subject:date:message-id:reply-to; bh=1w7Wowf6PMADRQhtvotxR70bxk3oxCmsRKwCCOhmEHg=; b=e8s5c+0UzZXUo03oST5vNE1jpXt+HpUNEakpZ3ny04JhZpkB11msJp7EVqSOmXG2iX F736hMSKlcy8QuCUkOiN/HUTDb4KiVet8ur8cwyr7HuOB7s0xb/aoumdApPO8PcnEwlO kDSSwjGCt9w/UJF58/CGf+e+FYYiB70E1jqTc= X-Google-DKIM-Signature: v=1; a=rsa-sha256; c=relaxed/relaxed; d=1e100.net; s=20230601; t=1755622509; x=1756227309; h=references:in-reply-to:cc:to:from:subject:message-id:date :x-gm-message-state:from:to:cc:subject:date:message-id:reply-to; bh=1w7Wowf6PMADRQhtvotxR70bxk3oxCmsRKwCCOhmEHg=; b=ozzm85qBYwg6fS3sHU4Nlbo61MYdaflMM7+OWfG/+E7Sybhx2ORllrXlcZLhdOHl5Y 5989QoalVOroK3SkyRcXL0NBYKBJUEQqy+J1LujDyhzyrYX1EEA4QttfEhm17jo8J40Y 2YaJa5oEiHWtjQlQ6FbiG21dpzZeW0PExWmRFXai86b7MLf53TM4cyFbAm4PFPPq3nsP aw0oPubQBgJdIDeRK2k/Qfh3W1Cwqw18fdco9hgHm09GuOBja1u0eRVuqJapwy1jBZb+ jPRd3sG8ffi60heuuMqIEXd4ucsDyyuEy4MJk2FX4KrEfR4Bpd1aARdBMVxbJ/oc9Mbm O3JA== X-Gm-Message-State: AOJu0YwYni23MhdPRwtHevB0NTffB77ZxWtbqLhWo2x1Pj9JNm0aqLwD hE8CiyTDvQXwBM9fS4iXQh6Tg7HiEf4s3c6fyz+wd1v+5K7WNa2TuCbUFHeWqv/xttB2MzauvVM e5qeUptTqdvGtcsWvUfzUGgjwslEM6LS3ywrbIduC8n0N X-Gm-Gg: ASbGnctN2v3eUM6FWX0yPbMvuaut0CZF3Po7HiBd+PcUaffwzhRRBzkn15qRFS8+KsM TbmQSurhm5RMx+Ev7qOiMv6YnCe9qSiTraqx1K8OlKXFRotKOjbwURkOMxl8PQA/Fqn4uEj8mqA OdNt83LSUh2eS52Kd95tul39qr0wJyVzrE1BPYSh8JU+w0dbeQQqTk3yTVW5dkcKVHP4/WVFWyM bSxnrGkqIxhXX9I08+BXLe8tPDiQo0BdCnorP6M4X+Qj7hu758ByEt2pI+a4hDuIHydz+LbUeIF iNIeQoHJ9y26COqeh3AxMxP/K/S67oairCjnyxDGPoUu/bxHWRT2XRy0HHK7rjEYRrOte9+V X-Google-Smtp-Source: AGHT+IFLyUjfHE+Kcvy5TjTtaD6+RRec3yuVoeOcHFA5D5D06O23G+K1yrQp15kMQ2BGkkAF7oQqgUuR/jXq X-Received: by 2002:a05:6e02:1846:b0:3e5:53f1:10f0 with SMTP id e9e14a558f8ab-3e6765d1697mr63485435ab.3.1755622508223; Tue, 19 Aug 2025 09:55:08 -0700 (PDT) Received: from postal.iol.unh.edu (postal.iol.unh.edu. [132.177.123.84]) by smtp-relay.gmail.com with ESMTPS id 8926c6da1cb9f-50c948cd277sm699114173.3.2025.08.19.09.55.08 (version=TLS1_2 cipher=ECDHE-ECDSA-AES128-GCM-SHA256 bits=128/128); Tue, 19 Aug 2025 09:55:08 -0700 (PDT) X-Relaying-Domain: iol.unh.edu Date: Tue, 19 Aug 2025 09:55:08 -0700 (PDT) Message-ID: <68a4ac6c.050a0220.32cf6d.2403SMTPIN_ADDED_MISSING@mx.google.com> Received: from [172.21.0.2] (unknown [172.18.0.240]) by postal.iol.unh.edu (Postfix) with ESMTP id CF0AB604D420; Tue, 19 Aug 2025 12:55:07 -0400 (EDT) Subject: |FAILURE| pw155932-155978 [PATCH] [RFC,47/47] drivers/raw: replace w From: dpdklab@iol.unh.edu To: Test Report Cc: dpdk-test-reports@iol.unh.edu, Stephen Hemminger In-Reply-To: <20250818233102.180207-48-stephen@networkplumber.org> References: <20250818233102.180207-48-stephen@networkplumber.org> Content-Type: text/plain X-BeenThere: test-report@dpdk.org X-Mailman-Version: 2.1.29 Precedence: list List-Id: automatic DPDK test reports List-Unsubscribe: , List-Archive: List-Post: List-Help: List-Subscribe: , Errors-To: test-report-bounces@dpdk.org Test-Label: iol-unit-amd64-testing Test-Status: FAILURE http://dpdk.org/patch/155978 _Testing issues_ Submitter: Stephen Hemminger Date: Monday, August 18 2025 23:27:58 DPDK git baseline: Repo:dpdk Branch: master CommitID:38543d33bd47fc0ee21f59db80a8763620741879 155932-155978 --> testing issues Upstream job id: Generic-VM-Unit-Test-DPDK#30598 Test environment and result as below: +-------------------------------+----------------+ | Environment | dpdk_unit_test | +===============================+================+ | CentOS Stream 10 | PASS | +-------------------------------+----------------+ | CentOS Stream 9 | PASS | +-------------------------------+----------------+ | Debian GNU/Linux 12 | WARN | +-------------------------------+----------------+ | Fedora Linux 41 | PASS | +-------------------------------+----------------+ | Fedora Linux 40 | PASS | +-------------------------------+----------------+ | Fedora Linux 42 | PASS | +-------------------------------+----------------+ | Red Hat Enterprise Linux 8.10 | PASS | +-------------------------------+----------------+ | Red Hat Enterprise Linux 9.5 | PASS | +-------------------------------+----------------+ | Ubuntu 22.04 | PASS | +-------------------------------+----------------+ | Ubuntu 20.04 | PASS | +-------------------------------+----------------+ | Ubuntu 24.04 | PASS | +-------------------------------+----------------+ | Windows Server 2022 | FAIL | +-------------------------------+----------------+ ==== Unit test summary for Windows Server 2022 (dpdk_unit_test): ==== Failed to get the unit test results. Displaying the unit test results is not supported for some environments, such as our aarch32 testing, where meson is not used to run the tests. Download the logs available on our CI site. ==== End log output ==== CentOS Stream 10 Kernel: 5.15 Compiler: gcc gcc (GCC) 14.2.1 20250110 (Red Hat 14.2.1-8) CentOS Stream 9 Kernel: 5.15 Compiler: gcc gcc (GCC) 11.5.0 20240719 (Red Hat 11.5.0-7) Debian GNU/Linux 12 Kernel: 5.15 Compiler: gcc gcc (Debian 12.2.0-14+deb12u1) 12.2.0 Fedora Linux 41 Kernel: 5.15 Compiler: gcc gcc (GCC) 14.3.1 20250523 (Red Hat 14.3.1-1) Fedora Linux 40 Kernel: 5.15 Compiler: gcc gcc (GCC) 14.2.1 20240912 (Red Hat 14.2.1-3) Fedora Linux 42 Kernel: 5.15 Compiler: gcc gcc (GCC) 15.1.1 20250521 (Red Hat 15.1.1-2) Red Hat Enterprise Linux 8.10 Kernel: 5.15 Compiler: gcc gcc (GCC) 8.5.0 20210514 (Red Hat 8.5.0-22) Red Hat Enterprise Linux 9.5 Kernel: 5.15 Compiler: gcc gcc (GCC) 11.5.0 20240719 (Red Hat 11.5.0-2) Ubuntu 22.04 Kernel: 5.15 Compiler: gcc gcc (Ubuntu 11.4.0-1ubuntu1~22.04) 11.4.0 Ubuntu 20.04 Kernel: 5.15 Compiler: gcc gcc (Ubuntu 9.4.0-1ubuntu1~20.04.2) 9.4.0 Ubuntu 24.04 Kernel: 5.15 Compiler: gcc gcc (Ubuntu 13.3.0-6ubuntu2~24.04) 13.3.0 Windows Server 2022 Kernel: 10.0.20348.2031 Compiler: clang 15.0.7, gcc 14.1.0 (MinGW), and MSVC VS 19.39.33521 To view detailed results, visit: https://lab.dpdk.org/results/dashboard/patchsets/33900/ UNH-IOL DPDK Community Lab To manage your email subscriptions, visit: https://lab.dpdk.org/results/dashboard/preferences/subscriptions/