From mboxrd@z Thu Jan 1 00:00:00 1970 Return-Path: Received: from mails.dpdk.org (mails.dpdk.org [217.70.189.124]) by inbox.dpdk.org (Postfix) with ESMTP id CD23046D68 for ; Tue, 19 Aug 2025 18:59:18 +0200 (CEST) Received: from mails.dpdk.org (localhost [127.0.0.1]) by mails.dpdk.org (Postfix) with ESMTP id BB732402E4; Tue, 19 Aug 2025 18:59:18 +0200 (CEST) Received: from mail-pf1-f226.google.com (mail-pf1-f226.google.com [209.85.210.226]) by mails.dpdk.org (Postfix) with ESMTP id 78FAB40672 for ; Tue, 19 Aug 2025 18:59:17 +0200 (CEST) Received: by mail-pf1-f226.google.com with SMTP id d2e1a72fcca58-76e7af160f1so1175669b3a.1 for ; Tue, 19 Aug 2025 09:59:17 -0700 (PDT) DKIM-Signature: v=1; a=rsa-sha256; c=relaxed/relaxed; d=iol.unh.edu; s=unh-iol; t=1755622756; x=1756227556; darn=dpdk.org; h=references:in-reply-to:cc:to:from:subject:message-id:date:from:to :cc:subject:date:message-id:reply-to; bh=+J37xWSRlc10PiDzu8K1tVDgrjvaP7f6aYSuB9GjBTQ=; b=OHHc6RxBVxW3yagH7tgUQeFQSqPVDWXC36KfLfcGk0ULBGKpP4heznEjIybur2A0Yw ak8+U8MrQhqU5vKNXOKk4Efttorf402DDDNT8ITQJ+AmvTMPnnWaKNmoPGiqc3KvQCUs s8k61HVphlKDEXyqY/VobBrMnvs7SSzP9pjkY= X-Google-DKIM-Signature: v=1; a=rsa-sha256; c=relaxed/relaxed; d=1e100.net; s=20230601; t=1755622756; x=1756227556; h=references:in-reply-to:cc:to:from:subject:message-id:date :x-gm-message-state:from:to:cc:subject:date:message-id:reply-to; bh=+J37xWSRlc10PiDzu8K1tVDgrjvaP7f6aYSuB9GjBTQ=; b=MbVDBkqynzk75z2qU+KJdBoPb28zKBFDQiwMmEbPxU4lB4xAAqcq7XOsgVcImYUG+j ctJtG8LWrxOMk5IsRotdW9Tmne5j+hvPA1y2C33iRdmlxLULbRx+rQT5XyCs6QD96aya 3Yskkmt4fNjh7weyvQbOdcOQI4gecotLh3MmmZM1Lerfeim4oNdAa5oNXrlVQqsh23cc DnvA+HrQz13lL6btpn2gYRU+FrCW8QFHGoKmXZvKBT7M0Fb4PUPWf1jN3KjTML7n0xma CdfTBTJDhpMNrOOEdN0JOxf79ulKFsX7NQL9EVeUIxH7mgz0KAAce5zSIM/sPhpTA0la kghg== X-Gm-Message-State: AOJu0Yxvr2OFfHmBXCoDxit2sL6Kds5R0X+TBp2y68+/VABOJMkb/IPo yVhgDVt+BKu2bO0krV/qSwWI3eGwuVh7x00nnH4guyEWxwCXawvjHT3SmGeKeQ/ETV7NCs2u52X wjq0RTbtexaQu4Wp1sQkjjpDzrzQOrqwbGshqo1fgOMXy X-Gm-Gg: ASbGnct/hSsArWqf4oLLJm6c0opGUfxaeT3p9/9saY+pOEew8n5xuI+d1gtWDAgSMFw VRh2yGvtoeaVX9OFO320AEzSiVXzyAQCyDck+HunC4sIlttBAe8RAPmkVEtPCMSryjNr4TGgjVW VCDB/tO72SQ3P0/d4ZYlABO3CvmjYh42znTtnzhaXABr2F6YsnBv/vsnv4Z2emfnzcAv+bmVjvP k3dVqfCO7aUm9aILFu3TfXJNyd24r8gj475SoZJHAVMD/tG+RQAOn0eBC2aAFrJ1m4H93C+pKW4 6KG2BcJwJVeWYl+wr0gdgxXxB/qSrgEKY6/clU1Btyl3BWsnoJVw1BPQQbhdHHaPF3/66vXL X-Google-Smtp-Source: AGHT+IErWmO8+Cn+5jmZkbwOtE2QP4+00wZ2SVacYXB2llK9TNI8Qzk4Q6FjlX11IO7beI08O1zoEIXsHldy X-Received: by 2002:a05:6a00:27a0:b0:76e:7aee:35f3 with SMTP id d2e1a72fcca58-76e8111b9damr4172838b3a.31.1755622756474; Tue, 19 Aug 2025 09:59:16 -0700 (PDT) Received: from postal.iol.unh.edu (postal.iol.unh.edu. [132.177.123.84]) by smtp-relay.gmail.com with ESMTPS id d2e1a72fcca58-76e7d21dc97sm252632b3a.11.2025.08.19.09.59.16 (version=TLS1_2 cipher=ECDHE-ECDSA-AES128-GCM-SHA256 bits=128/128); Tue, 19 Aug 2025 09:59:16 -0700 (PDT) X-Relaying-Domain: iol.unh.edu Date: Tue, 19 Aug 2025 09:59:16 -0700 (PDT) Message-ID: <68a4ad64.050a0220.16a7d3.c83cSMTPIN_ADDED_MISSING@mx.google.com> Received: from [172.21.0.4] (unknown [172.18.0.240]) by postal.iol.unh.edu (Postfix) with ESMTP id B6E1E604D420; Tue, 19 Aug 2025 12:59:15 -0400 (EDT) Subject: |FAILURE| pw155932-155978 [PATCH] [RFC,47/47] drivers/raw: replace w From: dpdklab@iol.unh.edu To: Test Report Cc: dpdk-test-reports@iol.unh.edu, Stephen Hemminger In-Reply-To: <20250818233102.180207-48-stephen@networkplumber.org> References: <20250818233102.180207-48-stephen@networkplumber.org> Content-Type: text/plain X-BeenThere: test-report@dpdk.org X-Mailman-Version: 2.1.29 Precedence: list List-Id: automatic DPDK test reports List-Unsubscribe: , List-Archive: List-Post: List-Help: List-Subscribe: , Errors-To: test-report-bounces@dpdk.org Test-Label: iol-compile-arm64-testing Test-Status: FAILURE http://dpdk.org/patch/155978 _Testing issues_ Submitter: Stephen Hemminger Date: Monday, August 18 2025 23:27:58 DPDK git baseline: Repo:dpdk Branch: master CommitID:38543d33bd47fc0ee21f59db80a8763620741879 155932-155978 --> testing issues Upstream job id: Generic-DPDK-Compile-Meson#418398 Test environment and result as below: +------------------------------+--------------------+ | Environment | dpdk_meson_compile | +==============================+====================+ | Red Hat Enterprise Linux 9.5 | PASS | +------------------------------+--------------------+ | Ubuntu 20.04 | PASS | +------------------------------+--------------------+ | Fedora Linux 42 | PASS | +------------------------------+--------------------+ | Ubuntu 24.04 | PASS | +------------------------------+--------------------+ | CentOS Stream 10 | PASS | +------------------------------+--------------------+ | Debian GNU/Linux 12 | FAIL | +------------------------------+--------------------+ | Ubuntu 22.04 | PASS | +------------------------------+--------------------+ | CentOS Stream 9 | PASS | +------------------------------+--------------------+ ==== 20 line log output for Debian GNU/Linux 12 (dpdk_meson_compile): ==== ../drivers/net/bnxt/bnxt_filter.c:154:25: note: call to 'rte_free' here 154 | rte_free(filter); | ^~~~~~~~~~~~~~~~ ../lib/eal/include/bsd_queue.h:491:46: error: pointer 'filter' may be used after 'rte_free' [-Werror=use-after-free] 491 | #define STAILQ_NEXT(elm, field) ((elm)->field.stqe_next) | ~~~~~~~~~~~~~^~~~~~~~~~~ ../lib/eal/include/bsd_queue.h:509:14: note: in expansion of macro 'STAILQ_NEXT' 509 | STAILQ_NEXT(STAILQ_NEXT(elm, field), field)) == NULL) \ | ^~~~~~~~~~~ ../lib/eal/include/bsd_queue.h:502:17: note: in expansion of macro 'STAILQ_REMOVE_AFTER' 502 | STAILQ_REMOVE_AFTER(head, _Curelm, field); \ | ^~~~~~~~~~~~~~~~~~~ ../drivers/net/bnxt/bnxt_filter.c:155:25: note: in expansion of macro 'STAILQ_REMOVE' 155 | STAILQ_REMOVE(&bp->pf->vf_info[i].filter, filter, | ^~~~~~~~~~~~~ ../drivers/net/bnxt/bnxt_filter.c:154:25: note: call to 'rte_free' here 154 | rte_free(filter); | ^~~~~~~~~~~~~~~~ cc1: all warnings being treated as errors ninja: build stopped: subcommand failed. ==== End log output ==== Red Hat Enterprise Linux 9.5 Kernel: 5.4 Compiler: gcc gcc (GCC) 11.5.0 20240719 (Red Hat 11.5.0-2) Ubuntu 20.04 Kernel: 5.15 Compiler: aarch64-linux-gnu-gcc gcc (Ubuntu 9.4.0-1ubuntu1~20.04.2) 9.4.0 Fedora Linux 42 Kernel: 5.4 Compiler: clang gcc (GCC) 15.1.1 20250521 (Red Hat 15.1.1-2) Ubuntu 24.04 Kernel: 5.4 Compiler: gcc gcc (Ubuntu 13.3.0-6ubuntu2~24.04) 13.3.0 CentOS Stream 10 Kernel: 5.4 Compiler: gcc gcc (GCC) 14.2.1 20250110 (Red Hat 14.2.1-8) Debian GNU/Linux 12 Kernel: 5.4 Compiler: gcc gcc (Debian 12.2.0-14+deb12u1) 12.2.0 Ubuntu 22.04 Kernel: 5.4 Compiler: gcc gcc (Ubuntu 11.4.0-1ubuntu1~22.04) 11.4.0 CentOS Stream 9 Kernel: 5.4 Compiler: gcc gcc (GCC) 11.5.0 20240719 (Red Hat 11.5.0-7) To view detailed results, visit: https://lab.dpdk.org/results/dashboard/patchsets/33900/ UNH-IOL DPDK Community Lab To manage your email subscriptions, visit: https://lab.dpdk.org/results/dashboard/preferences/subscriptions/