From mboxrd@z Thu Jan 1 00:00:00 1970 Return-Path: Received: from mails.dpdk.org (mails.dpdk.org [217.70.189.124]) by inbox.dpdk.org (Postfix) with ESMTP id B349F46D68 for ; Tue, 19 Aug 2025 19:20:02 +0200 (CEST) Received: from mails.dpdk.org (localhost [127.0.0.1]) by mails.dpdk.org (Postfix) with ESMTP id A097E402E4; Tue, 19 Aug 2025 19:20:02 +0200 (CEST) Received: from mail-il1-f225.google.com (mail-il1-f225.google.com [209.85.166.225]) by mails.dpdk.org (Postfix) with ESMTP id 2F1E5402E4 for ; Tue, 19 Aug 2025 19:20:01 +0200 (CEST) Received: by mail-il1-f225.google.com with SMTP id e9e14a558f8ab-3e582bc3720so20557765ab.3 for ; Tue, 19 Aug 2025 10:20:01 -0700 (PDT) DKIM-Signature: v=1; a=rsa-sha256; c=relaxed/relaxed; d=iol.unh.edu; s=unh-iol; t=1755624000; x=1756228800; darn=dpdk.org; h=references:in-reply-to:cc:to:from:subject:message-id:date:from:to :cc:subject:date:message-id:reply-to; bh=0rzZfvFOwQavjbUX6tpsI+o4ynJ5N10ZZDo6HhChfOI=; b=jiEk0KVQarV5WyrbYv/BkMktwg2hPDa+kG1k8tBoZ4yDRJSVJjoTVvaXQIdBn6Cv+h hEOksRBHF/O6RgKG8Yzox77Xx6UQLgiUQIM8df4uBW3reVzgH3Bq1Tc+Q0HD8U643lEq NdpA5ae5YSJdS+4ap/lg6uglnDaXm1QmytGFA= X-Google-DKIM-Signature: v=1; a=rsa-sha256; c=relaxed/relaxed; d=1e100.net; s=20230601; t=1755624000; x=1756228800; h=references:in-reply-to:cc:to:from:subject:message-id:date :x-gm-message-state:from:to:cc:subject:date:message-id:reply-to; bh=0rzZfvFOwQavjbUX6tpsI+o4ynJ5N10ZZDo6HhChfOI=; b=oCdRpB0Hrlx6TdQa+9ALareNG//JDRwRgO+QnvBfdBEriP5sbKeoy9yhtAXOvB0Pr3 5Bj864Y4An0Oa7gJzdjJUMabOiFt4UAE5Q9j75nBdvwj25BHCExSRvM3omQYJJUKAcl9 sIubVJd1mVfXf4qWszM4lsXf1By/iq2UyoFMW898wbdepr2VBeRHX3fQtqUtqxBPGLTt VTTKTZ0UZt7T3JGExWldVxV+wJ85xB/K6gaaCk0PzBeTm+2rUNPEt6XWWciGwTpt07Xa TBjz2e1lm4jWbNbEbShnLVYpWALeElH8Tq7KxgMcGIToOe5Cx93LrBpdRwNNWFS+Sey0 Ud+g== X-Gm-Message-State: AOJu0YzrNSLfw1fxYjWCAzz5AZDOxe3yEys7mnE1ZlqQ17n/IttWjRM5 uwa/U72Iri+S+fkRzIUZvFJspztzsEFnpvhQ2u3mTuvUbAI9sAO0ZLgjZ7oVltIIHeAxnuu5M9B orcpYEab8jPtz35vhs6XcsmJyPHWgyKVm1Km9LinTzd8s X-Gm-Gg: ASbGncv7PEZxQDRuXMATNlOfyUkYI3g4XrbCJYEcoRYlj8gN+fogwOHCLTxFRRWkOO8 rpwHcxZBnDrTALnGBqV5pmy/7s8IP7TTTuMJcOYy35bXLjEazxLeaF51ZAZ6rZErK0y9soY1FtE YNZk6fC+oUdRmi92HNDjD+zq74/A33nRFvgExn9qppOsswkTFxXMhTnEtIQwdHfK0G0cU9lhroI jnM0DtpeDHaeuYJTB32Gwp7Q/k8W1CQB/yCI0Hxkx48Yh133ImeYYbLr106Mar+QrKKPjFuFapo dNpiGJYIZBKTq6d/5LGd/52S6+tgjf21chzgpKmVXIaXUCtEAnxHRtOBx/3i6zXUn2SjQKrr X-Google-Smtp-Source: AGHT+IGbComEDqp1r58R6BGINn/AeQuwZckS8Fd25SQBI72KFnwqAknCdKzgsnp0ryXji592oqlDDlQc3GfB X-Received: by 2002:a05:6e02:380b:b0:3e5:3053:2d04 with SMTP id e9e14a558f8ab-3e67662792amr51214125ab.13.1755624000379; Tue, 19 Aug 2025 10:20:00 -0700 (PDT) Received: from postal.iol.unh.edu (postal.iol.unh.edu. [132.177.123.84]) by smtp-relay.gmail.com with ESMTPS id 8926c6da1cb9f-50c948ccdb6sm681311173.4.2025.08.19.10.20.00 (version=TLS1_2 cipher=ECDHE-ECDSA-AES128-GCM-SHA256 bits=128/128); Tue, 19 Aug 2025 10:20:00 -0700 (PDT) X-Relaying-Domain: iol.unh.edu Date: Tue, 19 Aug 2025 10:20:00 -0700 (PDT) Message-ID: <68a4b240.050a0220.234f90.162fSMTPIN_ADDED_MISSING@mx.google.com> Received: from [172.21.0.2] (unknown [172.18.0.240]) by postal.iol.unh.edu (Postfix) with ESMTP id E6B0C6050A61; Tue, 19 Aug 2025 13:19:59 -0400 (EDT) Subject: |FAILURE| pw155932-155978 [PATCH] [RFC,47/47] drivers/raw: replace w From: dpdklab@iol.unh.edu To: Test Report Cc: dpdk-test-reports@iol.unh.edu, Stephen Hemminger In-Reply-To: <20250818233102.180207-48-stephen@networkplumber.org> References: <20250818233102.180207-48-stephen@networkplumber.org> Content-Type: text/plain X-BeenThere: test-report@dpdk.org X-Mailman-Version: 2.1.29 Precedence: list List-Id: automatic DPDK test reports List-Unsubscribe: , List-Archive: List-Post: List-Help: List-Subscribe: , Errors-To: test-report-bounces@dpdk.org Test-Label: iol-compile-amd64-testing Test-Status: FAILURE http://dpdk.org/patch/155978 _Testing issues_ Submitter: Stephen Hemminger Date: Monday, August 18 2025 23:27:58 DPDK git baseline: Repo:dpdk Branch: master CommitID:38543d33bd47fc0ee21f59db80a8763620741879 155932-155978 --> testing issues Upstream job id: Windows-Compile-DPDK-Native#30433 Test environment and result as below: +-------------------------------+--------------------+-------------------+------------------+-------------------+-------------------------+----------------------+ | Environment | dpdk_meson_compile | dpdk_compile_spdk | dpdk_compile_ovs | dpdk_msvc_compile | dpdk_llvm_clang_compile | dpdk_mingw64_compile | +===============================+====================+===================+==================+===================+=========================+======================+ | CentOS Stream 9 | PASS | PASS | SKIPPED | SKIPPED | SKIPPED | SKIPPED | +-------------------------------+--------------------+-------------------+------------------+-------------------+-------------------------+----------------------+ | CentOS Stream 10 | PASS | SKIPPED | SKIPPED | SKIPPED | SKIPPED | SKIPPED | +-------------------------------+--------------------+-------------------+------------------+-------------------+-------------------------+----------------------+ | Debian GNU/Linux 12 | FAIL | WARN | SKIPPED | SKIPPED | SKIPPED | SKIPPED | +-------------------------------+--------------------+-------------------+------------------+-------------------+-------------------------+----------------------+ | Fedora Linux 42 | PASS | PASS | PASS | SKIPPED | SKIPPED | SKIPPED | +-------------------------------+--------------------+-------------------+------------------+-------------------+-------------------------+----------------------+ | openSUSE Leap 15.6 | PASS | SKIPPED | SKIPPED | SKIPPED | SKIPPED | SKIPPED | +-------------------------------+--------------------+-------------------+------------------+-------------------+-------------------------+----------------------+ | Red Hat Enterprise Linux 9.5 | PASS | SKIPPED | SKIPPED | SKIPPED | SKIPPED | SKIPPED | +-------------------------------+--------------------+-------------------+------------------+-------------------+-------------------------+----------------------+ | Ubuntu 20.04 | PASS | SKIPPED | SKIPPED | SKIPPED | SKIPPED | SKIPPED | +-------------------------------+--------------------+-------------------+------------------+-------------------+-------------------------+----------------------+ | Ubuntu 22.04 | PASS | PASS | SKIPPED | SKIPPED | SKIPPED | SKIPPED | +-------------------------------+--------------------+-------------------+------------------+-------------------+-------------------------+----------------------+ | Ubuntu 24.04 | PASS | PASS | PASS | SKIPPED | SKIPPED | SKIPPED | +-------------------------------+--------------------+-------------------+------------------+-------------------+-------------------------+----------------------+ | Alpine Linux 3.22.0 | FAIL | SKIPPED | SKIPPED | SKIPPED | SKIPPED | SKIPPED | +-------------------------------+--------------------+-------------------+------------------+-------------------+-------------------------+----------------------+ | FreeBSD 14.2 | PASS | SKIPPED | SKIPPED | SKIPPED | SKIPPED | SKIPPED | +-------------------------------+--------------------+-------------------+------------------+-------------------+-------------------------+----------------------+ | Red Hat Enterprise Linux 8.10 | PASS | SKIPPED | SKIPPED | SKIPPED | SKIPPED | SKIPPED | +-------------------------------+--------------------+-------------------+------------------+-------------------+-------------------------+----------------------+ | Windows Server 2022 | SKIPPED | SKIPPED | SKIPPED | FAIL | FAIL | FAIL | +-------------------------------+--------------------+-------------------+------------------+-------------------+-------------------------+----------------------+ ==== 20 line log output for Windows Server 2022 (dpdk_mingw64_compile): ==== | ; ../drivers/bus/vdev/vdev.c:653:33: error: unused variable 'driver' [-Werror=unused-variable] 653 | struct rte_vdev_driver *driver; | ^~~~~~ ../drivers/bus/vdev/vdev.c:651:21: error: unused variable 'name' [-Werror=unused-variable] 651 | const char *name; | ^~~~ ../drivers/bus/vdev/vdev.c:665:1: error: no return statement in function returning non-void [-Werror=return-type] 665 | } | ^ ../drivers/bus/vdev/vdev.c: At top level: ../drivers/bus/vdev/vdev.c:49:33: error: storage size of 'vdev_custom_scans' isn't known 49 | static struct vdev_custom_scans vdev_custom_scans = | ^~~~~~~~~~~~~~~~~ ../drivers/bus/vdev/vdev.c: In function 'find_vdev': ../drivers/bus/vdev/vdev.c:237:1: error: control reaches end of non-void function [-Werror=return-type] 237 | } | ^ cc1.exe: all warnings being treated as errors ninja: build stopped: subcommand failed. ==== End log output ==== CentOS Stream 9 Kernel: 5.15 Compiler: gcc gcc (GCC) 11.5.0 20240719 (Red Hat 11.5.0-7) CentOS Stream 10 Kernel: 5.15 Compiler: gcc gcc (GCC) 14.2.1 20250110 (Red Hat 14.2.1-8) Debian GNU/Linux 12 Kernel: 5.15 Compiler: gcc gcc (Debian 12.2.0-14+deb12u1) 12.2.0 Fedora Linux 42 Kernel: 5.15 Compiler: clang gcc (GCC) 15.1.1 20250521 (Red Hat 15.1.1-2) openSUSE Leap 15.6 Kernel: 5.15 Compiler: gcc gcc (SUSE Linux) 7.5.0 Red Hat Enterprise Linux 9.5 Kernel: 5.15 Compiler: gcc gcc (GCC) 11.5.0 20240719 (Red Hat 11.5.0-2) Ubuntu 20.04 Kernel: 4.19 Compiler: gcc gcc (Ubuntu 9.4.0-1ubuntu1~20.04.2) 9.4.0 Ubuntu 22.04 Kernel: 5.15 Compiler: gcc gcc (Ubuntu 11.4.0-1ubuntu1~22.04) 11.4.0 Ubuntu 24.04 Kernel: 5.15 Compiler: gcc gcc (Ubuntu 13.3.0-6ubuntu2~24.04) 13.3.0 Alpine Linux 3.22.0 Kernel: 5.15 Compiler: gcc gcc (Alpine 14.2.0) 14.2.0 FreeBSD 14.2 Kernel: 14.2-RELEASE Compiler: clang 18.1.6 Red Hat Enterprise Linux 8.10 Kernel: 5.15 Compiler: gcc gcc (GCC) 8.5.0 20210514 (Red Hat 8.5.0-22) Windows Server 2022 Kernel: 10.0.20348.2031 Compiler: clang 15.0.7, gcc 14.1.0 (MinGW), and MSVC VS 19.39.33521 To view detailed results, visit: https://lab.dpdk.org/results/dashboard/patchsets/33900/ UNH-IOL DPDK Community Lab To manage your email subscriptions, visit: https://lab.dpdk.org/results/dashboard/preferences/subscriptions/