From mboxrd@z Thu Jan 1 00:00:00 1970 Return-Path: Received: from mails.dpdk.org (mails.dpdk.org [217.70.189.124]) by inbox.dpdk.org (Postfix) with ESMTP id 8A8A546E75 for ; Fri, 5 Sep 2025 15:25:43 +0200 (CEST) Received: from mails.dpdk.org (localhost [127.0.0.1]) by mails.dpdk.org (Postfix) with ESMTP id 84EF1402BD; Fri, 5 Sep 2025 15:25:43 +0200 (CEST) Received: from mail-pf1-f225.google.com (mail-pf1-f225.google.com [209.85.210.225]) by mails.dpdk.org (Postfix) with ESMTP id 92C03402BD for ; Fri, 5 Sep 2025 15:25:42 +0200 (CEST) Received: by mail-pf1-f225.google.com with SMTP id d2e1a72fcca58-7741991159bso1370965b3a.0 for ; Fri, 05 Sep 2025 06:25:42 -0700 (PDT) DKIM-Signature: v=1; a=rsa-sha256; c=relaxed/relaxed; d=iol.unh.edu; s=unh-iol; t=1757078742; x=1757683542; darn=dpdk.org; h=references:in-reply-to:cc:to:from:subject:message-id:date:from:to :cc:subject:date:message-id:reply-to; bh=xLB6bjJ/ZF5dw6p8n8u8QmZnMOcCDypf89iabW5FQqo=; b=HpoVtwJJza7mM21RKNyoOU3iHWxVv8Xs51RTtQR7xGw8Iq/8mQb+JdaVYFenJj/Lla DwEGFJSL/IkwF3Sibm3AjsjaAj31xSmO6M2FC9ju+AhUH68uzj5eszljPpB8QL5VjYeA BgKSj3KSZmYItvFTPv5BxazDVo/HRmm9fES3c= X-Google-DKIM-Signature: v=1; a=rsa-sha256; c=relaxed/relaxed; d=1e100.net; s=20230601; t=1757078742; x=1757683542; h=references:in-reply-to:cc:to:from:subject:message-id:date :x-gm-message-state:from:to:cc:subject:date:message-id:reply-to; bh=xLB6bjJ/ZF5dw6p8n8u8QmZnMOcCDypf89iabW5FQqo=; b=lC2I0PVajlNlFtM8ejJ8HHn7NTptOxNIEczXOdeKAzW4LIkNykRHkFmkukuqIjYS+c mx9VwIKLV66rN5SWgvlfpk5j4UNJ8b96ulHrf+LS5am1mw42UDeVtfPfWmUknSRTuj6D I/khX2uWsPozfnFEkaThyI2kMQoJzGJwUQjkcrBlPia9bUBnG6l6a2jTpXnGe8+BS6CS 5zgw9XGulm8WnFMgFcqLL+2cPJhBZt+rFyQ7tpOvniAZQo7UW5PTSk0NoRH0jSGiv/DP HhwgiHixcl3ECyXVAwgB0xMsF7emjz5jFWVkb2je01gSrv3lNxR4+FSNickVCWEVnpnZ i0jA== X-Gm-Message-State: AOJu0YwAOiYs789+1pumuCin8Hk3OHis7TJ+BAB/OcCQq+Ixc71G9HTt 2T1p6AK1ODWPHbzTUiKArirA3B7xGhIIbBRJ27SqhHpJOW7EGzDDGifI64B51BDil3Hd07ZT/fw pwQisDIxIy3/5nbPIg3CXNPBEjfLfakV4FS8b7+uw5tjR X-Gm-Gg: ASbGnctnvMyoKYKug3NNyu5kWcXy6w4a369Fjq/T+QbEx+Rgg7ZW3v7+p1piofrY7cZ ady3ibearK4Sm+/Gn4zLojj5JHOiCqve7+EgBmdA+7mE3ay2JXd85/c7mjOoP/r1uIhhxc66sfy Z9zXVMnVjkVcYBPWgN3+nTU1zl+XHPhzWWm8oCYbTdgY0xdP9LLzO9BI3l/URdOwuQ7Slpwc7Dh xYBTfiOmrduasZT5Q6HNw9mywEaHheS946liAm1YLLXwSVkbRegr5gXjOfUkGDyrYryaa06EPpg pQNstGQP4rH08bFfYi6iMW/J+FeFu9OgGyAIhoOLaT/+YeakxG4qetJqoArA/hPkc3djBBO1 X-Google-Smtp-Source: AGHT+IEFYBhs5Yl8/eXSvqVhBePIFlC8Q1sWuh/8mXQitf0py8IkuC1087cgfqNcwM4lNGmxAAzaMjdoNWfr X-Received: by 2002:a05:6a21:328d:b0:251:2a11:e73 with SMTP id adf61e73a8af0-2512a110f9amr1873451637.43.1757078741743; Fri, 05 Sep 2025 06:25:41 -0700 (PDT) Received: from postal.iol.unh.edu (postal.iol.unh.edu. [132.177.123.84]) by smtp-relay.gmail.com with ESMTPS id 41be03b00d2f7-b4cd22aa228sm1494759a12.12.2025.09.05.06.25.41 (version=TLS1_2 cipher=ECDHE-ECDSA-AES128-GCM-SHA256 bits=128/128); Fri, 05 Sep 2025 06:25:41 -0700 (PDT) X-Relaying-Domain: iol.unh.edu Date: Fri, 05 Sep 2025 06:25:41 -0700 (PDT) Message-ID: <68bae4d5.630a0220.1a5eb.fa67SMTPIN_ADDED_MISSING@mx.google.com> Received: from [172.21.0.3] (unknown [172.18.0.240]) by postal.iol.unh.edu (Postfix) with ESMTP id 05B446051830; Fri, 5 Sep 2025 09:25:41 -0400 (EDT) Subject: |FAILURE| pw156458 [PATCH] [v5,1/1] dts: add missing type hints to m From: dpdklab@iol.unh.edu To: Test Report Cc: dpdk-test-reports@iol.unh.edu, Andrew Bailey In-Reply-To: <20250905124058.174777-2-abailey@iol.unh.edu> References: <20250905124058.174777-2-abailey@iol.unh.edu> Content-Type: text/plain X-BeenThere: test-report@dpdk.org X-Mailman-Version: 2.1.29 Precedence: list List-Id: automatic DPDK test reports List-Unsubscribe: , List-Archive: List-Post: List-Help: List-Subscribe: , Errors-To: test-report-bounces@dpdk.org Test-Label: iol-compile-amd64-testing Test-Status: FAILURE http://dpdk.org/patch/156458 _Testing issues_ Submitter: Andrew Bailey Date: Friday, September 05 2025 12:40:58 DPDK git baseline: Repo:dpdk-next-dts Branch: master CommitID:b68f6a285214dcf7df416a0b59312b2548742dd2 156458 --> testing issues Upstream job id: Generic-DPDK-Compile-Meson#422801 Test environment and result as below: +-------------------------------+--------------------+-------------------+------------------+-------------------------+-------------------+----------------------+ | Environment | dpdk_meson_compile | dpdk_compile_spdk | dpdk_compile_ovs | dpdk_llvm_clang_compile | dpdk_msvc_compile | dpdk_mingw64_compile | +===============================+====================+===================+==================+=========================+===================+======================+ | CentOS Stream 9 | PEND | PEND | SKIPPED | SKIPPED | SKIPPED | SKIPPED | +-------------------------------+--------------------+-------------------+------------------+-------------------------+-------------------+----------------------+ | Ubuntu 20.04 | PASS | SKIPPED | SKIPPED | SKIPPED | SKIPPED | SKIPPED | +-------------------------------+--------------------+-------------------+------------------+-------------------------+-------------------+----------------------+ | CentOS Stream 10 | PASS | SKIPPED | SKIPPED | SKIPPED | SKIPPED | SKIPPED | +-------------------------------+--------------------+-------------------+------------------+-------------------------+-------------------+----------------------+ | Fedora Linux 42 | PEND | PEND | PEND | SKIPPED | SKIPPED | SKIPPED | +-------------------------------+--------------------+-------------------+------------------+-------------------------+-------------------+----------------------+ | Red Hat Enterprise Linux 8.10 | PASS | SKIPPED | SKIPPED | SKIPPED | SKIPPED | SKIPPED | +-------------------------------+--------------------+-------------------+------------------+-------------------------+-------------------+----------------------+ | Red Hat Enterprise Linux 9.5 | PASS | SKIPPED | SKIPPED | SKIPPED | SKIPPED | SKIPPED | +-------------------------------+--------------------+-------------------+------------------+-------------------------+-------------------+----------------------+ | Ubuntu 24.04 | PEND | PEND | PEND | SKIPPED | SKIPPED | SKIPPED | +-------------------------------+--------------------+-------------------+------------------+-------------------------+-------------------+----------------------+ | Ubuntu 22.04 | PASS | PASS | SKIPPED | SKIPPED | SKIPPED | SKIPPED | +-------------------------------+--------------------+-------------------+------------------+-------------------------+-------------------+----------------------+ | Alpine Linux 3.22.0 | PASS | SKIPPED | SKIPPED | SKIPPED | SKIPPED | SKIPPED | +-------------------------------+--------------------+-------------------+------------------+-------------------------+-------------------+----------------------+ | Debian GNU/Linux 12 | PASS | WARN | SKIPPED | SKIPPED | SKIPPED | SKIPPED | +-------------------------------+--------------------+-------------------+------------------+-------------------------+-------------------+----------------------+ | openSUSE Leap 15.6 | PASS | SKIPPED | SKIPPED | SKIPPED | SKIPPED | SKIPPED | +-------------------------------+--------------------+-------------------+------------------+-------------------------+-------------------+----------------------+ | FreeBSD 14.2 | PASS | SKIPPED | SKIPPED | SKIPPED | SKIPPED | SKIPPED | +-------------------------------+--------------------+-------------------+------------------+-------------------------+-------------------+----------------------+ | Windows Server 2022 | SKIPPED | SKIPPED | SKIPPED | PASS | PEND | PEND | +-------------------------------+--------------------+-------------------+------------------+-------------------------+-------------------+----------------------+ ==== 20 line log output for Debian GNU/Linux 12 (dpdk_compile_spdk): ==== --- Failed to get log output --- ==== End log output ==== CentOS Stream 9 Kernel: 5.15 Compiler: gcc gcc (GCC) 11.5.0 20240719 (Red Hat 11.5.0-11) Ubuntu 20.04 Kernel: 5.15 Compiler: gcc gcc (Ubuntu 9.4.0-1ubuntu1~20.04.2) 9.4.0 CentOS Stream 10 Kernel: 5.15 Compiler: gcc gcc (GCC) 14.2.1 20250110 (Red Hat 14.2.1-8) Fedora Linux 42 Kernel: 5.15 Compiler: clang gcc (GCC) 15.2.1 20250808 (Red Hat 15.2.1-1) Red Hat Enterprise Linux 8.10 Kernel: 5.15 Compiler: gcc gcc (GCC) 8.5.0 20210514 (Red Hat 8.5.0-22) Red Hat Enterprise Linux 9.5 Kernel: 5.15 Compiler: gcc gcc (GCC) 11.5.0 20240719 (Red Hat 11.5.0-2) Ubuntu 24.04 Kernel: 5.15 Compiler: gcc gcc (Ubuntu 13.3.0-6ubuntu2~24.04) 13.3.0 Ubuntu 22.04 Kernel: 5.15 Compiler: gcc gcc (Ubuntu 11.4.0-1ubuntu1~22.04) 11.4.0 Alpine Linux 3.22.0 Kernel: 5.15 Compiler: gcc gcc (Alpine 14.2.0) 14.2.0 Debian GNU/Linux 12 Kernel: 5.15 Compiler: gcc gcc (Debian 12.2.0-14+deb12u1) 12.2.0 openSUSE Leap 15.6 Kernel: 5.15 Compiler: gcc gcc (SUSE Linux) 7.5.0 FreeBSD 14.2 Kernel: 14.2-RELEASE Compiler: clang 18.1.6 Windows Server 2022 Kernel: 10.0.20348.2031 Compiler: clang 15.0.7, gcc 14.1.0 (MinGW), and MSVC VS 19.39.33521 To view detailed results, visit: https://lab.dpdk.org/results/dashboard/patchsets/34026/ UNH-IOL DPDK Community Lab To manage your email subscriptions, visit: https://lab.dpdk.org/results/dashboard/preferences/subscriptions/