From mboxrd@z Thu Jan 1 00:00:00 1970 Return-Path: Received: from mails.dpdk.org (mails.dpdk.org [217.70.189.124]) by inbox.dpdk.org (Postfix) with ESMTP id D56A346ECB for ; Fri, 19 Sep 2025 20:21:22 +0200 (CEST) Received: from mails.dpdk.org (localhost [127.0.0.1]) by mails.dpdk.org (Postfix) with ESMTP id D12704028E; Fri, 19 Sep 2025 20:21:22 +0200 (CEST) Received: from mail-pl1-f227.google.com (mail-pl1-f227.google.com [209.85.214.227]) by mails.dpdk.org (Postfix) with ESMTP id 58CF54028E for ; Fri, 19 Sep 2025 20:21:21 +0200 (CEST) Received: by mail-pl1-f227.google.com with SMTP id d9443c01a7336-2445806df50so20514605ad.1 for ; Fri, 19 Sep 2025 11:21:21 -0700 (PDT) DKIM-Signature: v=1; a=rsa-sha256; c=relaxed/relaxed; d=iol.unh.edu; s=unh-iol; t=1758306080; x=1758910880; darn=dpdk.org; h=references:in-reply-to:cc:to:from:subject:message-id:date:from:to :cc:subject:date:message-id:reply-to; bh=p1Qt5+qlm9mR7zZeGe/82VzjpYVSk9k06DsmYh5PM9k=; b=WqicxRYZeWqU/1W3KY+/+amYmSIHVhGnb1W56nEYKO3UpZdzCEYfCPfZ2ZNWcqTp7N 7o48Cg0nlOmM/gKCKQ1YPznLhUR9keK5VC1ITK2y2yv6EIn4mlLYOKVu8O7qHKlEU25A LqEv3kX0JRkWOPY1xv7mgKQ1o7rgwwtpqdeLI= X-Google-DKIM-Signature: v=1; a=rsa-sha256; c=relaxed/relaxed; d=1e100.net; s=20230601; t=1758306080; x=1758910880; h=references:in-reply-to:cc:to:from:subject:message-id:date :x-gm-message-state:from:to:cc:subject:date:message-id:reply-to; bh=p1Qt5+qlm9mR7zZeGe/82VzjpYVSk9k06DsmYh5PM9k=; b=pDfUisCXGtXZIp0qt273oqilhMfZUJO+9QbVl06aZs8Xr9w++UIgwXp9S+SgxvrFON L4WrCxHZ27EhcsLu/fdzvzTdfiCloVTwp2XaBoSXVHuQJBaDa22Vz9fwYgC8Qag8RCUj 4dnaUNVDCZWTnd9zn4TnG5ja3zKXw6lyHbEIFCuWrcXWbkBAJaPJzQSRx9wa5y545Zwa 8BALtVANNc0ZhQRPdzGZlWfRzk7G38efZGoqVkjlTrWgPlVJK/ggbFgytkxg0qLyzlzK B+qdO1g6ocj4P2RqQlVt4zTIXYUBoePCQyzmRQCwcI+GojtQx/hyXpGsiw3SqNUnNEjw PsBA== X-Gm-Message-State: AOJu0Yw3RIDMqLR4dhY/fvmvMxQ3coPrLCne/uUfiE4TSDtxYQtGCpdn OsIpay3svnyKiMxo4RkSbutMmMeYMqdVzR30X0YjPaChFCy3JFPH5WYGnFPT/g6JxG5kNFxBjZr k1VFP4cyX9MiWGts5hKr3c9fSKCaXtjO4FSz5FAZSfcVSYi6D8jqU1xfsFb0M X-Gm-Gg: ASbGnctXdo4ab3WQatitEK0MlMm5UOXW9civeBSsVFCNg0E39krxI71dgJLmyOWHwpU OM2UX1cDN/mARnzLOhQcttK4+idQAz6ACIcEOxrKnowBVKQtGmrFWhNn3lFsPFe3a/h9DT5WQQh ox9/w8PtOrmjgmkZ7XLismn7XpSqV9Yy3JndX2U+2+muoFPXxBW7qUpjExBfpO2fUg7bAkxRssn AUFsld5sYxyB6VPXgejJEWHUDCCQSsl4FgyFBMGHv1NlalDfK0p7+cjeAilzwnZKZqQFTvTTpGm 3Uw+m5g23EGseAItspkkfY9Y/V7fMXj7acV/GWNB+UY8MRKAwA== X-Google-Smtp-Source: AGHT+IFlZ9iFxFFFzJsTv9c0Alccfizv07nsF4zjzJfAiBrs0p8j03IBkib4eyTdXcuSXAKAEO4mym258yb0 X-Received: by 2002:a17:902:e84c:b0:267:9a29:7800 with SMTP id d9443c01a7336-269ba58007amr58721205ad.59.1758306080515; Fri, 19 Sep 2025 11:21:20 -0700 (PDT) Received: from postal.iol.unh.edu (postal.iol.unh.edu. [2606:4100:3880:1234::84]) by smtp-relay.gmail.com with ESMTPS id d9443c01a7336-269802bd953sm3994255ad.70.2025.09.19.11.21.20 (version=TLS1_2 cipher=ECDHE-ECDSA-AES128-GCM-SHA256 bits=128/128); Fri, 19 Sep 2025 11:21:20 -0700 (PDT) X-Relaying-Domain: iol.unh.edu Date: Fri, 19 Sep 2025 11:21:20 -0700 (PDT) Message-ID: <68cd9f20.170a0220.150cb5.93c1SMTPIN_ADDED_MISSING@mx.google.com> Received: from [172.21.0.2] (unknown [172.18.0.240]) by postal.iol.unh.edu (Postfix) with ESMTP id 07B14604D420; Fri, 19 Sep 2025 14:21:20 -0400 (EDT) Subject: |FAILURE| pw156780-156782 [PATCH] [2/3] compress/zlib: support for d From: dpdklab@iol.unh.edu To: Test Report Cc: dpdk-test-reports@iol.unh.edu, Akhil Goyal , Sameer Vaze In-Reply-To: <20250919173415.2462642-2-svaze@qti.qualcomm.com> References: <20250919173415.2462642-2-svaze@qti.qualcomm.com> Content-Type: text/plain X-BeenThere: test-report@dpdk.org X-Mailman-Version: 2.1.29 Precedence: list List-Id: automatic DPDK test reports List-Unsubscribe: , List-Archive: List-Post: List-Help: List-Subscribe: , Errors-To: test-report-bounces@dpdk.org Test-Label: iol-unit-amd64-testing Test-Status: FAILURE http://dpdk.org/patch/156782 _Testing issues_ Submitter: Sameer Vaze Date: Friday, September 19 2025 17:34:14 DPDK git baseline: Repo:dpdk-next-crypto Branch: master CommitID:4159ea62922ce41566c7bab44655ad78bee85458 156780-156782 --> testing issues Upstream job id: Generic-Unit-Test-DPDK#373274 Test environment and result as below: +-------------------------------+----------------+ | Environment | dpdk_unit_test | +===============================+================+ | CentOS Stream 9 | WARN | +-------------------------------+----------------+ | Fedora Linux 41 | PEND | +-------------------------------+----------------+ | CentOS Stream 10 | WARN | +-------------------------------+----------------+ | Debian GNU/Linux 12 | WARN | +-------------------------------+----------------+ | Fedora Linux 40 | WARN | +-------------------------------+----------------+ | Fedora Linux 42 | PEND | +-------------------------------+----------------+ | Red Hat Enterprise Linux 8.10 | PASS | +-------------------------------+----------------+ | Ubuntu 20.04 | PEND | +-------------------------------+----------------+ | Ubuntu 22.04 | PEND | +-------------------------------+----------------+ | Ubuntu 24.04 | PEND | +-------------------------------+----------------+ | Red Hat Enterprise Linux 9.5 | PEND | +-------------------------------+----------------+ ==== 20 line log output for Fedora Linux 40 (dpdk_unit_test): ==== 84 | uint8_t *dictionary = malloc(DEFLATE_MAX_WINDOW_SIZE); | ^~~~~~~~~~~~~~~~~~~~~~~~~~~~~~~ ../drivers/compress/zlib/zlib_pmd.c: In function 'process_zlib_deflate_chksum': ../drivers/compress/zlib/zlib_pmd.c:43:25: error: 'rte_free' called on pointer returned from a mismatched allocation function [-Werror=mismatched-dealloc] 43 | rte_free(dictionary); | ^~~~~~~~~~~~~~~~~~~~ ../drivers/compress/zlib/zlib_pmd.c:32:39: note: returned from 'malloc' 32 | uint8_t *dictionary = malloc(DEFLATE_MAX_WINDOW_SIZE); | ^~~~~~~~~~~~~~~~~~~~~~~~~~~~~~~ ../drivers/compress/zlib/zlib_pmd.c:58:17: error: 'rte_free' called on pointer returned from a mismatched allocation function [-Werror=mismatched-dealloc] 58 | rte_free(dictionary); | ^~~~~~~~~~~~~~~~~~~~ ../drivers/compress/zlib/zlib_pmd.c:32:39: note: returned from 'malloc' 32 | uint8_t *dictionary = malloc(DEFLATE_MAX_WINDOW_SIZE); | ^~~~~~~~~~~~~~~~~~~~~~~~~~~~~~~ cc1: all warnings being treated as errors [2885/3540] Generating rte_regex_cn9k_map with a custom command [2886/3540] Generating rte_regex_cn9k.pmd.c with a custom command [2887/3540] Generating rte_compress_octeontx.sym_chk with a custom command (wrapped by meson to capture output) ninja: build stopped: subcommand failed. ==== End log output ==== CentOS Stream 9 Kernel: 5.15 Compiler: gcc gcc (GCC) 11.5.0 20240719 (Red Hat 11.5.0-11) Fedora Linux 41 Kernel: 5.15 Compiler: gcc gcc (GCC) 14.3.1 20250523 (Red Hat 14.3.1-1) CentOS Stream 10 Kernel: 5.15 Compiler: gcc gcc (GCC) 14.2.1 20250110 (Red Hat 14.2.1-8) Debian GNU/Linux 12 Kernel: 5.15 Compiler: gcc gcc (Debian 12.2.0-14+deb12u1) 12.2.0 Fedora Linux 40 Kernel: 5.15 Compiler: clang gcc (GCC) 14.2.1 20240912 (Red Hat 14.2.1-3) Fedora Linux 42 Kernel: 5.15 Compiler: gcc gcc (GCC) 15.2.1 20250808 (Red Hat 15.2.1-1) Red Hat Enterprise Linux 8.10 Kernel: 5.15 Compiler: gcc gcc (GCC) 8.5.0 20210514 (Red Hat 8.5.0-22) Ubuntu 20.04 Kernel: 5.15 Compiler: gcc gcc (Ubuntu 9.4.0-1ubuntu1~20.04.2) 9.4.0 Ubuntu 22.04 Kernel: 5.15 Compiler: gcc gcc (Ubuntu 11.4.0-1ubuntu1~22.04) 11.4.0 Ubuntu 24.04 Kernel: 5.15 Compiler: gcc gcc (Ubuntu 13.3.0-6ubuntu2~24.04) 13.3.0 Red Hat Enterprise Linux 9.5 Kernel: 5.15 Compiler: gcc gcc (GCC) 11.5.0 20240719 (Red Hat 11.5.0-2) To view detailed results, visit: https://lab.dpdk.org/results/dashboard/patchsets/34111/ UNH-IOL DPDK Community Lab To manage your email subscriptions, visit: https://lab.dpdk.org/results/dashboard/preferences/subscriptions/