From mboxrd@z Thu Jan 1 00:00:00 1970 Return-Path: Received: from mails.dpdk.org (mails.dpdk.org [217.70.189.124]) by inbox.dpdk.org (Postfix) with ESMTP id 803A648A86 for ; Thu, 6 Nov 2025 21:26:54 +0100 (CET) Received: from mails.dpdk.org (localhost [127.0.0.1]) by mails.dpdk.org (Postfix) with ESMTP id 655614013F; Thu, 6 Nov 2025 21:26:54 +0100 (CET) Received: from mail-io1-f97.google.com (mail-io1-f97.google.com [209.85.166.97]) by mails.dpdk.org (Postfix) with ESMTP id 53A714013F for ; Thu, 6 Nov 2025 21:26:53 +0100 (CET) Received: by mail-io1-f97.google.com with SMTP id ca18e2360f4ac-94849c6e0bbso1034939f.1 for ; Thu, 06 Nov 2025 12:26:53 -0800 (PST) DKIM-Signature: v=1; a=rsa-sha256; c=relaxed/relaxed; d=iol.unh.edu; s=unh-iol; t=1762460812; x=1763065612; darn=dpdk.org; h=references:in-reply-to:cc:to:from:subject:message-id:date:from:to :cc:subject:date:message-id:reply-to; bh=ybq553QcIgEcqoJVHWupPFRjYl2LDGbuPhwN8VwTETQ=; b=fn6P4y4Sj/tbnDmYl/uyW2Jf6nTuWgawBI86JWq5eP8dEYk0McazfaM1vHsNomfz7q lQxw/QCVTnP/J7HvmnokbXJvaKgKf7AN1vaDVpaStCd0uIkK4ifimcmygEuOBSXgw0C/ jfg5I7/7iJgmxsbEUAX5Mentmjq9O+dVhksUI= X-Google-DKIM-Signature: v=1; a=rsa-sha256; c=relaxed/relaxed; d=1e100.net; s=20230601; t=1762460812; x=1763065612; h=references:in-reply-to:cc:to:from:subject:message-id:date:x-gm-gg :x-gm-message-state:from:to:cc:subject:date:message-id:reply-to; bh=ybq553QcIgEcqoJVHWupPFRjYl2LDGbuPhwN8VwTETQ=; b=TJdl2WPwAPR97j9W2H0RfFmDWoFcBXtJzz4nDvr0BXSQ5n90ZEij3SIvQJuYiBj3nJ uIJP177wDtT4i1fVRREUx0L/zDP7MsezRz3nLk0o3mnCcmFM/XZaIL/DhI4eodW4R/xf dM1J9jaZfOqIYeSEgMH3H0U+5p/H7dkzRNNfd2IrzgGLboHkKgGOwBIoaZM0GVbUOS1E qJ7darTwR6E28kxapvFCyStD9R4oInRHLALxh6pljREaQOAytZIa4V9EW0M/IMeaPDzD zwquk1dxuF79rdww4UGxVkD4Gi7gJ/4kOmyXokzz7COaYBYpXbUIhhe4aAcVRALB/gZX AHnA== X-Gm-Message-State: AOJu0YxAoOpdRa2PsS4GvKFB7JLHulc4z0/6jpEWweaZ4j5M4vjwhezK S8plZFF4dCt9KmIDAeiYbU7uhhhks4uCcOrQa/m4goEt5lECsllqmORtLn75lTnuocwj5XXUDxG +X57X2GQKGWr/gyQpwn/rmFoX0RoKwZskFAKXM9hAZNWuVrSgVaa2HsTeKoW/ X-Gm-Gg: ASbGncuel1OaZe9GcLz3AakBEAsZQ7ehwhCoKfOOiMb2Ef8K0XT/cHgcMwfn4zft3Sg B9qsA1jwEcZ2SNhYdGbbmc8RRIBpq2tqW1b+TE9zfSI4d1FsRklprJrelIX4Fpt7oV5MgwhIL8h cMG7gn1ddCJhat0rF+IFRHHkDk/wU7NPpxi8Npi50dBPNfjV19aT3mJgThpmWAQoV9RoqbRLMhx 86tLkH8gvKCO0BpFxU0YZRLKHmIc76K+W5zRfkYsFll5JYFIzqt2li4Mb8/NS/dlfjZ2IaY1YBk XP/y+qmXZUR5FWdo1yHjCcX+8ZRO5e4t4SXdGlMt0XGc0WkrU+qx4sH8ZBWSJQtkyWAIzd0ZJJQ pSs3G+Vxo X-Google-Smtp-Source: AGHT+IEPYxGQvPRlVuzqsGdDmwo6NG3RGLbg0IvyvkbQVgi4gqTBAIFLnsuMwyBinJFGLMqzZ8ft1mS78GFt X-Received: by 2002:a6b:7a01:0:b0:93e:7d6a:b0fd with SMTP id ca18e2360f4ac-94888e7c1dfmr109994539f.7.1762460812641; Thu, 06 Nov 2025 12:26:52 -0800 (PST) Received: from postal.iol.unh.edu (postal.iol.unh.edu. [2606:4100:3880:1234::84]) by smtp-relay.gmail.com with ESMTPS id ca18e2360f4ac-94888b2b2f9sm3192939f.4.2025.11.06.12.26.52 (version=TLS1_2 cipher=ECDHE-ECDSA-AES128-GCM-SHA256 bits=128/128); Thu, 06 Nov 2025 12:26:52 -0800 (PST) X-Relaying-Domain: iol.unh.edu Date: Thu, 06 Nov 2025 12:26:52 -0800 (PST) Message-ID: <690d048c.050a0220.163e6d.1bfdSMTPIN_ADDED_MISSING@mx.google.com> Received: from [172.21.0.2] (unknown [172.18.0.240]) by postal.iol.unh.edu (Postfix) with ESMTP id 256D3604D420; Thu, 6 Nov 2025 15:26:52 -0500 (EST) Subject: |FAILURE| pw158506 [PATCH] [v3] app/testpmd: support specify TCs whe From: dpdklab@iol.unh.edu To: Test Report Cc: dpdk-test-reports@iol.unh.edu, Stephen Hemminger , fengchengwen In-Reply-To: <20251106124959.2592-1-fengchengwen@huawei.com> References: <20251106124959.2592-1-fengchengwen@huawei.com> Content-Type: text/plain X-BeenThere: test-report@dpdk.org X-Mailman-Version: 2.1.29 Precedence: list List-Id: automatic DPDK test reports List-Unsubscribe: , List-Archive: List-Post: List-Help: List-Subscribe: , Errors-To: test-report-bounces@dpdk.org Test-Label: iol-unit-arm64-testing Test-Status: FAILURE http://dpdk.org/patch/158506 _Testing issues_ Submitter: fengchengwen Date: Thursday, November 06 2025 12:49:59 DPDK git baseline: Repo:dpdk-next-net Branch: master CommitID:af6456d0ef3f43b6f85c9bdf3818cbd2f2fee0f5 158506 --> testing issues Upstream job id: Generic-Unit-Test-DPDK#389317 Test environment and result as below: +------------------------------+----------------+---------------------------+------------------------------+--------------+ | Environment | dpdk_unit_test | cryptodev_sw_zuc_autotest | cryptodev_sw_snow3g_autotest | lpm_autotest | +==============================+================+===========================+==============================+==============+ | CentOS Stream 9 | PASS | SKIPPED | SKIPPED | SKIPPED | +------------------------------+----------------+---------------------------+------------------------------+--------------+ | CentOS Stream 10 | PASS | SKIPPED | SKIPPED | SKIPPED | +------------------------------+----------------+---------------------------+------------------------------+--------------+ | Fedora Linux 40 | PASS | SKIPPED | SKIPPED | SKIPPED | +------------------------------+----------------+---------------------------+------------------------------+--------------+ | Fedora Linux 41 | PEND | SKIPPED | SKIPPED | SKIPPED | +------------------------------+----------------+---------------------------+------------------------------+--------------+ | Debian GNU/Linux 12 | PASS | SKIPPED | SKIPPED | SKIPPED | +------------------------------+----------------+---------------------------+------------------------------+--------------+ | Fedora Linux 42 | PEND | SKIPPED | SKIPPED | SKIPPED | +------------------------------+----------------+---------------------------+------------------------------+--------------+ | Red Hat Enterprise Linux 9.5 | PEND | SKIPPED | SKIPPED | SKIPPED | +------------------------------+----------------+---------------------------+------------------------------+--------------+ | Ubuntu 22.04 | PASS | SKIPPED | SKIPPED | SKIPPED | +------------------------------+----------------+---------------------------+------------------------------+--------------+ | Ubuntu 20.04 | PEND | SKIPPED | SKIPPED | PASS | +------------------------------+----------------+---------------------------+------------------------------+--------------+ | Ubuntu 24.04 | PEND | SKIPPED | SKIPPED | SKIPPED | +------------------------------+----------------+---------------------------+------------------------------+--------------+ | Debian 12 (arm) | SKIPPED | PEND | PEND | SKIPPED | +------------------------------+----------------+---------------------------+------------------------------+--------------+ CentOS Stream 9 Kernel: 5.4 Compiler: gcc gcc (GCC) 11.5.0 20240719 (Red Hat 11.5.0-11) CentOS Stream 10 Kernel: 5.4 Compiler: gcc gcc (GCC) 14.2.1 20250110 (Red Hat 14.2.1-8) Fedora Linux 40 Kernel: 5.4 Compiler: clang gcc (GCC) 14.2.1 20240912 (Red Hat 14.2.1-3) Fedora Linux 41 Kernel: 5.4 Compiler: clang gcc (GCC) 14.3.1 20250523 (Red Hat 14.3.1-1) Debian GNU/Linux 12 Kernel: 5.4 Compiler: gcc gcc (Debian 12.2.0-14+deb12u1) 12.2.0 Fedora Linux 42 Kernel: 5.4 Compiler: gcc gcc (GCC) 15.2.1 20250808 (Red Hat 15.2.1-1) Red Hat Enterprise Linux 9.5 Kernel: 5.4 Compiler: gcc gcc (GCC) 11.5.0 20240719 (Red Hat 11.5.0-2) Ubuntu 22.04 Kernel: 5.4 Compiler: gcc gcc (Ubuntu 11.4.0-1ubuntu1~22.04) 11.4.0 Ubuntu 20.04 Kernel: 5.4 Compiler: gcc gcc (Ubuntu 9.4.0-1ubuntu1~20.04.2) 9.4.0 Ubuntu 24.04 Kernel: 5.4 Compiler: gcc gcc (Ubuntu 13.3.0-6ubuntu2~24.04) 13.3.0 Debian 12 (arm) Kernel: Depends on container host Compiler: gcc (Debian 12.2.0-14) 12.2.0 To view detailed results, visit: https://lab.dpdk.org/results/dashboard/patchsets/34485/ UNH-IOL DPDK Community Lab To manage your email subscriptions, visit: https://lab.dpdk.org/results/dashboard/preferences/subscriptions/