automatic DPDK test reports
 help / color / mirror / Atom feed
From: dpdklab@iol.unh.edu
To: Test Report <test-report@dpdk.org>
Cc: dpdk-test-reports@iol.unh.edu,
	Stephen Hemminger <stephen@networkplumber.org>
Subject: |FAILURE| pw158484-158485 [PATCH] [2/2] test: add more tests for com
Date: Thu, 06 Nov 2025 16:17:23 -0800 (PST)	[thread overview]
Message-ID: <690d3a93.050a0220.140855.d77aSMTPIN_ADDED_MISSING@mx.google.com> (raw)
In-Reply-To: <20251105210657.871310-3-stephen@networkplumber.org>

Test-Label: iol-compile-amd64-testing
Test-Status: FAILURE
http://dpdk.org/patch/158485

_Testing issues_

Submitter: Stephen Hemminger <stephen@networkplumber.org>
Date: Wednesday, November 05 2025 21:03:59 
DPDK git baseline: Repo:dpdk
  Branch: master
  CommitID:87f7895e470c13e13efd6762d701139d0987294a

158484-158485 --> testing issues

Upstream job id: Generic-VM-DPDK-Compile-Meson#39559

Test environment and result as below:

+--------------+--------------------+
| Environment  | dpdk_meson_compile |
+==============+====================+
| Ubuntu 20.04 | FAIL               |
+--------------+--------------------+
| FreeBSD 14.2 | PASS               |
+--------------+--------------------+

==== 20 line log output for Ubuntu 20.04 (dpdk_meson_compile): ====
[3575/3601] Compiling C object app/dpdk-test.p/test_test_vdev.c.o
[3576/3601] Compiling C object app/dpdk-test.p/test_test_trace_perf.c.o
[3577/3601] Compiling C object app/dpdk-test.p/test_test_version.c.o
[3578/3601] Compiling C object app/dpdk-test.p/test_test_trace_register.c.o
[3579/3601] Compiling C object app/dpdk-test.p/test_virtual_pmd.c.o
[3580/3601] Linking target app/dpdk-test-sad
[3581/3601] Linking target app/dpdk-testpmd
[3582/3601] Linking target app/dpdk-test-security-perf
[3583/3601] Compiling C object app/dpdk-test.p/test_test_pcapng.c.o
FAILED: app/dpdk-test.p/test_test_pcapng.c.o
ccache cc -Iapp/dpdk-test.p -Iapp -I../app -Ilib/cmdline -I../lib/cmdline -Ilib/eal/common -I../lib/eal/common -I. -I.. -Iconfig -I../config -Ilib/eal/include -I../lib/eal/include -Ilib/eal/linux/include -I../lib/eal/linux/include -Ilib/eal/x86/include -I../lib/eal/x86/include -I../kernel/linux -Ilib/eal -I../lib/eal -Ilib/kvargs -I../lib/kvargs -Ilib/log -I../lib/log -Ilib/metrics -I../lib/metrics -Ilib/telemetry -I../lib/telemetry -Ilib/argparse -I../lib/argparse -Ilib/net -I../lib/net -Ilib/mbuf -I../lib/mbuf -Ilib/mempool -I../lib/mempool -Ilib/ring -I../lib/ring -Idrivers/net/ring -I../drivers/net/ring -Ilib/ethdev -I../lib/ethdev -Ilib/meter -I../lib/meter -Idrivers/bus/pci -I../drivers/bus/pci -I../drivers/bus/pci/linux -Ilib/pci -I../lib/pci -Idrivers/bus/vdev -I../drivers/bus/vdev -Ilib/acl -I../lib/acl -Ilib/hash -I../lib/hash -Ilib/rcu -I../lib/rcu -Ilib/bitratestats -I../lib/bitratestats -Ilib/bpf -I../lib/bpf -Ilib/cfgfile -I../lib/cfgfile -Ilib/compressdev -I../lib/comp
 ressdev -Ilib/cryptodev -I../lib/cryptodev -Ilib/security -I../lib/security -Ilib/dispatcher -I../lib/dispatcher -Ilib/eventdev -I../lib/eventdev -Ilib/timer -I../lib/timer -Ilib/dmadev -I../lib/dmadev -Ilib/distributor -I../lib/distributor -Ilib/efd -I../lib/efd -Ilib/fib -I../lib/fib -Ilib/rib -I../lib/rib -Ilib/table -I../lib/table -Ilib/port -I../lib/port -Ilib/sched -I../lib/sched -Ilib/ip_frag -I../lib/ip_frag -Ilib/lpm -I../lib/lpm -Ilib/graph -I../lib/graph -Ilib/pcapng -I../lib/pcapng -Ilib/ipsec -I../lib/ipsec -Ilib/latencystats -I../lib/latencystats -Idrivers/net/bonding -I../drivers/net/bonding -Ilib/member -I../lib/member -Ilib/pdcp -I../lib/pdcp -Ilib/reorder -I../lib/reorder -Ilib/pdump -I../lib/pdump -Ilib/pmu -I../lib/pmu -Ilib/power -I../lib/power -Idrivers/power/acpi -I../drivers/power/acpi -Idrivers/power/kvm_vm -I../drivers/power/kvm_vm -Idrivers/power/intel_pstate -I../drivers/power/intel_pstate -Idrivers/power/amd_pstate -I../drivers/power/amd_pstate -Idrivers
 /power/cppc -I../drivers/power/cppc -Idrivers/power/intel_uncore -I../drivers/power/intel_uncore -Ilib/ptr_compress -I../lib/ptr_compress -Ilib/rawdev -I../lib/rawdev -Idrivers/raw/skeleton -I../drivers/raw/skeleton -Ilib/stack -I../lib/stack -Ilib/pipeline -I../lib/pipeline -Idrivers/crypto/scheduler -I../drivers/crypto/scheduler -Iapp/test/test_cfgfiles -fdiagnostics-color=always -pipe -D_FILE_OFFSET_BITS=64 -Wall -Winvalid-pch -Wextra -Werror -std=c11 -O3 -include rte_config.h -Wvla -Wcast-qual -Wdeprecated -Wformat -Wformat-nonliteral -Wformat-security -Wmissing-declarations -Wmissing-prototypes -Wnested-externs -Wold-style-definition -Wpointer-arith -Wsign-compare -Wstrict-prototypes -Wundef -Wwrite-strings -Wno-packed-not-aligned -Wno-missing-field-initializers -D_GNU_SOURCE -march=native -mrtm -DALLOW_EXPERIMENTAL_API -Wno-vla -fno-strict-aliasing -Wno-format-truncation -DALLOW_INTERNAL_API -MD -MQ app/dpdk-test.p/test_test_pcapng.c.o -MF app/dpdk-test.p/test_test_pcapng.c.o.
 d -o app/dpdk-test.p/test_test_pcapng.c.o -c ../app/test/test_pcapng.c
../app/test/test_pcapng.c: In function 'fill_pcapng_file':
../app/test/test_pcapng.c:169:5: error: ignoring return value of 'asprintf', declared with attribute warn_unused_result [-Werror=unused-result]
169 |     asprintf(&comment, "Function: %s\nPacket %u\n",
|     ^~~~~~~~~~~~~~~~~~~~~~~~~~~~~~~~~~~~~~~~~~~~~~~
170 |       __func__, count + i);
|       ~~~~~~~~~~~~~~~~~~~~
cc1: all warnings being treated as errors
[3584/3601] Generating rte_common_cnxk.sym_chk with a custom command (wrapped by meson to capture output)
ninja: build stopped: subcommand failed.
==== End log output ====

Ubuntu 20.04
	Kernel: 4.19
	Compiler: gcc gcc (Ubuntu 9.4.0-1ubuntu1~20.04.2) 9.4.0

FreeBSD 14.2
	Kernel: 14.2-RELEASE
	Compiler: clang 18.1.6

To view detailed results, visit:
https://lab.dpdk.org/results/dashboard/patchsets/34499/

UNH-IOL DPDK Community Lab

To manage your email subscriptions, visit: 
https://lab.dpdk.org/results/dashboard/preferences/subscriptions/

  parent reply	other threads:[~2025-11-07  0:17 UTC|newest]

Thread overview: 25+ messages / expand[flat|nested]  mbox.gz  Atom feed  top
     [not found] <20251105210657.871310-3-stephen@networkplumber.org>
2025-11-05 20:33 ` |SUCCESS| pw158484-158485 [PATCH 2/2] test: add more tests for comments qemudev
2025-11-05 20:38 ` qemudev
2025-11-05 21:07 ` |SUCCESS| pw158485 " checkpatch
2025-11-05 23:03 ` |FAILURE| " 0-day Robot
2025-11-07  0:13 ` |FAILURE| pw158484-158485 [PATCH] [2/2] test: add more tests for com dpdklab
2025-11-07  0:16 ` |SUCCESS| " dpdklab
2025-11-07  0:17 ` dpdklab [this message]
2025-11-07  0:21 ` dpdklab
2025-11-07  0:28 ` dpdklab
2025-11-07  0:39 ` dpdklab
2025-11-07  0:53 ` dpdklab
2025-11-07  1:20 ` |PENDING| " dpdklab
2025-11-07  1:29 ` dpdklab
2025-11-07  1:41 ` dpdklab
2025-11-07  1:45 ` |FAILURE| " dpdklab
2025-11-07  1:56 ` |SUCCESS| " dpdklab
2025-11-07  1:58 ` |WARNING| " dpdklab
2025-11-07  2:07 ` dpdklab
2025-11-07  2:10 ` |SUCCESS| " dpdklab
2025-11-07  2:12 ` |FAILURE| " dpdklab
2025-11-07  3:21 ` |WARNING| " dpdklab
2025-11-07  3:43 ` |FAILURE| " dpdklab
2025-11-07  3:57 ` |WARNING| " dpdklab
2025-11-07  3:58 ` |FAILURE| " dpdklab
2025-11-07  4:15 ` |SUCCESS| " dpdklab

Reply instructions:

You may reply publicly to this message via plain-text email
using any one of the following methods:

* Save the following mbox file, import it into your mail client,
  and reply-to-all from there: mbox

  Avoid top-posting and favor interleaved quoting:
  https://en.wikipedia.org/wiki/Posting_style#Interleaved_style

* Reply using the --to, --cc, and --in-reply-to
  switches of git-send-email(1):

  git send-email \
    --in-reply-to=690d3a93.050a0220.140855.d77aSMTPIN_ADDED_MISSING@mx.google.com \
    --to=dpdklab@iol.unh.edu \
    --cc=dpdk-test-reports@iol.unh.edu \
    --cc=stephen@networkplumber.org \
    --cc=test-report@dpdk.org \
    /path/to/YOUR_REPLY

  https://kernel.org/pub/software/scm/git/docs/git-send-email.html

* If your mail client supports setting the In-Reply-To header
  via mailto: links, try the mailto: link
Be sure your reply has a Subject: header at the top and a blank line before the message body.
This is a public inbox, see mirroring instructions
for how to clone and mirror all data and code used for this inbox;
as well as URLs for NNTP newsgroup(s).