From mboxrd@z Thu Jan 1 00:00:00 1970 Return-Path: Received: from mails.dpdk.org (mails.dpdk.org [217.70.189.124]) by inbox.dpdk.org (Postfix) with ESMTP id 4BF7D48A8A for ; Fri, 7 Nov 2025 02:45:46 +0100 (CET) Received: from mails.dpdk.org (localhost [127.0.0.1]) by mails.dpdk.org (Postfix) with ESMTP id 39F484013F; Fri, 7 Nov 2025 02:45:46 +0100 (CET) Received: from mail-pj1-f98.google.com (mail-pj1-f98.google.com [209.85.216.98]) by mails.dpdk.org (Postfix) with ESMTP id BC33D4013F for ; Fri, 7 Nov 2025 02:45:44 +0100 (CET) Received: by mail-pj1-f98.google.com with SMTP id 98e67ed59e1d1-340bb1cb9ddso216159a91.2 for ; Thu, 06 Nov 2025 17:45:44 -0800 (PST) DKIM-Signature: v=1; a=rsa-sha256; c=relaxed/relaxed; d=iol.unh.edu; s=unh-iol; t=1762479944; x=1763084744; darn=dpdk.org; h=references:in-reply-to:cc:to:from:subject:message-id:date:from:to :cc:subject:date:message-id:reply-to; bh=rKM3XYpINEkTRD2IhjNpdy+6ZuA+RHfEzLUtz1IeUy8=; b=HYRuqSVZAh4T3xew7z6PXmWGr5i0xEBJKUQLIXYYXERhNccwek3tLZsLdPcVlHZsjA +IcLCDAXRdylgHrONOZ0Pt0u0Qn4Fw9jJqMd9bLOqh0Vs4O0FEa1e8q7QdOOzl+hBq6f gmLqXgaffFMXL94WeG7Zpej5+vdHkWE+GME5U= X-Google-DKIM-Signature: v=1; a=rsa-sha256; c=relaxed/relaxed; d=1e100.net; s=20230601; t=1762479944; x=1763084744; h=references:in-reply-to:cc:to:from:subject:message-id:date:x-gm-gg :x-gm-message-state:from:to:cc:subject:date:message-id:reply-to; bh=rKM3XYpINEkTRD2IhjNpdy+6ZuA+RHfEzLUtz1IeUy8=; b=Iee10cchH1skTbGozsBsqiT07k/+y+3XHCJnwuAB9DtI9+JXN8RbXYJjLVQ8+iGqQE 4dtD995rn8Xz+ix4U4+cUO6Sw0tEMQur6tjYBdbLiE+U04QCBWCWxt5uDBKPUOiLoMUS PbPxQu/RCJX8+jrVqN5EUMxHsEs/c1PgePkiTp10Ss0KQy2g+BjEuCrVhWNQgULzeqpR ANAcOSh6PzCwn8yXiccTsqLNNYP8uVmZUh5gkN0MSsY2uqJVMnUKQq6/x21NUkGlypsd 3h+6wuzonh3DzpOjj5Y6Mzs8e7aBg66zOU1lckxMXXdG+d51zMBUhB7dbMSG2RchsBPw tfxg== X-Gm-Message-State: AOJu0YyBqlR9ZC8Tcu8K+F9oCSsULeSDwaguKqJ0KCxNV7m0LmrCfESG kTEYI9DdgoVC9c3zHghPi6cOLCnyxbcAdk2IWQg6kN0oGEowrlP9E7q7UAY0jOXfr4Lq9PHYTaQ aukqkcteQiCKLR0f8bY97B/3pn1TrhXfGTCvSEBDD5+m3E1DI9W6hAiREG9Zj X-Gm-Gg: ASbGncvCa2cuPds3/HWTxsxZ2/WX0YDf4soEmMwrroPyxOexrBkQw9zW7l1vwGTxQzX uRYJLM8BZLdG9rT1wlvQ2jlArEpeZRuL97AQMdVD2YHtCTDJQffaud0X1CdrR1Jxjdr2y9NTv2n IIjqHdtJc6Mb/5+sW3jnV1hwcCQcePKVlcNuXb6lwj0OcBGof7hXtejHHEcLk/6jTgb3Nm+22oA Po+kOyWaBxPQk1BzYKSKPd0E0FaQsJllSoWOBofk88AZEKbXjMEMfafouqlQ7GarhtcltNVh+c9 TUV8ZnMc9GDAipxXrLPSvUf1aEQMvrgfPLI+xBJgT6gM/3vXOTPADfuu6gn/OB/QRU3FUU0BuSZ IT3CKQDQ3 X-Google-Smtp-Source: AGHT+IEWtwlKDVAhelxRl4bro+Ubo8ovQvQlpsqd6LrFuenw4kg+Y6zrjeOATiZDoEpTVEpWQcn/lIGUCCOY X-Received: by 2002:a17:90b:388e:b0:332:793e:c2d1 with SMTP id 98e67ed59e1d1-3434c584079mr1697640a91.36.1762479943800; Thu, 06 Nov 2025 17:45:43 -0800 (PST) Received: from postal.iol.unh.edu (postal.iol.unh.edu. [2606:4100:3880:1234::84]) by smtp-relay.gmail.com with ESMTPS id 98e67ed59e1d1-341a68ac513sm682417a91.2.2025.11.06.17.45.43 (version=TLS1_2 cipher=ECDHE-ECDSA-AES128-GCM-SHA256 bits=128/128); Thu, 06 Nov 2025 17:45:43 -0800 (PST) X-Relaying-Domain: iol.unh.edu Date: Thu, 06 Nov 2025 17:45:43 -0800 (PST) Message-ID: <690d4f47.170a0220.19d446.42a3SMTPIN_ADDED_MISSING@mx.google.com> Received: from [172.21.0.2] (unknown [172.18.0.240]) by postal.iol.unh.edu (Postfix) with ESMTP id 0F78E6051830; Thu, 6 Nov 2025 20:45:43 -0500 (EST) Subject: |FAILURE| pw158484-158485 [PATCH] [2/2] test: add more tests for com From: dpdklab@iol.unh.edu To: Test Report Cc: dpdk-test-reports@iol.unh.edu, Stephen Hemminger In-Reply-To: <20251105210657.871310-3-stephen@networkplumber.org> References: <20251105210657.871310-3-stephen@networkplumber.org> Content-Type: text/plain X-BeenThere: test-report@dpdk.org X-Mailman-Version: 2.1.29 Precedence: list List-Id: automatic DPDK test reports List-Unsubscribe: , List-Archive: List-Post: List-Help: List-Subscribe: , Errors-To: test-report-bounces@dpdk.org Test-Label: iol-unit-amd64-testing Test-Status: FAILURE http://dpdk.org/patch/158485 _Testing issues_ Submitter: Stephen Hemminger Date: Wednesday, November 05 2025 21:03:59 DPDK git baseline: Repo:dpdk Branch: master CommitID:87f7895e470c13e13efd6762d701139d0987294a 158484-158485 --> testing issues Upstream job id: Generic-Unit-Test-DPDK#389722 Test environment and result as below: +-------------------------------+----------------+ | Environment | dpdk_unit_test | +===============================+================+ | Debian GNU/Linux 12 | PASS | +-------------------------------+----------------+ | CentOS Stream 9 | PASS | +-------------------------------+----------------+ | Fedora Linux 41 | PEND | +-------------------------------+----------------+ | CentOS Stream 10 | PASS | +-------------------------------+----------------+ | Fedora Linux 40 | PASS | +-------------------------------+----------------+ | Fedora Linux 42 | PASS | +-------------------------------+----------------+ | Red Hat Enterprise Linux 8.10 | PEND | +-------------------------------+----------------+ | Red Hat Enterprise Linux 9.5 | PEND | +-------------------------------+----------------+ | Ubuntu 20.04 | WARN | +-------------------------------+----------------+ | Ubuntu 22.04 | PEND | +-------------------------------+----------------+ | Ubuntu 24.04 | PEND | +-------------------------------+----------------+ ==== 20 line log output for Ubuntu 20.04 (dpdk_unit_test): ==== [3591/3602] Compiling C object app/dpdk-test.p/test_test_trace.c.o [3592/3602] Compiling C object app/dpdk-test.p/test_test_timer_perf.c.o [3593/3602] Compiling C object app/dpdk-test.p/test_test_timer_racecond.c.o [3594/3602] Compiling C object app/dpdk-test.p/test_test_timer_secondary.c.o [3595/3602] Compiling C object app/dpdk-test.p/test_test_trace_perf.c.o [3596/3602] Compiling C object app/dpdk-test.p/test_test_trace_register.c.o [3597/3602] Compiling C object app/dpdk-test.p/test_test_vdev.c.o [3598/3602] Compiling C object app/dpdk-test.p/test_test_version.c.o [3599/3602] Compiling C object app/dpdk-test.p/test_virtual_pmd.c.o [3600/3602] Compiling C object app/dpdk-test.p/test_test_pcapng.c.o FAILED: app/dpdk-test.p/test_test_pcapng.c.o ccache cc -Iapp/dpdk-test.p -Iapp -I../app -Ilib/cmdline -I../lib/cmdline -Ilib/eal/common -I../lib/eal/common -I. -I.. -Iconfig -I../config -Ilib/eal/include -I../lib/eal/include -Ilib/eal/linux/include -I../lib/eal/linux/include -Ilib/eal/x86/include -I../lib/eal/x86/include -I../kernel/linux -Ilib/eal -I../lib/eal -Ilib/kvargs -I../lib/kvargs -Ilib/log -I../lib/log -Ilib/metrics -I../lib/metrics -Ilib/telemetry -I../lib/telemetry -Ilib/argparse -I../lib/argparse -Ilib/net -I../lib/net -Ilib/mbuf -I../lib/mbuf -Ilib/mempool -I../lib/mempool -Ilib/ring -I../lib/ring -Idrivers/net/ring -I../drivers/net/ring -Ilib/ethdev -I../lib/ethdev -Ilib/meter -I../lib/meter -Idrivers/bus/pci -I../drivers/bus/pci -I../drivers/bus/pci/linux -Ilib/pci -I../lib/pci -Idrivers/bus/vdev -I../drivers/bus/vdev -Ilib/acl -I../lib/acl -Ilib/hash -I../lib/hash -Ilib/rcu -I../lib/rcu -Ilib/bitratestats -I../lib/bitratestats -Ilib/bpf -I../lib/bpf -Ilib/cfgfile -I../lib/cfgfile -Ilib/compressdev -I../lib/comp ressdev -Ilib/cryptodev -I../lib/cryptodev -Ilib/security -I../lib/security -Ilib/dispatcher -I../lib/dispatcher -Ilib/eventdev -I../lib/eventdev -Ilib/timer -I../lib/timer -Ilib/dmadev -I../lib/dmadev -Ilib/distributor -I../lib/distributor -Ilib/efd -I../lib/efd -Ilib/fib -I../lib/fib -Ilib/rib -I../lib/rib -Ilib/table -I../lib/table -Ilib/port -I../lib/port -Ilib/sched -I../lib/sched -Ilib/ip_frag -I../lib/ip_frag -Ilib/lpm -I../lib/lpm -Ilib/graph -I../lib/graph -Ilib/pcapng -I../lib/pcapng -Ilib/ipsec -I../lib/ipsec -Ilib/latencystats -I../lib/latencystats -Idrivers/net/bonding -I../drivers/net/bonding -Ilib/member -I../lib/member -Ilib/pdcp -I../lib/pdcp -Ilib/reorder -I../lib/reorder -Ilib/pdump -I../lib/pdump -Ilib/pmu -I../lib/pmu -Ilib/power -I../lib/power -Idrivers/power/acpi -I../drivers/power/acpi -Idrivers/power/kvm_vm -I../drivers/power/kvm_vm -Idrivers/power/intel_pstate -I../drivers/power/intel_pstate -Idrivers/power/amd_pstate -I../drivers/power/amd_pstate -Idrivers /power/cppc -I../drivers/power/cppc -Idrivers/power/intel_uncore -I../drivers/power/intel_uncore -Ilib/ptr_compress -I../lib/ptr_compress -Ilib/rawdev -I../lib/rawdev -Idrivers/raw/skeleton -I../drivers/raw/skeleton -Ilib/stack -I../lib/stack -Ilib/pipeline -I../lib/pipeline -Idrivers/crypto/scheduler -I../drivers/crypto/scheduler -Iapp/test/test_cfgfiles -fdiagnostics-color=always -pipe -D_FILE_OFFSET_BITS=64 -Wall -Winvalid-pch -Wextra -Werror -std=c11 -O3 -include rte_config.h -Wvla -Wcast-qual -Wdeprecated -Wformat -Wformat-nonliteral -Wformat-security -Wmissing-declarations -Wmissing-prototypes -Wnested-externs -Wold-style-definition -Wpointer-arith -Wsign-compare -Wstrict-prototypes -Wundef -Wwrite-strings -Wno-packed-not-aligned -Wno-missing-field-initializers -D_GNU_SOURCE -march=native -mrtm -DALLOW_EXPERIMENTAL_API -Wno-vla -fno-strict-aliasing -Wno-format-truncation -DALLOW_INTERNAL_API -MD -MQ app/dpdk-test.p/test_test_pcapng.c.o -MF app/dpdk-test.p/test_test_pcapng.c.o. d -o app/dpdk-test.p/test_test_pcapng.c.o -c ../app/test/test_pcapng.c ../app/test/test_pcapng.c: In function 'fill_pcapng_file': ../app/test/test_pcapng.c:169:5: error: ignoring return value of 'asprintf', declared with attribute warn_unused_result [-Werror=unused-result] 169 | asprintf(&comment, "Function: %s\nPacket %u\n", | ^~~~~~~~~~~~~~~~~~~~~~~~~~~~~~~~~~~~~~~~~~~~~~~ 170 | __func__, count + i); | ~~~~~~~~~~~~~~~~~~~~ cc1: all warnings being treated as errors ninja: build stopped: subcommand failed. ==== End log output ==== Debian GNU/Linux 12 Kernel: 5.15 Compiler: gcc gcc (Debian 12.2.0-14+deb12u1) 12.2.0 CentOS Stream 9 Kernel: 5.15 Compiler: gcc gcc (GCC) 11.5.0 20240719 (Red Hat 11.5.0-11) Fedora Linux 41 Kernel: 5.15 Compiler: gcc gcc (GCC) 14.3.1 20250523 (Red Hat 14.3.1-1) CentOS Stream 10 Kernel: 5.15 Compiler: gcc gcc (GCC) 14.2.1 20250110 (Red Hat 14.2.1-8) Fedora Linux 40 Kernel: 5.15 Compiler: clang gcc (GCC) 14.2.1 20240912 (Red Hat 14.2.1-3) Fedora Linux 42 Kernel: 5.15 Compiler: clang gcc (GCC) 15.2.1 20250808 (Red Hat 15.2.1-1) Red Hat Enterprise Linux 8.10 Kernel: 5.15 Compiler: gcc gcc (GCC) 8.5.0 20210514 (Red Hat 8.5.0-22) Red Hat Enterprise Linux 9.5 Kernel: 5.15 Compiler: gcc gcc (GCC) 11.5.0 20240719 (Red Hat 11.5.0-2) Ubuntu 20.04 Kernel: 5.15 Compiler: gcc gcc (Ubuntu 9.4.0-1ubuntu1~20.04.2) 9.4.0 Ubuntu 22.04 Kernel: 5.15 Compiler: gcc gcc (Ubuntu 11.4.0-1ubuntu1~22.04) 11.4.0 Ubuntu 24.04 Kernel: 5.15 Compiler: gcc gcc (Ubuntu 13.3.0-6ubuntu2~24.04) 13.3.0 To view detailed results, visit: https://lab.dpdk.org/results/dashboard/patchsets/34499/ UNH-IOL DPDK Community Lab To manage your email subscriptions, visit: https://lab.dpdk.org/results/dashboard/preferences/subscriptions/