From mboxrd@z Thu Jan 1 00:00:00 1970 Return-Path: Received: from mails.dpdk.org (mails.dpdk.org [217.70.189.124]) by inbox.dpdk.org (Postfix) with ESMTP id 3491948A8A for ; Fri, 7 Nov 2025 02:58:41 +0100 (CET) Received: from mails.dpdk.org (localhost [127.0.0.1]) by mails.dpdk.org (Postfix) with ESMTP id 2B1FF4013F; Fri, 7 Nov 2025 02:58:41 +0100 (CET) Received: from mail-io1-f100.google.com (mail-io1-f100.google.com [209.85.166.100]) by mails.dpdk.org (Postfix) with ESMTP id 7DD054013F for ; Fri, 7 Nov 2025 02:58:39 +0100 (CET) Received: by mail-io1-f100.google.com with SMTP id ca18e2360f4ac-948673fdc47so8597039f.3 for ; Thu, 06 Nov 2025 17:58:39 -0800 (PST) DKIM-Signature: v=1; a=rsa-sha256; c=relaxed/relaxed; d=iol.unh.edu; s=unh-iol; t=1762480719; x=1763085519; darn=dpdk.org; h=references:in-reply-to:cc:to:from:subject:message-id:date:from:to :cc:subject:date:message-id:reply-to; bh=MPiea9ZWXsmpokjkWDuqlwzbTUZkzE3jSHC7PRZpPLc=; b=KIwK/oK1IkwmcfYM4XaJVS0RwTv5ICL9Wz+H7rFGmd+CD4uuCtxEvmD4IvMe4zxKmC 0+ulCBWQOcLn75LZ6GR2eD0Yh4HWDo2wBHSPocy+1n4s1FKnm7jUbEJCCZ2cIxnGmc2c TWsip+pLg6jkXmdtSCBD8w2Po7J2bpaMo7NwM= X-Google-DKIM-Signature: v=1; a=rsa-sha256; c=relaxed/relaxed; d=1e100.net; s=20230601; t=1762480719; x=1763085519; h=references:in-reply-to:cc:to:from:subject:message-id:date:x-gm-gg :x-gm-message-state:from:to:cc:subject:date:message-id:reply-to; bh=MPiea9ZWXsmpokjkWDuqlwzbTUZkzE3jSHC7PRZpPLc=; b=ow8yD9KETi5ieeoYxJ6ckqeYaUznQkopNxfF0QLS1YX2G0npvoZBc9/YOeQsngM4et HkugxWNzitTYxznm3apiD5N0HLdnQ+En4tcr3/yATpPNo+rmUdeLeBQ8noeClXOeUrv9 1qV1MaDzn+rvtcb9OTbmQzCWMQKozPzzs2f1L6G4g+g7OzqKZf2q3ltt1rZm8gNV4Dye iSMP9b18d27z9NsTWtNCprqwIDZtwT+t/dxY4Ii7cTcY8vgbCtx0zfNBzp5fSUvMAd1a hTqWgepsKArx3dTKL8fwMwzGGWJAWcupDX0lg18kOIH2/toGtg3OxlExAbwIG4JgnSPP Aw9w== X-Gm-Message-State: AOJu0YwCneYOklGKGEtqJTOqbfyN0pNBpVN7r0DF/LvpVjwnKihc1DgG jDcgD+TTe8XyOvirjzKR6jVuUhsxYk+OgJs70Cglw5DsuXsS5uBGWzZ92dfWY+r2EMVdxWFSWcw 6uOQL6iF4dsqHNBDZTpCdfTMIdabmwMtFj8qn3lBoQyGO X-Gm-Gg: ASbGnctY8Jd+9sMVHnIkJdYGg3+RkLFy0r6M5O16JSDfliU3iROJNs8TIA2dWzBf0XB 4pVIaxX0j4Yw5XnxFJlETpFfeOSqWKAhQCBm406p7qWipqs5c2QOr9lrPz2/6wcP6SzN9eoCC8R w67HWdiDG+x7bKNM0eoWu2aHsE026oL3DmOoAAcW/qoAEReJgB/MzYItUh4D/PZfLGmtzrmPrXY 3kNOzFDR8x80jzCSnS734CjFFcupDm1po42IDz/WYG689ej5ImXGi8u/lON1lBRDQMdQC8ujsqM +uhEHZYgCc8Ee3Ox4Ad0qXLIV0XiHfgh/d1X7QntWKML9N4Fv5yP5jBSZEWUsPyOY6ErsgiQFIw sYrPus8z2dn1SqjGeaJmpAan2x4pt+2A= X-Google-Smtp-Source: AGHT+IGPFR6FFG44/pY5TFGF2DEiEryoIjecBmaMOiEe3ALD1fhAWOMGC5Ue86b1MQRG7Yynh1APDv/AZnx6 X-Received: by 2002:a5d:9148:0:b0:945:a394:ce6a with SMTP id ca18e2360f4ac-9488904333dmr186755539f.9.1762480718771; Thu, 06 Nov 2025 17:58:38 -0800 (PST) Received: from postal.iol.unh.edu (postal.iol.unh.edu. [132.177.123.84]) by smtp-relay.gmail.com with ESMTPS id 8926c6da1cb9f-5b746872796sm452700173.22.2025.11.06.17.58.38 (version=TLS1_2 cipher=ECDHE-ECDSA-AES128-GCM-SHA256 bits=128/128); Thu, 06 Nov 2025 17:58:38 -0800 (PST) X-Relaying-Domain: iol.unh.edu Date: Thu, 06 Nov 2025 17:58:38 -0800 (PST) Message-ID: <690d524e.050a0220.65ce7.7e64SMTPIN_ADDED_MISSING@mx.google.com> Received: from [172.21.0.2] (unknown [172.18.0.240]) by postal.iol.unh.edu (Postfix) with ESMTP id 69D736051830; Thu, 6 Nov 2025 20:58:38 -0500 (EST) Subject: |WARNING| pw158484-158485 [PATCH] [2/2] test: add more tests for com From: dpdklab@iol.unh.edu To: Test Report Cc: dpdk-test-reports@iol.unh.edu In-Reply-To: <20251105210657.871310-3-stephen@networkplumber.org> References: <20251105210657.871310-3-stephen@networkplumber.org> Content-Type: text/plain X-BeenThere: test-report@dpdk.org X-Mailman-Version: 2.1.29 Precedence: list List-Id: automatic DPDK test reports List-Unsubscribe: , List-Archive: List-Post: List-Help: List-Subscribe: , Errors-To: test-report-bounces@dpdk.org Test-Label: iol-unit-amd64-testing Test-Status: WARNING http://dpdk.org/patch/158485 _Testing issues_ Submitter: Stephen Hemminger Date: Wednesday, November 05 2025 21:03:59 DPDK git baseline: Repo:dpdk Branch: master CommitID:87f7895e470c13e13efd6762d701139d0987294a 158484-158485 --> testing issues Upstream job id: Generic-Unit-Test-DPDK#389717 Test environment and result as below: +-------------------------------+----------------+ | Environment | dpdk_unit_test | +===============================+================+ | Debian GNU/Linux 12 | PASS | +-------------------------------+----------------+ | CentOS Stream 9 | PASS | +-------------------------------+----------------+ | Fedora Linux 41 | PASS | +-------------------------------+----------------+ | CentOS Stream 10 | PASS | +-------------------------------+----------------+ | Fedora Linux 40 | PASS | +-------------------------------+----------------+ | Fedora Linux 42 | PASS | +-------------------------------+----------------+ | Red Hat Enterprise Linux 8.10 | PASS | +-------------------------------+----------------+ | Red Hat Enterprise Linux 9.5 | PASS | +-------------------------------+----------------+ | Ubuntu 20.04 | WARN | +-------------------------------+----------------+ | Ubuntu 22.04 | WARN | +-------------------------------+----------------+ | Ubuntu 24.04 | WARN | +-------------------------------+----------------+ ==== 20 line log output for Ubuntu 24.04 (dpdk_unit_test): ==== [3596/3607] Compiling C object app/dpdk-test.p/test_test_timer.c.o [3597/3607] Compiling C object app/dpdk-test.p/test_test_timer_racecond.c.o [3598/3607] Compiling C object app/dpdk-test.p/test_test_timer_secondary.c.o [3599/3607] Compiling C object app/dpdk-test.p/test_test_trace.c.o [3600/3607] Compiling C object app/dpdk-test.p/test_test_trace_register.c.o [3601/3607] Compiling C object app/dpdk-test.p/test_test_vdev.c.o [3602/3607] Compiling C object app/dpdk-test.p/test_test_trace_perf.c.o [3603/3607] Compiling C object app/dpdk-test.p/test_test_version.c.o [3604/3607] Compiling C object app/dpdk-test.p/test_virtual_pmd.c.o [3605/3607] Compiling C object app/dpdk-test.p/test_test_pcapng.c.o FAILED: app/dpdk-test.p/test_test_pcapng.c.o ccache cc -Iapp/dpdk-test.p -Iapp -I../app -Ilib/cmdline -I../lib/cmdline -Ilib/eal/common -I../lib/eal/common -I. -I.. -Iconfig -I../config -Ilib/eal/include -I../lib/eal/include -Ilib/eal/linux/include -I../lib/eal/linux/include -Ilib/eal/x86/include -I../lib/eal/x86/include -I../kernel/linux -Ilib/eal -I../lib/eal -Ilib/kvargs -I../lib/kvargs -Ilib/log -I../lib/log -Ilib/metrics -I../lib/metrics -Ilib/telemetry -I../lib/telemetry -Ilib/argparse -I../lib/argparse -Ilib/net -I../lib/net -Ilib/mbuf -I../lib/mbuf -Ilib/mempool -I../lib/mempool -Ilib/ring -I../lib/ring -Idrivers/net/ring -I../drivers/net/ring -Ilib/ethdev -I../lib/ethdev -Ilib/meter -I../lib/meter -Idrivers/bus/pci -I../drivers/bus/pci -I../drivers/bus/pci/linux -Ilib/pci -I../lib/pci -Idrivers/bus/vdev -I../drivers/bus/vdev -Ilib/acl -I../lib/acl -Ilib/hash -I../lib/hash -Ilib/rcu -I../lib/rcu -Ilib/bitratestats -I../lib/bitratestats -Ilib/bpf -I../lib/bpf -Ilib/cfgfile -I../lib/cfgfile -Ilib/compressdev -I../lib/comp ressdev -Ilib/cryptodev -I../lib/cryptodev -Ilib/security -I../lib/security -Ilib/dispatcher -I../lib/dispatcher -Ilib/eventdev -I../lib/eventdev -Ilib/timer -I../lib/timer -Ilib/dmadev -I../lib/dmadev -Ilib/distributor -I../lib/distributor -Ilib/efd -I../lib/efd -Ilib/fib -I../lib/fib -Ilib/rib -I../lib/rib -Ilib/table -I../lib/table -Ilib/port -I../lib/port -Ilib/sched -I../lib/sched -Ilib/ip_frag -I../lib/ip_frag -Ilib/lpm -I../lib/lpm -Ilib/graph -I../lib/graph -Ilib/pcapng -I../lib/pcapng -Ilib/ipsec -I../lib/ipsec -Ilib/latencystats -I../lib/latencystats -Idrivers/net/bonding -I../drivers/net/bonding -Ilib/member -I../lib/member -Ilib/pdcp -I../lib/pdcp -Ilib/reorder -I../lib/reorder -Ilib/pdump -I../lib/pdump -Ilib/pmu -I../lib/pmu -Ilib/power -I../lib/power -Idrivers/power/acpi -I../drivers/power/acpi -Idrivers/power/kvm_vm -I../drivers/power/kvm_vm -Idrivers/power/intel_pstate -I../drivers/power/intel_pstate -Idrivers/power/amd_pstate -I../drivers/power/amd_pstate -Idrivers /power/cppc -I../drivers/power/cppc -Idrivers/power/intel_uncore -I../drivers/power/intel_uncore -Ilib/ptr_compress -I../lib/ptr_compress -Ilib/rawdev -I../lib/rawdev -Idrivers/raw/skeleton -I../drivers/raw/skeleton -Ilib/stack -I../lib/stack -Ilib/pipeline -I../lib/pipeline -Idrivers/crypto/scheduler -I../drivers/crypto/scheduler -Iapp/test/test_cfgfiles -I/usr/include/dbus-1.0 -I/usr/lib/x86_64-linux-gnu/dbus-1.0/include -I/usr/include/libnl3 -fdiagnostics-color=always -pipe -D_FILE_OFFSET_BITS=64 -Wall -Winvalid-pch -Wextra -Werror -std=c11 -O3 -include rte_config.h -Wvla -Wcast-qual -Wdeprecated -Wformat -Wformat-nonliteral -Wformat-security -Wmissing-declarations -Wmissing-prototypes -Wnested-externs -Wold-style-definition -Wpointer-arith -Wsign-compare -Wstrict-prototypes -Wundef -Wwrite-strings -Wno-packed-not-aligned -Wno-missing-field-initializers -D_GNU_SOURCE -march=native -mrtm -DALLOW_EXPERIMENTAL_API -Wno-vla -fno-strict-aliasing -Wno-format-truncation -DALLOW_INTERNAL _API -MD -MQ app/dpdk-test.p/test_test_pcapng.c.o -MF app/dpdk-test.p/test_test_pcapng.c.o.d -o app/dpdk-test.p/test_test_pcapng.c.o -c ../app/test/test_pcapng.c ../app/test/test_pcapng.c: In function 'fill_pcapng_file': ../app/test/test_pcapng.c:169:33: error: ignoring return value of 'asprintf' declared with attribute 'warn_unused_result' [-Werror=unused-result] 169 | asprintf(&comment, "Function: %s\nPacket %u\n", | ^~~~~~~~~~~~~~~~~~~~~~~~~~~~~~~~~~~~~~~~~~~~~~~ 170 | __func__, count + i); | ~~~~~~~~~~~~~~~~~~~~ cc1: all warnings being treated as errors ninja: build stopped: subcommand failed. ==== End log output ==== Debian GNU/Linux 12 Kernel: 5.15 Compiler: gcc gcc (Debian 12.2.0-14+deb12u1) 12.2.0 CentOS Stream 9 Kernel: 5.15 Compiler: gcc gcc (GCC) 11.5.0 20240719 (Red Hat 11.5.0-11) Fedora Linux 41 Kernel: 5.15 Compiler: gcc gcc (GCC) 14.3.1 20250523 (Red Hat 14.3.1-1) CentOS Stream 10 Kernel: 5.15 Compiler: gcc gcc (GCC) 14.2.1 20250110 (Red Hat 14.2.1-8) Fedora Linux 40 Kernel: 5.15 Compiler: clang gcc (GCC) 14.2.1 20240912 (Red Hat 14.2.1-3) Fedora Linux 42 Kernel: 5.15 Compiler: clang gcc (GCC) 15.2.1 20250808 (Red Hat 15.2.1-1) Red Hat Enterprise Linux 8.10 Kernel: 5.15 Compiler: gcc gcc (GCC) 8.5.0 20210514 (Red Hat 8.5.0-22) Red Hat Enterprise Linux 9.5 Kernel: 5.15 Compiler: gcc gcc (GCC) 11.5.0 20240719 (Red Hat 11.5.0-2) Ubuntu 20.04 Kernel: 5.15 Compiler: gcc gcc (Ubuntu 9.4.0-1ubuntu1~20.04.2) 9.4.0 Ubuntu 22.04 Kernel: 5.15 Compiler: gcc gcc (Ubuntu 11.4.0-1ubuntu1~22.04) 11.4.0 Ubuntu 24.04 Kernel: 5.15 Compiler: gcc gcc (Ubuntu 13.3.0-6ubuntu2~24.04) 13.3.0 To view detailed results, visit: https://lab.dpdk.org/results/dashboard/patchsets/34499/ UNH-IOL DPDK Community Lab To manage your email subscriptions, visit: https://lab.dpdk.org/results/dashboard/preferences/subscriptions/