From mboxrd@z Thu Jan 1 00:00:00 1970 Return-Path: Received: from mails.dpdk.org (mails.dpdk.org [217.70.189.124]) by inbox.dpdk.org (Postfix) with ESMTP id 201EE48A8A for ; Fri, 7 Nov 2025 03:12:13 +0100 (CET) Received: from mails.dpdk.org (localhost [127.0.0.1]) by mails.dpdk.org (Postfix) with ESMTP id 1B5664013F; Fri, 7 Nov 2025 03:12:13 +0100 (CET) Received: from mail-pl1-f225.google.com (mail-pl1-f225.google.com [209.85.214.225]) by mails.dpdk.org (Postfix) with ESMTP id A494D4013F for ; Fri, 7 Nov 2025 03:12:11 +0100 (CET) Received: by mail-pl1-f225.google.com with SMTP id d9443c01a7336-29555b384acso2479315ad.1 for ; Thu, 06 Nov 2025 18:12:11 -0800 (PST) DKIM-Signature: v=1; a=rsa-sha256; c=relaxed/relaxed; d=iol.unh.edu; s=unh-iol; t=1762481531; x=1763086331; darn=dpdk.org; h=references:in-reply-to:cc:to:from:subject:message-id:date:from:to :cc:subject:date:message-id:reply-to; bh=MGkSkbK6PvPVgnhLap4OO8GlYeM3GI0fJmAfvvOw5PE=; b=PAebEIx7VK30HXyCM54K5bxkTChaOWfvpRp9IsgbY89Co/9hZzsxdgw+68mj63n63d gkQDn6X8xleWZ24/JZPLeKvPFDayyTRUgzJ91vPOKUv35Z5OlNQaFJITBr5SJjXezoTz eN/XESjM+C1KvJc1GdX7h+hXOMFqnjoGL1P/E= X-Google-DKIM-Signature: v=1; a=rsa-sha256; c=relaxed/relaxed; d=1e100.net; s=20230601; t=1762481531; x=1763086331; h=references:in-reply-to:cc:to:from:subject:message-id:date:x-gm-gg :x-gm-message-state:from:to:cc:subject:date:message-id:reply-to; bh=MGkSkbK6PvPVgnhLap4OO8GlYeM3GI0fJmAfvvOw5PE=; b=KNMY3mU8EFxaqxcdgOhPwQWSgAUNw/4go82xy6OOkkXYZfDIL12vbIAIhr4Q6Aeexa Qks6bK8OfcKVa7eY2V10ukxivmphOsPia5q6TFnDKEm3SxVDJSO87BgYOI8NDtv0tL7c nhicPLFJLcRzjqMpWJzMUlp2L5Bhb38i2J0d9UzL6/S6P3LeImsMujO1JMH8oFkL8e6f boflNzy2AOEu23nT0QW+HalfIK+NOuCw8hz/FFbeujxMVyZDjQ2wpLpFpOWQysGFtNNl LFRMvWsyLF7abcJC2EEcZsjhZLnrcJGyRgZNG0br9jHgbgb9F6i9/1fH7Z1dDJQft51i wXGg== X-Gm-Message-State: AOJu0YweB2RqKFDb5FqP+CaJJDGtyvUjLaoRGO1dDouRim1RsYtM/elU Cw/BTBL7Y3Qw/XXGdeWDN0anUvp5Mq4//hB3mNiq/P1/tTqpcnhoMjlheVhULUAFheQf2pIxL6l buBKzxLcG7NuWEsM8mgixHC9++vboNk3VkQjA6xy5MbigSpEejz4iU8ARjfEm X-Gm-Gg: ASbGnctwGhTSUEz6KM1fR3fgHw7thx8qOJp/c6jSkqfwTy3THmP0nmogpJ/FlPxTxpl IJR45cZJnq6KemPCyi6u2whnU78OIVtIYEq1gtYJL2IBB70AlH07kfa9Qim/X0IhsOQ1Vf/VTHf PkGj+HorJNzgMB1Cpyj1HcYUtaN3siQYNoiUJU++lxOcsrUXG7ZVpGlTQXwyRDHerWpWl1DNCrh AOwza+qTC+EUBpVJq/N9JBCzTdU4dND1O+p110zrlz2TDi40snAbH1VkPWBIpvz5pVqqXtquoTE GPZcmKWYDWanS04EfbnuBp8xxvu+UL9tLkehhAiA3fwh1KsvbyhFE0If/VbJA6sjffohKOJ2Fp9 8IrcWu/2E X-Google-Smtp-Source: AGHT+IG1Ph26sKOryYNXhBSEIqGlEF/nUJ8a6C6Z+CHa7+/NONK9aFrk0+2BYx+OEh9FyUBF3vHOBDQlMZ9y X-Received: by 2002:a17:903:32c3:b0:295:9db1:ff3a with SMTP id d9443c01a7336-297c045fb27mr22707445ad.28.1762481530782; Thu, 06 Nov 2025 18:12:10 -0800 (PST) Received: from postal.iol.unh.edu (postal.iol.unh.edu. [2606:4100:3880:1234::84]) by smtp-relay.gmail.com with ESMTPS id d9443c01a7336-29651c6b409sm3552825ad.42.2025.11.06.18.12.10 (version=TLS1_2 cipher=ECDHE-ECDSA-AES128-GCM-SHA256 bits=128/128); Thu, 06 Nov 2025 18:12:10 -0800 (PST) X-Relaying-Domain: iol.unh.edu Date: Thu, 06 Nov 2025 18:12:10 -0800 (PST) Message-ID: <690d557a.170a0220.10079c.2b21SMTPIN_ADDED_MISSING@mx.google.com> Received: from [172.21.0.3] (unknown [172.18.0.240]) by postal.iol.unh.edu (Postfix) with ESMTP id 389DB6051830; Thu, 6 Nov 2025 21:12:10 -0500 (EST) Subject: |FAILURE| pw158484-158485 [PATCH] [2/2] test: add more tests for com From: dpdklab@iol.unh.edu To: Test Report Cc: dpdk-test-reports@iol.unh.edu, Stephen Hemminger In-Reply-To: <20251105210657.871310-3-stephen@networkplumber.org> References: <20251105210657.871310-3-stephen@networkplumber.org> Content-Type: text/plain X-BeenThere: test-report@dpdk.org X-Mailman-Version: 2.1.29 Precedence: list List-Id: automatic DPDK test reports List-Unsubscribe: , List-Archive: List-Post: List-Help: List-Subscribe: , Errors-To: test-report-bounces@dpdk.org Test-Label: iol-compile-amd64-testing Test-Status: FAILURE http://dpdk.org/patch/158485 _Testing issues_ Submitter: Stephen Hemminger Date: Wednesday, November 05 2025 21:03:59 DPDK git baseline: Repo:dpdk Branch: master CommitID:87f7895e470c13e13efd6762d701139d0987294a 158484-158485 --> testing issues Upstream job id: Generic-DPDK-Compile-Meson#441780 Test environment and result as below: +-------------------------------+--------------------+------------------+ | Environment | dpdk_meson_compile | dpdk_compile_ovs | +===============================+====================+==================+ | Ubuntu 20.04 | FAIL | SKIPPED | +-------------------------------+--------------------+------------------+ | FreeBSD 14.2 | PASS | SKIPPED | +-------------------------------+--------------------+------------------+ | CentOS Stream 9 | PASS | SKIPPED | +-------------------------------+--------------------+------------------+ | CentOS Stream 10 | PASS | SKIPPED | +-------------------------------+--------------------+------------------+ | Debian GNU/Linux 12 | PASS | SKIPPED | +-------------------------------+--------------------+------------------+ | Fedora Linux 42 | PASS | PASS | +-------------------------------+--------------------+------------------+ | Red Hat Enterprise Linux 8.10 | PASS | SKIPPED | +-------------------------------+--------------------+------------------+ | openSUSE Leap 15.6 | PASS | SKIPPED | +-------------------------------+--------------------+------------------+ | Red Hat Enterprise Linux 9.5 | PASS | SKIPPED | +-------------------------------+--------------------+------------------+ | Ubuntu 22.04 | FAIL | SKIPPED | +-------------------------------+--------------------+------------------+ | Ubuntu 24.04 | FAIL | WARN | +-------------------------------+--------------------+------------------+ ==== 20 line log output for Ubuntu 24.04 (dpdk_compile_ovs): ==== --- Failed to get log output --- ==== End log output ==== Ubuntu 20.04 Kernel: 4.19 Compiler: gcc gcc (Ubuntu 9.4.0-1ubuntu1~20.04.2) 9.4.0 FreeBSD 14.2 Kernel: 14.2-RELEASE Compiler: clang 18.1.6 CentOS Stream 9 Kernel: 5.15 Compiler: gcc gcc (GCC) 11.5.0 20240719 (Red Hat 11.5.0-11) CentOS Stream 10 Kernel: 5.15 Compiler: gcc gcc (GCC) 14.2.1 20250110 (Red Hat 14.2.1-8) Debian GNU/Linux 12 Kernel: 5.15 Compiler: gcc gcc (Debian 12.2.0-14+deb12u1) 12.2.0 Fedora Linux 42 Kernel: 5.15 Compiler: clang gcc (GCC) 15.2.1 20250808 (Red Hat 15.2.1-1) Red Hat Enterprise Linux 8.10 Kernel: 5.15 Compiler: gcc gcc (GCC) 8.5.0 20210514 (Red Hat 8.5.0-22) openSUSE Leap 15.6 Kernel: 5.15 Compiler: gcc gcc (SUSE Linux) 7.5.0 Red Hat Enterprise Linux 9.5 Kernel: 5.15 Compiler: gcc gcc (GCC) 11.5.0 20240719 (Red Hat 11.5.0-2) Ubuntu 22.04 Kernel: 5.15 Compiler: gcc gcc (Ubuntu 11.4.0-1ubuntu1~22.04) 11.4.0 Ubuntu 24.04 Kernel: 5.15 Compiler: gcc gcc (Ubuntu 13.3.0-6ubuntu2~24.04) 13.3.0 To view detailed results, visit: https://lab.dpdk.org/results/dashboard/patchsets/34499/ UNH-IOL DPDK Community Lab To manage your email subscriptions, visit: https://lab.dpdk.org/results/dashboard/preferences/subscriptions/