From: dpdklab@iol.unh.edu
To: Test Report <test-report@dpdk.org>
Cc: dpdk-test-reports@iol.unh.edu
Subject: |WARNING| pw158484-158485 [PATCH] [2/2] test: add more tests for com
Date: Thu, 06 Nov 2025 19:21:13 -0800 (PST) [thread overview]
Message-ID: <690d65a9.050a0220.19da67.7e8bSMTPIN_ADDED_MISSING@mx.google.com> (raw)
In-Reply-To: <20251105210657.871310-3-stephen@networkplumber.org>
Test-Label: iol-sample-apps-testing
Test-Status: WARNING
http://dpdk.org/patch/158485
_Testing issues_
Submitter: Stephen Hemminger <stephen@networkplumber.org>
Date: Wednesday, November 05 2025 21:03:59
DPDK git baseline: Repo:dpdk
Branch: master
CommitID:87f7895e470c13e13efd6762d701139d0987294a
158484-158485 --> testing issues
Upstream job id: Template-DTS-Pipeline#253435
Test environment and result as below:
+--------------+----------------------+----------------------+
| Environment | compressdev_zlib_pmd | dpdk_fips_validation |
+==============+======================+======================+
| Ubuntu 22.04 | PASS | SKIPPED |
+--------------+----------------------+----------------------+
| Ubuntu 20.04 | SKIPPED | WARN |
+--------------+----------------------+----------------------+
==== 20 line log output for Ubuntu 20.04 (dpdk_fips_validation): ====
| ~~~~~~~~~~~~~~~~~~~~
cc1: all warnings being treated as errors
[3526/3632] Compiling C object app/dpdk-test.p/test_test_pflock.c.o
[3527/3632] Compiling C object app/dpdk-test.p/test_test_pmu.c.o
[3528/3632] Compiling C object app/dpdk-test.p/test_test_link_bonding_mode4.c.o
[3529/3632] Compiling C object app/dpdk-test.p/test_test_rand_perf.c.o
[3530/3632] Compiling C object app/dpdk-test.p/test_test_pie.c.o
[3531/3632] Compiling C object app/dpdk-test.p/test_test_power_cpufreq.c.o
[3532/3632] Compiling C object app/dpdk-test.p/test_test_ptr_compress.c.o
[3533/3632] Compiling C object app/dpdk-test.p/test_test_reciprocal_division_perf.c.o
[3534/3632] Compiling C object app/dpdk-test.p/test_test_pmd_ring_perf.c.o
[3535/3632] Compiling C object app/dpdk-test.p/test_test_pdcp.c.o
[3536/3632] Compiling C object app/dpdk-test.p/test_test_pmd_perf.c.o
[3537/3632] Compiling C object app/dpdk-test.p/test_test_rcu_qsbr_perf.c.o
[3538/3632] Compiling C object app/dpdk-test.p/test_test_mempool_perf.c.o
[3539/3632] Compiling C object app/dpdk-test.p/test_test_mbuf.c.o
[3540/3632] Compiling C object drivers/libtmp_rte_crypto_cnxk.a.p/crypto_cnxk_cn10k_cryptodev_ops.c.o
[3541/3632] Compiling C object app/dpdk-test.p/test_test_memcpy_perf.c.o
[3542/3632] Compiling C object app/dpdk-test.p/test_test_cryptodev.c.o
ninja: build stopped: subcommand failed.
==== End log output ====
Ubuntu 22.04
Kernel: 5.15
Compiler: gcc gcc (Ubuntu 11.4.0-1ubuntu1~22.04.2) 11.4.0
Ubuntu 20.04
Kernel: 5.15
Compiler: gcc gcc (Ubuntu 9.4.0-1ubuntu1~20.04.2) 9.4.0
To view detailed results, visit:
https://lab.dpdk.org/results/dashboard/patchsets/34499/
UNH-IOL DPDK Community Lab
To manage your email subscriptions, visit:
https://lab.dpdk.org/results/dashboard/preferences/subscriptions/
next prev parent reply other threads:[~2025-11-07 3:21 UTC|newest]
Thread overview: 28+ messages / expand[flat|nested] mbox.gz Atom feed top
[not found] <20251105210657.871310-3-stephen@networkplumber.org>
2025-11-05 20:33 ` |SUCCESS| pw158484-158485 [PATCH 2/2] test: add more tests for comments qemudev
2025-11-05 20:38 ` qemudev
2025-11-05 21:07 ` |SUCCESS| pw158485 " checkpatch
2025-11-05 23:03 ` |FAILURE| " 0-day Robot
2025-11-07 0:13 ` |FAILURE| pw158484-158485 [PATCH] [2/2] test: add more tests for com dpdklab
2025-11-07 0:16 ` |SUCCESS| " dpdklab
2025-11-07 0:17 ` |FAILURE| " dpdklab
2025-11-07 0:21 ` |SUCCESS| " dpdklab
2025-11-07 0:28 ` dpdklab
2025-11-07 0:39 ` dpdklab
2025-11-07 0:53 ` dpdklab
2025-11-07 1:20 ` |PENDING| " dpdklab
2025-11-07 1:29 ` dpdklab
2025-11-07 1:41 ` dpdklab
2025-11-07 1:45 ` |FAILURE| " dpdklab
2025-11-07 1:56 ` |SUCCESS| " dpdklab
2025-11-07 1:58 ` |WARNING| " dpdklab
2025-11-07 2:07 ` dpdklab
2025-11-07 2:10 ` |SUCCESS| " dpdklab
2025-11-07 2:12 ` |FAILURE| " dpdklab
2025-11-07 3:21 ` dpdklab [this message]
2025-11-07 3:43 ` dpdklab
2025-11-07 3:57 ` |WARNING| " dpdklab
2025-11-07 3:58 ` |FAILURE| " dpdklab
2025-11-07 4:15 ` |SUCCESS| " dpdklab
2025-11-07 4:38 ` dpdklab
2025-11-07 6:14 ` |FAILURE| " dpdklab
2025-11-07 6:17 ` dpdklab
Reply instructions:
You may reply publicly to this message via plain-text email
using any one of the following methods:
* Save the following mbox file, import it into your mail client,
and reply-to-all from there: mbox
Avoid top-posting and favor interleaved quoting:
https://en.wikipedia.org/wiki/Posting_style#Interleaved_style
* Reply using the --to, --cc, and --in-reply-to
switches of git-send-email(1):
git send-email \
--in-reply-to=690d65a9.050a0220.19da67.7e8bSMTPIN_ADDED_MISSING@mx.google.com \
--to=dpdklab@iol.unh.edu \
--cc=dpdk-test-reports@iol.unh.edu \
--cc=test-report@dpdk.org \
/path/to/YOUR_REPLY
https://kernel.org/pub/software/scm/git/docs/git-send-email.html
* If your mail client supports setting the In-Reply-To header
via mailto: links, try the mailto: link
Be sure your reply has a Subject: header at the top and a blank line
before the message body.
This is a public inbox, see mirroring instructions
for how to clone and mirror all data and code used for this inbox;
as well as URLs for NNTP newsgroup(s).