From mboxrd@z Thu Jan 1 00:00:00 1970 Return-Path: Received: from mails.dpdk.org (mails.dpdk.org [217.70.189.124]) by inbox.dpdk.org (Postfix) with ESMTP id B8FA648A8C for ; Fri, 7 Nov 2025 04:57:20 +0100 (CET) Received: from mails.dpdk.org (localhost [127.0.0.1]) by mails.dpdk.org (Postfix) with ESMTP id B276D4013F; Fri, 7 Nov 2025 04:57:20 +0100 (CET) Received: from mail-qv1-f100.google.com (mail-qv1-f100.google.com [209.85.219.100]) by mails.dpdk.org (Postfix) with ESMTP id A59D64013F for ; Fri, 7 Nov 2025 04:57:18 +0100 (CET) Received: by mail-qv1-f100.google.com with SMTP id 6a1803df08f44-7ea50f94045so3477566d6.1 for ; Thu, 06 Nov 2025 19:57:18 -0800 (PST) DKIM-Signature: v=1; a=rsa-sha256; c=relaxed/relaxed; d=iol.unh.edu; s=unh-iol; t=1762487838; x=1763092638; darn=dpdk.org; h=references:in-reply-to:cc:to:from:subject:message-id:date:from:to :cc:subject:date:message-id:reply-to; bh=e1HIUK2oqdVSqPd4n/NftRWx2b3ZFqlac/8wjEljG3M=; b=a4LxgJ3P13RHxm2y+JktoXxyBoE1mMYRnEn76tahcpy+58o9ih7xTgpUQqP4yQL27A t/jkHueYMKK6vlKXORdet8NjUvx6o5PYYT0z+jmPm4M74qZdaKvYyYOhqb0vRd/Af5LL kb+0WsjYucfuJRUrGEK6z9kCayMzzKEOe7wms= X-Google-DKIM-Signature: v=1; a=rsa-sha256; c=relaxed/relaxed; d=1e100.net; s=20230601; t=1762487838; x=1763092638; h=references:in-reply-to:cc:to:from:subject:message-id:date:x-gm-gg :x-gm-message-state:from:to:cc:subject:date:message-id:reply-to; bh=e1HIUK2oqdVSqPd4n/NftRWx2b3ZFqlac/8wjEljG3M=; b=dsbvwKiw4hlOf5TnKx/wv20aRwTUSG5WXDsBmStpUVk6gdaGWA12BSvurbnU2XSvTn IlrsJsNpd4rimRsbPMzdlm3PDvLqAumTFebU6LTAOX3OKTvZSpr/zPnNdrMb8QQ9OO3d pT114TQu5NKy+C60n3LuVnhizgyR8lOzEBhQs1aFUBXkRAJxWcwV5FGAaTP9oYLdfnnA sHYHb1kJ7mnfUI2PIQewQm6m8MROZjOqYqzrewskAO480HFcw3cZ7fW+ee8wD99GsVM5 aTPXMdxkAf8nMqrTjEQ939t6muD/wV4i3EBNHah0gbnBc1Pl3pp0FoBvk+z32mfiFqik WryQ== X-Gm-Message-State: AOJu0YyLaTsibvRzu7wU0ALZAWUameTk+rX+BTfsmiKNbMo2tSfymvXX xjFNiL2BQAiHSM/yLzL/aHzK9Y/HoUzNoXeDKaAi16hTGKnmSyo3NiT/IbIO4gY0RQNuPqPRe0O IChiNkKeeqFYjIxlcmdZtotQDYJkHmSiBZdmP9Ob8SmfF X-Gm-Gg: ASbGncu33T4fZr0T/S+WO8Mq5N1DCzI6L0yuDWjt0GUgJXJP0LhE6+ms9tqXKAk9bon 9Wy+XGB4+fGlVgKRgb5X8X0z/+DlqR7pYi5dggEJso3vJnV7ekru3rHaOeTkADvClbboXPLem6w FfhjoeBSKCsEilwNgWRR0/HWoEHMECRi2EKG86ScA1CJgUpcDBYskuziSs64OCRLdWTP+1VXtJK 1jfPsjOr5TiVJPgOrftJNTH/k/Z1/VEAtxNmlqIg5AyxNnPIBIg7st736X72La/8rZ1KRq7NqNn B7spsoaImEZ9d6zSPWKRGPwl4QCqtsnMdp7vUabSAOeEWNUnjP2BeN65rZ0Ho3mR/7S/y6Sj8Qw 05UI/2jmA4JHUwD+mfLdto9aq9zLh8RU= X-Google-Smtp-Source: AGHT+IGHoXouKZvU0Q/3Gx1MsyIYHolY6G9X2EeiDuc/B732Cw9PdgVRn4Wz+/Tn2FPf90X/+lt20PIve3xA X-Received: by 2002:ad4:5bee:0:b0:87c:2470:160e with SMTP id 6a1803df08f44-8822f83cd58mr2953846d6.32.1762487837975; Thu, 06 Nov 2025 19:57:17 -0800 (PST) Received: from postal.iol.unh.edu (postal.iol.unh.edu. [132.177.123.84]) by smtp-relay.gmail.com with ESMTPS id 6a1803df08f44-880829d29b2sm4064146d6.22.2025.11.06.19.57.17 (version=TLS1_2 cipher=ECDHE-ECDSA-AES128-GCM-SHA256 bits=128/128); Thu, 06 Nov 2025 19:57:17 -0800 (PST) X-Relaying-Domain: iol.unh.edu Date: Thu, 06 Nov 2025 19:57:17 -0800 (PST) Message-ID: <690d6e1d.d40a0220.1fd850.5722SMTPIN_ADDED_MISSING@mx.google.com> Received: from [172.21.0.2] (unknown [172.18.0.240]) by postal.iol.unh.edu (Postfix) with ESMTP id B30046051830; Thu, 6 Nov 2025 22:57:17 -0500 (EST) Subject: |WARNING| pw158484-158485 [PATCH] [2/2] test: add more tests for com From: dpdklab@iol.unh.edu To: Test Report Cc: dpdk-test-reports@iol.unh.edu In-Reply-To: <20251105210657.871310-3-stephen@networkplumber.org> References: <20251105210657.871310-3-stephen@networkplumber.org> Content-Type: text/plain X-BeenThere: test-report@dpdk.org X-Mailman-Version: 2.1.29 Precedence: list List-Id: automatic DPDK test reports List-Unsubscribe: , List-Archive: List-Post: List-Help: List-Subscribe: , Errors-To: test-report-bounces@dpdk.org Test-Label: iol-unit-amd64-testing Test-Status: WARNING http://dpdk.org/patch/158485 _Testing issues_ Submitter: Stephen Hemminger Date: Wednesday, November 05 2025 21:03:59 DPDK git baseline: Repo:dpdk Branch: master CommitID:87f7895e470c13e13efd6762d701139d0987294a 158484-158485 --> testing issues Upstream job id: Generic-VM-Unit-Test-DPDK#32367 Test environment and result as below: +-------------------------------+----------------+ | Environment | dpdk_unit_test | +===============================+================+ | Debian GNU/Linux 12 | PASS | +-------------------------------+----------------+ | CentOS Stream 9 | PASS | +-------------------------------+----------------+ | Fedora Linux 41 | PASS | +-------------------------------+----------------+ | CentOS Stream 10 | PASS | +-------------------------------+----------------+ | Fedora Linux 40 | PASS | +-------------------------------+----------------+ | Fedora Linux 42 | PASS | +-------------------------------+----------------+ | Red Hat Enterprise Linux 8.10 | PASS | +-------------------------------+----------------+ | Red Hat Enterprise Linux 9.5 | PASS | +-------------------------------+----------------+ | Ubuntu 20.04 | WARN | +-------------------------------+----------------+ | Ubuntu 22.04 | WARN | +-------------------------------+----------------+ | Ubuntu 24.04 | WARN | +-------------------------------+----------------+ | Windows Server 2022 | PASS | +-------------------------------+----------------+ ==== 20 line log output for Ubuntu 24.04 (dpdk_unit_test): ==== [3596/3607] Compiling C object app/dpdk-test.p/test_test_timer.c.o [3597/3607] Compiling C object app/dpdk-test.p/test_test_timer_racecond.c.o [3598/3607] Compiling C object app/dpdk-test.p/test_test_timer_secondary.c.o [3599/3607] Compiling C object app/dpdk-test.p/test_test_trace.c.o [3600/3607] Compiling C object app/dpdk-test.p/test_test_trace_register.c.o [3601/3607] Compiling C object app/dpdk-test.p/test_test_vdev.c.o [3602/3607] Compiling C object app/dpdk-test.p/test_test_trace_perf.c.o [3603/3607] Compiling C object app/dpdk-test.p/test_test_version.c.o [3604/3607] Compiling C object app/dpdk-test.p/test_virtual_pmd.c.o [3605/3607] Compiling C object app/dpdk-test.p/test_test_pcapng.c.o FAILED: app/dpdk-test.p/test_test_pcapng.c.o ccache cc -Iapp/dpdk-test.p -Iapp -I../app -Ilib/cmdline -I../lib/cmdline -Ilib/eal/common -I../lib/eal/common -I. -I.. -Iconfig -I../config -Ilib/eal/include -I../lib/eal/include -Ilib/eal/linux/include -I../lib/eal/linux/include -Ilib/eal/x86/include -I../lib/eal/x86/include -I../kernel/linux -Ilib/eal -I../lib/eal -Ilib/kvargs -I../lib/kvargs -Ilib/log -I../lib/log -Ilib/metrics -I../lib/metrics -Ilib/telemetry -I../lib/telemetry -Ilib/argparse -I../lib/argparse -Ilib/net -I../lib/net -Ilib/mbuf -I../lib/mbuf -Ilib/mempool -I../lib/mempool -Ilib/ring -I../lib/ring -Idrivers/net/ring -I../drivers/net/ring -Ilib/ethdev -I../lib/ethdev -Ilib/meter -I../lib/meter -Idrivers/bus/pci -I../drivers/bus/pci -I../drivers/bus/pci/linux -Ilib/pci -I../lib/pci -Idrivers/bus/vdev -I../drivers/bus/vdev -Ilib/acl -I../lib/acl -Ilib/hash -I../lib/hash -Ilib/rcu -I../lib/rcu -Ilib/bitratestats -I../lib/bitratestats -Ilib/bpf -I../lib/bpf -Ilib/cfgfile -I../lib/cfgfile -Ilib/compressdev -I../lib/comp ressdev -Ilib/cryptodev -I../lib/cryptodev -Ilib/security -I../lib/security -Ilib/dispatcher -I../lib/dispatcher -Ilib/eventdev -I../lib/eventdev -Ilib/timer -I../lib/timer -Ilib/dmadev -I../lib/dmadev -Ilib/distributor -I../lib/distributor -Ilib/efd -I../lib/efd -Ilib/fib -I../lib/fib -Ilib/rib -I../lib/rib -Ilib/table -I../lib/table -Ilib/port -I../lib/port -Ilib/sched -I../lib/sched -Ilib/ip_frag -I../lib/ip_frag -Ilib/lpm -I../lib/lpm -Ilib/graph -I../lib/graph -Ilib/pcapng -I../lib/pcapng -Ilib/ipsec -I../lib/ipsec -Ilib/latencystats -I../lib/latencystats -Idrivers/net/bonding -I../drivers/net/bonding -Ilib/member -I../lib/member -Ilib/pdcp -I../lib/pdcp -Ilib/reorder -I../lib/reorder -Ilib/pdump -I../lib/pdump -Ilib/pmu -I../lib/pmu -Ilib/power -I../lib/power -Idrivers/power/acpi -I../drivers/power/acpi -Idrivers/power/kvm_vm -I../drivers/power/kvm_vm -Idrivers/power/intel_pstate -I../drivers/power/intel_pstate -Idrivers/power/amd_pstate -I../drivers/power/amd_pstate -Idrivers /power/cppc -I../drivers/power/cppc -Idrivers/power/intel_uncore -I../drivers/power/intel_uncore -Ilib/ptr_compress -I../lib/ptr_compress -Ilib/rawdev -I../lib/rawdev -Idrivers/raw/skeleton -I../drivers/raw/skeleton -Ilib/stack -I../lib/stack -Ilib/pipeline -I../lib/pipeline -Idrivers/crypto/scheduler -I../drivers/crypto/scheduler -Iapp/test/test_cfgfiles -I/usr/include/dbus-1.0 -I/usr/lib/x86_64-linux-gnu/dbus-1.0/include -I/usr/include/libnl3 -fdiagnostics-color=always -pipe -D_FILE_OFFSET_BITS=64 -Wall -Winvalid-pch -Wextra -Werror -std=c11 -O3 -include rte_config.h -Wvla -Wcast-qual -Wdeprecated -Wformat -Wformat-nonliteral -Wformat-security -Wmissing-declarations -Wmissing-prototypes -Wnested-externs -Wold-style-definition -Wpointer-arith -Wsign-compare -Wstrict-prototypes -Wundef -Wwrite-strings -Wno-packed-not-aligned -Wno-missing-field-initializers -D_GNU_SOURCE -march=native -mrtm -DALLOW_EXPERIMENTAL_API -Wno-vla -fno-strict-aliasing -Wno-format-truncation -DALLOW_INTERNAL _API -MD -MQ app/dpdk-test.p/test_test_pcapng.c.o -MF app/dpdk-test.p/test_test_pcapng.c.o.d -o app/dpdk-test.p/test_test_pcapng.c.o -c ../app/test/test_pcapng.c ../app/test/test_pcapng.c: In function 'fill_pcapng_file': ../app/test/test_pcapng.c:169:33: error: ignoring return value of 'asprintf' declared with attribute 'warn_unused_result' [-Werror=unused-result] 169 | asprintf(&comment, "Function: %s\nPacket %u\n", | ^~~~~~~~~~~~~~~~~~~~~~~~~~~~~~~~~~~~~~~~~~~~~~~ 170 | __func__, count + i); | ~~~~~~~~~~~~~~~~~~~~ cc1: all warnings being treated as errors ninja: build stopped: subcommand failed. ==== End log output ==== Debian GNU/Linux 12 Kernel: 5.15 Compiler: gcc gcc (Debian 12.2.0-14+deb12u1) 12.2.0 CentOS Stream 9 Kernel: 5.15 Compiler: gcc gcc (GCC) 11.5.0 20240719 (Red Hat 11.5.0-11) Fedora Linux 41 Kernel: 5.15 Compiler: gcc gcc (GCC) 14.3.1 20250523 (Red Hat 14.3.1-1) CentOS Stream 10 Kernel: 5.15 Compiler: gcc gcc (GCC) 14.2.1 20250110 (Red Hat 14.2.1-8) Fedora Linux 40 Kernel: 5.15 Compiler: clang gcc (GCC) 14.2.1 20240912 (Red Hat 14.2.1-3) Fedora Linux 42 Kernel: 5.15 Compiler: clang gcc (GCC) 15.2.1 20250808 (Red Hat 15.2.1-1) Red Hat Enterprise Linux 8.10 Kernel: 5.15 Compiler: gcc gcc (GCC) 8.5.0 20210514 (Red Hat 8.5.0-22) Red Hat Enterprise Linux 9.5 Kernel: 5.15 Compiler: gcc gcc (GCC) 11.5.0 20240719 (Red Hat 11.5.0-2) Ubuntu 20.04 Kernel: 5.15 Compiler: gcc gcc (Ubuntu 9.4.0-1ubuntu1~20.04.2) 9.4.0 Ubuntu 22.04 Kernel: 5.15 Compiler: gcc gcc (Ubuntu 11.4.0-1ubuntu1~22.04) 11.4.0 Ubuntu 24.04 Kernel: 5.15 Compiler: gcc gcc (Ubuntu 13.3.0-6ubuntu2~24.04) 13.3.0 Windows Server 2022 Kernel: 10.0.20348.2031 Compiler: clang 15.0.7, gcc 14.1.0 (MinGW), and MSVC VS 19.39.33521 To view detailed results, visit: https://lab.dpdk.org/results/dashboard/patchsets/34499/ UNH-IOL DPDK Community Lab To manage your email subscriptions, visit: https://lab.dpdk.org/results/dashboard/preferences/subscriptions/