automatic DPDK test reports
 help / color / mirror / Atom feed
From: dpdklab@iol.unh.edu
To: Test Report <test-report@dpdk.org>
Cc: dpdk-test-reports@iol.unh.edu,
	Stephen Hemminger <stephen@networkplumber.org>
Subject: |FAILURE| pw158484-158485 [PATCH] [2/2] test: add more tests for com
Date: Thu, 06 Nov 2025 19:58:38 -0800 (PST)	[thread overview]
Message-ID: <690d6e6e.630a0220.d88b3.ada7SMTPIN_ADDED_MISSING@mx.google.com> (raw)
In-Reply-To: <20251105210657.871310-3-stephen@networkplumber.org>

Test-Label: iol-unit-amd64-testing
Test-Status: FAILURE
http://dpdk.org/patch/158485

_Testing issues_

Submitter: Stephen Hemminger <stephen@networkplumber.org>
Date: Wednesday, November 05 2025 21:03:59 
DPDK git baseline: Repo:dpdk
  Branch: master
  CommitID:87f7895e470c13e13efd6762d701139d0987294a

158484-158485 --> testing issues

Upstream job id: Generic-VM-Unit-Test-DPDK#32368

Test environment and result as below:

+-------------------------------+----------------+
|          Environment          | dpdk_unit_test |
+===============================+================+
| Debian GNU/Linux 12           | PASS           |
+-------------------------------+----------------+
| CentOS Stream 9               | PASS           |
+-------------------------------+----------------+
| Fedora Linux 41               | PASS           |
+-------------------------------+----------------+
| CentOS Stream 10              | PASS           |
+-------------------------------+----------------+
| Fedora Linux 40               | PASS           |
+-------------------------------+----------------+
| Fedora Linux 42               | PASS           |
+-------------------------------+----------------+
| Red Hat Enterprise Linux 8.10 | PASS           |
+-------------------------------+----------------+
| Red Hat Enterprise Linux 9.5  | PASS           |
+-------------------------------+----------------+
| Ubuntu 20.04                  | FAIL           |
+-------------------------------+----------------+
| Ubuntu 22.04                  | WARN           |
+-------------------------------+----------------+
| Ubuntu 24.04                  | WARN           |
+-------------------------------+----------------+
| Windows Server 2022           | PASS           |
+-------------------------------+----------------+

==== 20 line log output for Ubuntu 24.04 (dpdk_unit_test): ====
[3596/3607] Compiling C object app/dpdk-test.p/test_test_timer.c.o
[3597/3607] Compiling C object app/dpdk-test.p/test_test_timer_racecond.c.o
[3598/3607] Compiling C object app/dpdk-test.p/test_test_timer_secondary.c.o
[3599/3607] Compiling C object app/dpdk-test.p/test_test_trace.c.o
[3600/3607] Compiling C object app/dpdk-test.p/test_test_trace_register.c.o
[3601/3607] Compiling C object app/dpdk-test.p/test_test_vdev.c.o
[3602/3607] Compiling C object app/dpdk-test.p/test_test_trace_perf.c.o
[3603/3607] Compiling C object app/dpdk-test.p/test_test_version.c.o
[3604/3607] Compiling C object app/dpdk-test.p/test_virtual_pmd.c.o
[3605/3607] Compiling C object app/dpdk-test.p/test_test_pcapng.c.o
FAILED: app/dpdk-test.p/test_test_pcapng.c.o
ccache cc -Iapp/dpdk-test.p -Iapp -I../app -Ilib/cmdline -I../lib/cmdline -Ilib/eal/common -I../lib/eal/common -I. -I.. -Iconfig -I../config -Ilib/eal/include -I../lib/eal/include -Ilib/eal/linux/include -I../lib/eal/linux/include -Ilib/eal/x86/include -I../lib/eal/x86/include -I../kernel/linux -Ilib/eal -I../lib/eal -Ilib/kvargs -I../lib/kvargs -Ilib/log -I../lib/log -Ilib/metrics -I../lib/metrics -Ilib/telemetry -I../lib/telemetry -Ilib/argparse -I../lib/argparse -Ilib/net -I../lib/net -Ilib/mbuf -I../lib/mbuf -Ilib/mempool -I../lib/mempool -Ilib/ring -I../lib/ring -Idrivers/net/ring -I../drivers/net/ring -Ilib/ethdev -I../lib/ethdev -Ilib/meter -I../lib/meter -Idrivers/bus/pci -I../drivers/bus/pci -I../drivers/bus/pci/linux -Ilib/pci -I../lib/pci -Idrivers/bus/vdev -I../drivers/bus/vdev -Ilib/acl -I../lib/acl -Ilib/hash -I../lib/hash -Ilib/rcu -I../lib/rcu -Ilib/bitratestats -I../lib/bitratestats -Ilib/bpf -I../lib/bpf -Ilib/cfgfile -I../lib/cfgfile -Ilib/compressdev -I../lib/comp
 ressdev -Ilib/cryptodev -I../lib/cryptodev -Ilib/security -I../lib/security -Ilib/dispatcher -I../lib/dispatcher -Ilib/eventdev -I../lib/eventdev -Ilib/timer -I../lib/timer -Ilib/dmadev -I../lib/dmadev -Ilib/distributor -I../lib/distributor -Ilib/efd -I../lib/efd -Ilib/fib -I../lib/fib -Ilib/rib -I../lib/rib -Ilib/table -I../lib/table -Ilib/port -I../lib/port -Ilib/sched -I../lib/sched -Ilib/ip_frag -I../lib/ip_frag -Ilib/lpm -I../lib/lpm -Ilib/graph -I../lib/graph -Ilib/pcapng -I../lib/pcapng -Ilib/ipsec -I../lib/ipsec -Ilib/latencystats -I../lib/latencystats -Idrivers/net/bonding -I../drivers/net/bonding -Ilib/member -I../lib/member -Ilib/pdcp -I../lib/pdcp -Ilib/reorder -I../lib/reorder -Ilib/pdump -I../lib/pdump -Ilib/pmu -I../lib/pmu -Ilib/power -I../lib/power -Idrivers/power/acpi -I../drivers/power/acpi -Idrivers/power/kvm_vm -I../drivers/power/kvm_vm -Idrivers/power/intel_pstate -I../drivers/power/intel_pstate -Idrivers/power/amd_pstate -I../drivers/power/amd_pstate -Idrivers
 /power/cppc -I../drivers/power/cppc -Idrivers/power/intel_uncore -I../drivers/power/intel_uncore -Ilib/ptr_compress -I../lib/ptr_compress -Ilib/rawdev -I../lib/rawdev -Idrivers/raw/skeleton -I../drivers/raw/skeleton -Ilib/stack -I../lib/stack -Ilib/pipeline -I../lib/pipeline -Idrivers/crypto/scheduler -I../drivers/crypto/scheduler -Iapp/test/test_cfgfiles -I/usr/include/dbus-1.0 -I/usr/lib/x86_64-linux-gnu/dbus-1.0/include -I/usr/include/libnl3 -fdiagnostics-color=always -pipe -D_FILE_OFFSET_BITS=64 -Wall -Winvalid-pch -Wextra -Werror -std=c11 -O3 -include rte_config.h -Wvla -Wcast-qual -Wdeprecated -Wformat -Wformat-nonliteral -Wformat-security -Wmissing-declarations -Wmissing-prototypes -Wnested-externs -Wold-style-definition -Wpointer-arith -Wsign-compare -Wstrict-prototypes -Wundef -Wwrite-strings -Wno-packed-not-aligned -Wno-missing-field-initializers -D_GNU_SOURCE -march=native -mrtm -DALLOW_EXPERIMENTAL_API -Wno-vla -fno-strict-aliasing -Wno-format-truncation -DALLOW_INTERNAL
 _API -MD -MQ app/dpdk-test.p/test_test_pcapng.c.o -MF app/dpdk-test.p/test_test_pcapng.c.o.d -o app/dpdk-test.p/test_test_pcapng.c.o -c ../app/test/test_pcapng.c
../app/test/test_pcapng.c: In function 'fill_pcapng_file':
../app/test/test_pcapng.c:169:33: error: ignoring return value of 'asprintf' declared with attribute 'warn_unused_result' [-Werror=unused-result]
169 |                                 asprintf(&comment, "Function: %s\nPacket %u\n",
|                                 ^~~~~~~~~~~~~~~~~~~~~~~~~~~~~~~~~~~~~~~~~~~~~~~
170 |                                          __func__, count + i);
|                                          ~~~~~~~~~~~~~~~~~~~~
cc1: all warnings being treated as errors
ninja: build stopped: subcommand failed.
==== End log output ====

Debian GNU/Linux 12
	Kernel: 5.15
	Compiler: gcc gcc (Debian 12.2.0-14+deb12u1) 12.2.0

CentOS Stream 9
	Kernel: 5.15
	Compiler: gcc gcc (GCC) 11.5.0 20240719 (Red Hat 11.5.0-11)

Fedora Linux 41
	Kernel: 5.15
	Compiler: gcc gcc (GCC) 14.3.1 20250523 (Red Hat 14.3.1-1)

CentOS Stream 10
	Kernel: 5.15
	Compiler: gcc gcc (GCC) 14.2.1 20250110 (Red Hat 14.2.1-8)

Fedora Linux 40
	Kernel: 5.15
	Compiler: clang gcc (GCC) 14.2.1 20240912 (Red Hat 14.2.1-3)

Fedora Linux 42
	Kernel: 5.15
	Compiler: clang gcc (GCC) 15.2.1 20250808 (Red Hat 15.2.1-1)

Red Hat Enterprise Linux 8.10
	Kernel: 5.15
	Compiler: gcc gcc (GCC) 8.5.0 20210514 (Red Hat 8.5.0-22)

Red Hat Enterprise Linux 9.5
	Kernel: 5.15
	Compiler: gcc gcc (GCC) 11.5.0 20240719 (Red Hat 11.5.0-2)

Ubuntu 20.04
	Kernel: 5.15
	Compiler: gcc gcc (Ubuntu 9.4.0-1ubuntu1~20.04.2) 9.4.0

Ubuntu 22.04
	Kernel: 5.15
	Compiler: gcc gcc (Ubuntu 11.4.0-1ubuntu1~22.04) 11.4.0

Ubuntu 24.04
	Kernel: 5.15
	Compiler: gcc gcc (Ubuntu 13.3.0-6ubuntu2~24.04) 13.3.0

Windows Server 2022
	Kernel: 10.0.20348.2031
	Compiler: clang 15.0.7, gcc 14.1.0 (MinGW), and MSVC VS 19.39.33521

To view detailed results, visit:
https://lab.dpdk.org/results/dashboard/patchsets/34499/

UNH-IOL DPDK Community Lab

To manage your email subscriptions, visit: 
https://lab.dpdk.org/results/dashboard/preferences/subscriptions/

  parent reply	other threads:[~2025-11-07  3:58 UTC|newest]

Thread overview: 28+ messages / expand[flat|nested]  mbox.gz  Atom feed  top
     [not found] <20251105210657.871310-3-stephen@networkplumber.org>
2025-11-05 20:33 ` |SUCCESS| pw158484-158485 [PATCH 2/2] test: add more tests for comments qemudev
2025-11-05 20:38 ` qemudev
2025-11-05 21:07 ` |SUCCESS| pw158485 " checkpatch
2025-11-05 23:03 ` |FAILURE| " 0-day Robot
2025-11-07  0:13 ` |FAILURE| pw158484-158485 [PATCH] [2/2] test: add more tests for com dpdklab
2025-11-07  0:16 ` |SUCCESS| " dpdklab
2025-11-07  0:17 ` |FAILURE| " dpdklab
2025-11-07  0:21 ` |SUCCESS| " dpdklab
2025-11-07  0:28 ` dpdklab
2025-11-07  0:39 ` dpdklab
2025-11-07  0:53 ` dpdklab
2025-11-07  1:20 ` |PENDING| " dpdklab
2025-11-07  1:29 ` dpdklab
2025-11-07  1:41 ` dpdklab
2025-11-07  1:45 ` |FAILURE| " dpdklab
2025-11-07  1:56 ` |SUCCESS| " dpdklab
2025-11-07  1:58 ` |WARNING| " dpdklab
2025-11-07  2:07 ` dpdklab
2025-11-07  2:10 ` |SUCCESS| " dpdklab
2025-11-07  2:12 ` |FAILURE| " dpdklab
2025-11-07  3:21 ` |WARNING| " dpdklab
2025-11-07  3:43 ` |FAILURE| " dpdklab
2025-11-07  3:57 ` |WARNING| " dpdklab
2025-11-07  3:58 ` dpdklab [this message]
2025-11-07  4:15 ` |SUCCESS| " dpdklab
2025-11-07  4:38 ` dpdklab
2025-11-07  6:14 ` |FAILURE| " dpdklab
2025-11-07  6:17 ` dpdklab

Reply instructions:

You may reply publicly to this message via plain-text email
using any one of the following methods:

* Save the following mbox file, import it into your mail client,
  and reply-to-all from there: mbox

  Avoid top-posting and favor interleaved quoting:
  https://en.wikipedia.org/wiki/Posting_style#Interleaved_style

* Reply using the --to, --cc, and --in-reply-to
  switches of git-send-email(1):

  git send-email \
    --in-reply-to=690d6e6e.630a0220.d88b3.ada7SMTPIN_ADDED_MISSING@mx.google.com \
    --to=dpdklab@iol.unh.edu \
    --cc=dpdk-test-reports@iol.unh.edu \
    --cc=stephen@networkplumber.org \
    --cc=test-report@dpdk.org \
    /path/to/YOUR_REPLY

  https://kernel.org/pub/software/scm/git/docs/git-send-email.html

* If your mail client supports setting the In-Reply-To header
  via mailto: links, try the mailto: link
Be sure your reply has a Subject: header at the top and a blank line before the message body.
This is a public inbox, see mirroring instructions
for how to clone and mirror all data and code used for this inbox;
as well as URLs for NNTP newsgroup(s).