From mboxrd@z Thu Jan 1 00:00:00 1970 Return-Path: Received: from mails.dpdk.org (mails.dpdk.org [217.70.189.124]) by inbox.dpdk.org (Postfix) with ESMTP id C7C3246E24 for ; Fri, 7 Nov 2025 06:31:05 +0100 (CET) Received: from mails.dpdk.org (localhost [127.0.0.1]) by mails.dpdk.org (Postfix) with ESMTP id C3FBB4021F; Fri, 7 Nov 2025 06:31:05 +0100 (CET) Received: from mail-yx1-f98.google.com (mail-yx1-f98.google.com [74.125.224.98]) by mails.dpdk.org (Postfix) with ESMTP id 5D4BA4021F for ; Fri, 7 Nov 2025 06:31:05 +0100 (CET) Received: by mail-yx1-f98.google.com with SMTP id 956f58d0204a3-63e2cc1ac4aso349134d50.2 for ; Thu, 06 Nov 2025 21:31:05 -0800 (PST) DKIM-Signature: v=1; a=rsa-sha256; c=relaxed/relaxed; d=iol.unh.edu; s=unh-iol; t=1762493465; x=1763098265; darn=dpdk.org; h=references:in-reply-to:cc:to:from:subject:message-id:date:from:to :cc:subject:date:message-id:reply-to; bh=HpVDQSwd/dHUtn44sqncj1BS8OhM3BAFHLlCLkMGhzU=; b=XElQ7F6tA/ys57KvFdjNXq3oXaPJaxEMg5pSh4lPtdTyYLSf5iO6HdoP2jew0e8SZe Wr4JJfJzEkdIwpf2ZySSaYQiDaUAy8l7+BqKU2EzvNtIPE5NHcLZ1EbWj8vL+X+ykIBn 4ophVmxcUQb7fjepa+rdJrafcUAWbHxvzdD9w= X-Google-DKIM-Signature: v=1; a=rsa-sha256; c=relaxed/relaxed; d=1e100.net; s=20230601; t=1762493465; x=1763098265; h=references:in-reply-to:cc:to:from:subject:message-id:date:x-gm-gg :x-gm-message-state:from:to:cc:subject:date:message-id:reply-to; bh=HpVDQSwd/dHUtn44sqncj1BS8OhM3BAFHLlCLkMGhzU=; b=mM5z4EJ3sGVNwJ3NbFubz+TiTXrnLA4wAS87jbXYY+WVyEJK2/qiBZ5cZwBzXC+prJ tFUe+uurstTvQ+mrx2DdeHN80xqDxJ0erpI3PF2RpUMGhQPmZ6E96V/fYRFKApI83mAr cQ4TcsR5ITfRN7LuP9oC6WjI3YpWyl63YqC82CqQXoYWdIPQKOQYT9CXcnnO50lI+jYZ qcsEibkqjvvbppcceTdfZqMKdvQkwjFjXbMHNrX5un3p+FrZvWqDCHlX1cG+Tfgd765M CBC7MaOh8ugra33gbIBtkrB8gmS5JlWbQXtHN+kRDCV9/ur39aA/MsbZd8hPx5CW6jgx WZKQ== X-Gm-Message-State: AOJu0YzLM4P+Q09T7/NFHfXBnKT7W3A4QO0yrj8TXTRo4i7qQXqp8VIu SisGuUr8kssqs5XoDznZr1JtgT3LpA6JUY3EtYOP5zD95/5Q00dtvA5OSORKGl1t0Z0NWXYqb/Y Y1UtPkY+GgtYzXcybQMY3sHRo/+hqfEU+kyE631iREpOGaJTKajgNm0O/buBN X-Gm-Gg: ASbGncuh/W6pvSNTysxXBaSwehH3j93RwLUiDaQzqXtPO4MZeNz+AwFHODlIoB4z/Jp lv/g5qWBoHA9NO3f5TRzD5VkSFFXRSd+YDkQplAfDsIOwg/YLPy5SnzaV3Y/H+DXGAPBji/zby6 JKAcfcKnrDmf9IUrPCtjSESnf4lUo/sjIfI+MHizMtWtrrQwjMfvF8D9NAAV1YHkXkEz6Z5E5O0 53mYtgvXM/81t620r3BO5K4WYOdLROSmqWqmwAz4ljcuCpxk9YzC2PwqBGqj3As2cZjk1aA5qwv vnORj0puLjKcCQOQjpfqmk5hx7e917aauM1A1Y0lf7DzFJkdCcPztMmCqXc2mhb3Ko2YdEbuJ+t jOY4L5T2I X-Google-Smtp-Source: AGHT+IFPTz/qMhwTiFzbrwFqf3wicl0waF2tYP/EvkcBB4oZClI/JeHApWYmPzWS057rhFBPH4FfWTOJ8eP5 X-Received: by 2002:a05:690e:23d5:b0:63f:c52c:3828 with SMTP id 956f58d0204a3-640c41f4b1emr1691981d50.26.1762493464594; Thu, 06 Nov 2025 21:31:04 -0800 (PST) Received: from postal.iol.unh.edu (postal.iol.unh.edu. [2606:4100:3880:1234::84]) by smtp-relay.gmail.com with ESMTPS id 00721157ae682-787badd1dfesm1673277b3.30.2025.11.06.21.31.04 (version=TLS1_2 cipher=ECDHE-ECDSA-AES128-GCM-SHA256 bits=128/128); Thu, 06 Nov 2025 21:31:04 -0800 (PST) X-Relaying-Domain: iol.unh.edu Date: Thu, 06 Nov 2025 21:31:04 -0800 (PST) Message-ID: <690d8418.050a0220.31f40b.8a0fSMTPIN_ADDED_MISSING@mx.google.com> Received: from [172.21.0.2] (unknown [172.18.0.240]) by postal.iol.unh.edu (Postfix) with ESMTP id 426656051830; Fri, 7 Nov 2025 00:31:04 -0500 (EST) Subject: |FAILURE| pw158508-158526 [PATCH] [RFC,19/19] app/test-pmd: fix buil From: dpdklab@iol.unh.edu To: Test Report Cc: dpdk-test-reports@iol.unh.edu, Bruce Richardson In-Reply-To: <20251106140948.2894678-20-bruce.richardson@intel.com> References: <20251106140948.2894678-20-bruce.richardson@intel.com> Content-Type: text/plain X-BeenThere: test-report@dpdk.org X-Mailman-Version: 2.1.29 Precedence: list List-Id: automatic DPDK test reports List-Unsubscribe: , List-Archive: List-Post: List-Help: List-Subscribe: , Errors-To: test-report-bounces@dpdk.org Test-Label: iol-unit-arm64-testing Test-Status: FAILURE http://dpdk.org/patch/158526 _Testing issues_ Submitter: Bruce Richardson Date: Thursday, November 06 2025 14:09:48 DPDK git baseline: Repo:dpdk Branch: master CommitID:87f7895e470c13e13efd6762d701139d0987294a 158508-158526 --> testing issues Upstream job id: Generic-Unit-Test-DPDK#389425 Test environment and result as below: +------------------------------+---------------------------+--------------+------------------------------+----------------+ | Environment | cryptodev_sw_zuc_autotest | lpm_autotest | cryptodev_sw_snow3g_autotest | dpdk_unit_test | +==============================+===========================+==============+==============================+================+ | Debian 12 (arm) | PASS | SKIPPED | PASS | SKIPPED | +------------------------------+---------------------------+--------------+------------------------------+----------------+ | Ubuntu 20.04 | SKIPPED | PASS | SKIPPED | PASS | +------------------------------+---------------------------+--------------+------------------------------+----------------+ | Debian GNU/Linux 12 | SKIPPED | SKIPPED | SKIPPED | PASS | +------------------------------+---------------------------+--------------+------------------------------+----------------+ | Fedora Linux 41 | SKIPPED | SKIPPED | SKIPPED | PASS | +------------------------------+---------------------------+--------------+------------------------------+----------------+ | Fedora Linux 42 | SKIPPED | SKIPPED | SKIPPED | PASS | +------------------------------+---------------------------+--------------+------------------------------+----------------+ | Fedora Linux 40 | SKIPPED | SKIPPED | SKIPPED | PASS | +------------------------------+---------------------------+--------------+------------------------------+----------------+ | CentOS Stream 9 | SKIPPED | SKIPPED | SKIPPED | PASS | +------------------------------+---------------------------+--------------+------------------------------+----------------+ | Red Hat Enterprise Linux 9.5 | SKIPPED | SKIPPED | SKIPPED | FAIL | +------------------------------+---------------------------+--------------+------------------------------+----------------+ | Ubuntu 24.04 | SKIPPED | SKIPPED | SKIPPED | PASS | +------------------------------+---------------------------+--------------+------------------------------+----------------+ | Ubuntu 22.04 | SKIPPED | SKIPPED | SKIPPED | PASS | +------------------------------+---------------------------+--------------+------------------------------+----------------+ | CentOS Stream 10 | SKIPPED | SKIPPED | SKIPPED | PASS | +------------------------------+---------------------------+--------------+------------------------------+----------------+ ==== Unit test summary for Red Hat Enterprise Linux 9.5 (dpdk_unit_test): ==== ninja: Entering directory `/home-local/jenkins-local/jenkins-agent/workspace/Generic-Unit-Test-DPDK@8/dpdk/build' ninja: no work to do. 1/120 DPDK:fast-tests / acl_autotest OK 11.74s 2/120 DPDK:fast-tests / alarm_autotest OK 1.33s 3/120 DPDK:fast-tests / argparse_autotest OK 0.32s 4/120 DPDK:fast-tests / atomic_autotest OK 9.04s 5/120 DPDK:fast-tests / bitcount_autotest OK 0.37s 6/120 DPDK:fast-tests / bitmap_autotest OK 0.33s 7/120 DPDK:fast-tests / bitops_autotest OK 1.84s 8/120 DPDK:fast-tests / bitratestats_autotest OK 0.35s 9/120 DPDK:fast-tests / bitset_autotest OK 5.36s 10/120 DPDK:fast-tests / bpf_autotest OK 0.33s 11/120 DPDK:fast-tests / bpf_convert_autotest OK 0.34s 12/120 DPDK:fast-tests / byteorder_autotest OK 0.32s 13/120 DPDK:fast-tests / cfgfile_autotest OK 0.33s 14/120 DPDK:fast-tests / cksum_autotest OK 0.32s 15/120 DPDK:fast-tests / cmdline_autotest OK 0.37s 16/120 DPDK:fast-tests / common_autotest OK 1.86s 17/120 DPDK:fast-tests / compressdev_autotest SKIP 0.18s exit status 77 18/120 DPDK:fast-tests / cpuflags_autotest OK 0.36s 19/120 DPDK:fast-tests / crc_autotest OK 0.33s 20/120 DPDK:fast-tests / user_delay_us OK 0.33s 21/120 DPDK:fast-tests / debug_autotest OK 3.04s 22/120 DPDK:fast-tests / devargs_autotest OK 0.39s 23/120 DPDK:fast-tests / dispatcher_autotest OK 5.63s 24/120 DPDK:fast-tests / distributor_autotest OK 1.15s 25/120 DPDK:fast-tests / eal_flags_c_opt_autotest OK 3.55s 26/120 DPDK:fast-tests / eal_flags_main_opt_autotest OK 0.91s 27/120 DPDK:fast-tests / eal_flags_n_opt_autotest OK 0.82s 28/120 DPDK:fast-tests / eal_flags_hpet_autotest OK 0.47s 29/120 DPDK:fast-tests / eal_flags_no_huge_autotest OK 1.00s 30/120 DPDK:fast-tests / eal_flags_a_opt_autotest OK 1.42s 31/120 DPDK:fast-tests / eal_flags_b_opt_autotest OK 1.08s 32/120 DPDK:fast-tests / eal_flags_vdev_opt_autotest OK 0.80s 33/120 DPDK:fast-tests / eal_flags_r_opt_autotest OK 0.81s 34/120 DPDK:fast-tests / eal_flags_mem_autotest OK 1.19s 35/120 DPDK:fast-tests / eal_flags_file_prefix_autotest OK 3.28s 36/120 DPDK:fast-tests / eal_flags_misc_autotest FAIL 2.10s (exit status 255 or signal 127 SIGinvalid) >>> DPDK_TEST=eal_flags_misc_autotest MALLOC_PERTURB_=228 /home-local/jenkins-local/jenkins-agent/workspace/Generic-Unit-Test-DPDK@8/dpdk/build/app/dpdk-test 37/120 DPDK:fast-tests / eal_fs_autotest OK 0.37s 38/120 DPDK:fast-tests / errno_autotest OK 0.33s 39/120 DPDK:fast-tests / ethdev_link_status OK 0.33s 40/120 DPDK:fast-tests / event_eth_tx_adapter_autotest OK 2.51s 41/120 DPDK:fast-tests / event_ring_autotest OK 0.36s 42/120 DPDK:fast-tests / eventdev_common_autotest OK 0.33s 43/120 DPDK:fast-tests / eventdev_selftest_sw OK 14.52s 44/120 DPDK:fast-tests / fbarray_autotest OK 0.33s 45/120 DPDK:fast-tests / fib_autotest OK 1.89s 46/120 DPDK:fast-tests / fib6_autotest OK 1.75s 47/120 DPDK:fast-tests / func_reentrancy_autotest OK 1.51s 48/120 DPDK:fast-tests / graph_autotest OK 0.36s 49/120 DPDK:fast-tests / node_list_dump OK 0.33s 50/120 DPDK:fast-tests / graph_feature_arc_autotest OK 0.33s 51/120 DPDK:fast-tests / hash_autotest OK 1.02s 52/120 DPDK:fast-tests / hash_readwrite_func_autotest OK 0.25s 53/120 DPDK:fast-tests / interrupt_autotest OK 1.40s 54/120 DPDK:fast-tests / ipfrag_autotest OK 0.19s 55/120 DPDK:fast-tests / ipsec_autotest SKIP 0.36s exit status 77 56/120 DPDK:fast-tests / kvargs_autotest OK 0.32s 57/120 DPDK:fast-tests / latencystats_autotest OK 0.34s 58/120 DPDK:fast-tests / lcore_var_autotest OK 1.33s 59/120 DPDK:fast-tests / lcores_autotest OK 6.20s 60/120 DPDK:fast-tests / logs_autotest OK 0.32s 61/120 DPDK:fast-tests / lpm_autotest OK 3.38s 62/120 DPDK:fast-tests / lpm6_autotest OK 10.18s 63/120 DPDK:fast-tests / malloc_autotest OK 0.89s 64/120 DPDK:fast-tests / mbuf_autotest OK 4.15s 65/120 DPDK:fast-tests / mcslock_autotest OK 1.73s 66/120 DPDK:fast-tests / member_autotest OK 3.00s 67/120 DPDK:fast-tests / memcpy_autotest OK 10.74s 68/120 DPDK:fast-tests / memory_autotest OK 0.19s 69/120 DPDK:fast-tests / mempool_autotest OK 0.80s 70/120 DPDK:fast-tests / memzone_autotest OK 0.22s 71/120 DPDK:fast-tests / meter_autotest OK 0.37s 72/120 DPDK:fast-tests / metrics_autotest OK 0.32s 73/120 DPDK:fast-tests / multiprocess_autotest OK 0.73s 74/120 DPDK:fast-tests / net_ether_autotest OK 2.08s 75/120 DPDK:fast-tests / net_ipv6_autotest OK 0.33s 76/120 DPDK:fast-tests / pcapng_autotest OK 6.84s 77/120 DPDK:fast-tests / pdcp_autotest SKIP 0.19s exit status 77 78/120 DPDK:fast-tests / pdump_autotest OK 0.93s 79/120 DPDK:fast-tests / per_lcore_autotest OK 0.43s 80/120 DPDK:fast-tests / pflock_autotest OK 0.74s 81/120 DPDK:fast-tests / pie_autotest OK 0.32s 82/120 DPDK:fast-tests / ring_pmd_autotest OK 0.34s 83/120 DPDK:fast-tests / power_autotest OK 0.32s 84/120 DPDK:fast-tests / power_cpufreq_autotest SKIP 0.19s exit status 77 85/120 DPDK:fast-tests / power_intel_uncore_autotest SKIP 0.36s exit status 77 86/120 DPDK:fast-tests / power_kvm_vm_autotest SKIP 0.18s exit status 77 87/120 DPDK:fast-tests / prefetch_autotest OK 0.36s 88/120 DPDK:fast-tests / ptr_compress_autotest OK 0.32s 89/120 DPDK:fast-tests / rawdev_autotest OK 0.32s 90/120 DPDK:fast-tests / rcu_qsbr_autotest OK 1.34s 91/120 DPDK:fast-tests / reorder_autotest OK 0.84s 92/120 DPDK:fast-tests / rib_autotest OK 8.09s 93/120 DPDK:fast-tests / rib6_autotest OK 8.43s 94/120 DPDK:fast-tests / ring_autotest OK 0.38s 95/120 DPDK:fast-tests / rwlock_test1_autotest OK 0.67s 96/120 DPDK:fast-tests / rwlock_rda_autotest OK 5.32s 97/120 DPDK:fast-tests / rwlock_rds_wrm_autotest OK 5.33s 98/120 DPDK:fast-tests / rwlock_rde_wro_autotest OK 5.32s 99/120 DPDK:fast-tests / sched_autotest OK 0.34s 100/120 DPDK:fast-tests / security_autotest OK 0.18s 101/120 DPDK:fast-tests / seqlock_autotest OK 2.37s 102/120 DPDK:fast-tests / service_autotest OK 3.03s 103/120 DPDK:fast-tests / soring_autotest OK 0.33s 104/120 DPDK:fast-tests / spinlock_autotest OK 0.41s 105/120 DPDK:fast-tests / stack_autotest OK 0.71s 106/120 DPDK:fast-tests / stack_lf_autotest OK 0.67s 107/120 DPDK:fast-tests / string_autotest OK 0.38s 108/120 DPDK:fast-tests / table_autotest OK 14.87s 109/120 DPDK:fast-tests / tailq_autotest OK 0.32s 110/120 DPDK:fast-tests / telemetry_data_autotest OK 0.33s 111/120 DPDK:fast-tests / telemetry_json_autotest OK 0.35s 112/120 DPDK:fast-tests / thash_autotest OK 0.36s 113/120 DPDK:fast-tests / threads_autotest OK 0.48s 114/120 DPDK:fast-tests / ticketlock_autotest OK 0.42s 115/120 DPDK:fast-tests / timer_autotest OK 3.45s 116/120 DPDK:fast-tests / trace_autotest OK 0.43s 117/120 DPDK:fast-tests / trace_autotest_with_traces OK 0.35s 118/120 DPDK:fast-tests / vdev_autotest OK 0.32s 119/120 DPDK:fast-tests / version_autotest OK 0.32s 120/120 DPDK:fast-tests / telemetry_all SKIP 0.09s exit status 77 Ok: 112 Expected Fail: 0 Fail: 1 Unexpected Pass: 0 Skipped: 7 Timeout: 0 Full log written to /home-local/jenkins-local/jenkins-agent/workspace/Generic-Unit-Test-DPDK@8/dpdk/build/meson-logs/testlog.txt Test log output from the failed test eal_flags_misc_autotest: Sorry, we were not able to find the logs for this test. Download the log output from the CI site for this test run. ==== End log output ==== Debian 12 (arm) Kernel: Depends on container host Compiler: gcc (Debian 12.2.0-14) 12.2.0 Ubuntu 20.04 Kernel: 5.4 Compiler: gcc gcc (Ubuntu 9.4.0-1ubuntu1~20.04.2) 9.4.0 Debian GNU/Linux 12 Kernel: 5.4 Compiler: gcc gcc (Debian 12.2.0-14+deb12u1) 12.2.0 Fedora Linux 41 Kernel: 5.4 Compiler: gcc gcc (GCC) 14.3.1 20250523 (Red Hat 14.3.1-1) Fedora Linux 42 Kernel: 5.4 Compiler: gcc gcc (GCC) 15.2.1 20250808 (Red Hat 15.2.1-1) Fedora Linux 40 Kernel: 5.4 Compiler: gcc gcc (GCC) 14.2.1 20240912 (Red Hat 14.2.1-3) CentOS Stream 9 Kernel: 5.4 Compiler: gcc gcc (GCC) 11.5.0 20240719 (Red Hat 11.5.0-11) Red Hat Enterprise Linux 9.5 Kernel: 5.4 Compiler: gcc gcc (GCC) 11.5.0 20240719 (Red Hat 11.5.0-2) Ubuntu 24.04 Kernel: 5.4 Compiler: gcc gcc (Ubuntu 13.3.0-6ubuntu2~24.04) 13.3.0 Ubuntu 22.04 Kernel: 5.4 Compiler: gcc gcc (Ubuntu 11.4.0-1ubuntu1~22.04) 11.4.0 CentOS Stream 10 Kernel: 5.4 Compiler: gcc gcc (GCC) 14.2.1 20250110 (Red Hat 14.2.1-8) To view detailed results, visit: https://lab.dpdk.org/results/dashboard/patchsets/34488/ UNH-IOL DPDK Community Lab To manage your email subscriptions, visit: https://lab.dpdk.org/results/dashboard/preferences/subscriptions/