From mboxrd@z Thu Jan 1 00:00:00 1970 Return-Path: Received: from mails.dpdk.org (mails.dpdk.org [217.70.189.124]) by inbox.dpdk.org (Postfix) with ESMTP id 2090A48A8D for ; Fri, 7 Nov 2025 07:14:18 +0100 (CET) Received: from mails.dpdk.org (localhost [127.0.0.1]) by mails.dpdk.org (Postfix) with ESMTP id EE55640264; Fri, 7 Nov 2025 07:14:17 +0100 (CET) Received: from mail-qv1-f98.google.com (mail-qv1-f98.google.com [209.85.219.98]) by mails.dpdk.org (Postfix) with ESMTP id 946A640264 for ; Fri, 7 Nov 2025 07:14:17 +0100 (CET) Received: by mail-qv1-f98.google.com with SMTP id 6a1803df08f44-8804d05dfcaso5873046d6.0 for ; Thu, 06 Nov 2025 22:14:17 -0800 (PST) DKIM-Signature: v=1; a=rsa-sha256; c=relaxed/relaxed; d=iol.unh.edu; s=unh-iol; t=1762496057; x=1763100857; darn=dpdk.org; h=references:in-reply-to:cc:to:from:subject:message-id:date:from:to :cc:subject:date:message-id:reply-to; bh=/rvzQemgwhiMAHHGUDY8z4KAfQ5JdFKAPEG1BZnPLNw=; b=NEymt0fHdiJ5HUTgDQwIgpja3FCPc2mQgXD2IJM7J+cbIOiVHBwDYKhh7u325OgCQ8 nIiaHGMDseFh1xL0eQM+1GzaBPVXFcozSKExEKmgrONmXClX6N48THDfkQUb8EqKfuV1 ncCbG5HP2dTUghDZ+e2UgLj2eLbfPRq8T+7CQ= X-Google-DKIM-Signature: v=1; a=rsa-sha256; c=relaxed/relaxed; d=1e100.net; s=20230601; t=1762496057; x=1763100857; h=references:in-reply-to:cc:to:from:subject:message-id:date:x-gm-gg :x-gm-message-state:from:to:cc:subject:date:message-id:reply-to; bh=/rvzQemgwhiMAHHGUDY8z4KAfQ5JdFKAPEG1BZnPLNw=; b=kTSkRwC/vRNVSCT4/cGNvfZY0bv/oUCJUcV4zuMbqi6RPE5a+B+AcmnQpelX3AZBom /1D8R0pzPyMFMgP88ELTs45nZ4IVeZLo8O+6eS+x8p8CALIkpFoOQWfJc/Yum+6jF2oY OavP0oEPZ0tfW2txw9Ntcw+xE75hA4P/McFuLLl+w+Zatwpo8SZ67e6FjsG05jH8Aigd QCFqcj4QJnr4jqoUl9/CgoT5PKsHbU3uvQx1jMiAq/tcZRlgJj8PIn8QgAHP68HxxzdC SBQGFkxqZw7pxpMESmFw16TaUXyu2zFyPO4A5lCy0CMepv4sENqkLyTMjkqpzyzABh0q MMFg== X-Gm-Message-State: AOJu0YxjGnMM8aCOs3QdtRhm0bUFpN0zsJjnOYogWHFuktn7Pay9KKDv /Nm2dcHOCxD8LAEp9zowaV6iozNIDLrfW2fvT+n15gUGm1T7IRprSv3QwYE0aqr0r+natSPP66N UPKu5kfJqslm8dHaMYhw1wvq/cAXjRgCQTeJOaZdWqKHy X-Gm-Gg: ASbGnctOXfxsMlrUBGVOssXXowXgUpHzLVPOmqxBIikvCPZslm45qv5sLqQdnshdoe2 0Im7j99TukmtjGd0jCq4nHF26s1L9uRKdWxHweqMKg1hE9rBVud0XfAadqCefZcXX5ZKdgszFOA Xys4fpHfErqNY3lALbhFrhX6pRIYhcsV7z6BU49ypk77GZZlj74zjUolE06kaCJK5+GzVqtCV6F wJD0DE7OC5OcS0isZJ5jAgVB8Z5uMaSRTE/1QsGAMivXdgjoWDhY71FL7syKm4RpOfyO6KcaMij 5uWDlEUmhYNDjWeV9e7Lkm1Kdtz4EGicNXvsmAPNPA/gBUaxP83v5MwYxO2qG0LnQ2jhyhnOo8Z MEgwQFVod8bQZyNGJKu4j7YeU9T1Bsl8= X-Google-Smtp-Source: AGHT+IGsUXD0fKsWI3DdKt2tyC6OfIN0+s4suy6ymCGMbY0BdPjBVhr8wdyZ+3hwsMINQds4VlmF8vPkiCIO X-Received: by 2002:a05:6214:21ce:b0:880:535d:d191 with SMTP id 6a1803df08f44-88167b0cc42mr25247506d6.16.1762496056952; Thu, 06 Nov 2025 22:14:16 -0800 (PST) Received: from postal.iol.unh.edu (postal.iol.unh.edu. [132.177.123.84]) by smtp-relay.gmail.com with ESMTPS id 6a1803df08f44-880829c9a8esm4200106d6.16.2025.11.06.22.14.16 (version=TLS1_2 cipher=ECDHE-ECDSA-AES128-GCM-SHA256 bits=128/128); Thu, 06 Nov 2025 22:14:16 -0800 (PST) X-Relaying-Domain: iol.unh.edu Date: Thu, 06 Nov 2025 22:14:16 -0800 (PST) Message-ID: <690d8e38.050a0220.31112d.60a9SMTPIN_ADDED_MISSING@mx.google.com> Received: from [172.21.0.2] (unknown [172.18.0.240]) by postal.iol.unh.edu (Postfix) with ESMTP id AF5F76051830; Fri, 7 Nov 2025 01:14:16 -0500 (EST) Subject: |FAILURE| pw158484-158485 [PATCH] [2/2] test: add more tests for com From: dpdklab@iol.unh.edu To: Test Report Cc: dpdk-test-reports@iol.unh.edu, Stephen Hemminger In-Reply-To: <20251105210657.871310-3-stephen@networkplumber.org> References: <20251105210657.871310-3-stephen@networkplumber.org> Content-Type: text/plain X-BeenThere: test-report@dpdk.org X-Mailman-Version: 2.1.29 Precedence: list List-Id: automatic DPDK test reports List-Unsubscribe: , List-Archive: List-Post: List-Help: List-Subscribe: , Errors-To: test-report-bounces@dpdk.org Test-Label: iol-compile-amd64-testing Test-Status: FAILURE http://dpdk.org/patch/158485 _Testing issues_ Submitter: Stephen Hemminger Date: Wednesday, November 05 2025 21:03:59 DPDK git baseline: Repo:dpdk Branch: master CommitID:87f7895e470c13e13efd6762d701139d0987294a 158484-158485 --> testing issues Upstream job id: Windows-Compile-DPDK-Native#32193 Test environment and result as below: +-------------------------------+--------------------+------------------+-------------------+-------------------------+ | Environment | dpdk_meson_compile | dpdk_compile_ovs | dpdk_msvc_compile | dpdk_llvm_clang_compile | +===============================+====================+==================+===================+=========================+ | Ubuntu 20.04 | FAIL | SKIPPED | SKIPPED | SKIPPED | +-------------------------------+--------------------+------------------+-------------------+-------------------------+ | FreeBSD 14.2 | PASS | SKIPPED | SKIPPED | SKIPPED | +-------------------------------+--------------------+------------------+-------------------+-------------------------+ | CentOS Stream 9 | PASS | SKIPPED | SKIPPED | SKIPPED | +-------------------------------+--------------------+------------------+-------------------+-------------------------+ | CentOS Stream 10 | PASS | SKIPPED | SKIPPED | SKIPPED | +-------------------------------+--------------------+------------------+-------------------+-------------------------+ | Debian GNU/Linux 12 | PASS | SKIPPED | SKIPPED | SKIPPED | +-------------------------------+--------------------+------------------+-------------------+-------------------------+ | Fedora Linux 42 | PASS | PASS | SKIPPED | SKIPPED | +-------------------------------+--------------------+------------------+-------------------+-------------------------+ | Red Hat Enterprise Linux 8.10 | PASS | SKIPPED | SKIPPED | SKIPPED | +-------------------------------+--------------------+------------------+-------------------+-------------------------+ | openSUSE Leap 15.6 | PASS | SKIPPED | SKIPPED | SKIPPED | +-------------------------------+--------------------+------------------+-------------------+-------------------------+ | Red Hat Enterprise Linux 9.5 | PASS | SKIPPED | SKIPPED | SKIPPED | +-------------------------------+--------------------+------------------+-------------------+-------------------------+ | Ubuntu 22.04 | FAIL | SKIPPED | SKIPPED | SKIPPED | +-------------------------------+--------------------+------------------+-------------------+-------------------------+ | Ubuntu 24.04 | PASS | WARN | SKIPPED | SKIPPED | +-------------------------------+--------------------+------------------+-------------------+-------------------------+ | Alpine Linux 3.22.0 | PASS | SKIPPED | SKIPPED | SKIPPED | +-------------------------------+--------------------+------------------+-------------------+-------------------------+ | Windows Server 2022 | SKIPPED | SKIPPED | PASS | PASS | +-------------------------------+--------------------+------------------+-------------------+-------------------------+ ==== 20 line log output for Ubuntu 24.04 (dpdk_compile_ovs): ==== --- Failed to get log output --- ==== End log output ==== Ubuntu 20.04 Kernel: 4.19 Compiler: gcc gcc (Ubuntu 9.4.0-1ubuntu1~20.04.2) 9.4.0 FreeBSD 14.2 Kernel: 14.2-RELEASE Compiler: clang 18.1.6 CentOS Stream 9 Kernel: 5.15 Compiler: gcc gcc (GCC) 11.5.0 20240719 (Red Hat 11.5.0-11) CentOS Stream 10 Kernel: 5.15 Compiler: gcc gcc (GCC) 14.2.1 20250110 (Red Hat 14.2.1-8) Debian GNU/Linux 12 Kernel: 5.15 Compiler: gcc gcc (Debian 12.2.0-14+deb12u1) 12.2.0 Fedora Linux 42 Kernel: 5.15 Compiler: clang gcc (GCC) 15.2.1 20250808 (Red Hat 15.2.1-1) Red Hat Enterprise Linux 8.10 Kernel: 5.15 Compiler: gcc gcc (GCC) 8.5.0 20210514 (Red Hat 8.5.0-22) openSUSE Leap 15.6 Kernel: 5.15 Compiler: gcc gcc (SUSE Linux) 7.5.0 Red Hat Enterprise Linux 9.5 Kernel: 5.15 Compiler: gcc gcc (GCC) 11.5.0 20240719 (Red Hat 11.5.0-2) Ubuntu 22.04 Kernel: 5.15 Compiler: gcc gcc (Ubuntu 11.4.0-1ubuntu1~22.04) 11.4.0 Ubuntu 24.04 Kernel: 5.15 Compiler: gcc gcc (Ubuntu 13.3.0-6ubuntu2~24.04) 13.3.0 Alpine Linux 3.22.0 Kernel: 5.15 Compiler: gcc gcc (Alpine 14.2.0) 14.2.0 Windows Server 2022 Kernel: 10.0.20348.2031 Compiler: clang 15.0.7, gcc 14.1.0 (MinGW), and MSVC VS 19.39.33521 To view detailed results, visit: https://lab.dpdk.org/results/dashboard/patchsets/34499/ UNH-IOL DPDK Community Lab To manage your email subscriptions, visit: https://lab.dpdk.org/results/dashboard/preferences/subscriptions/