From mboxrd@z Thu Jan 1 00:00:00 1970 Return-Path: Received: from mails.dpdk.org (mails.dpdk.org [217.70.189.124]) by inbox.dpdk.org (Postfix) with ESMTP id 3ADB848A92 for ; Fri, 7 Nov 2025 08:32:56 +0100 (CET) Received: from mails.dpdk.org (localhost [127.0.0.1]) by mails.dpdk.org (Postfix) with ESMTP id 0DB574042E; Fri, 7 Nov 2025 08:32:56 +0100 (CET) Received: from mail-pf1-f227.google.com (mail-pf1-f227.google.com [209.85.210.227]) by mails.dpdk.org (Postfix) with ESMTP id 3A04B4021F for ; Fri, 7 Nov 2025 08:32:55 +0100 (CET) Received: by mail-pf1-f227.google.com with SMTP id d2e1a72fcca58-7afd7789ccdso444940b3a.2 for ; Thu, 06 Nov 2025 23:32:55 -0800 (PST) DKIM-Signature: v=1; a=rsa-sha256; c=relaxed/relaxed; d=iol.unh.edu; s=unh-iol; t=1762500774; x=1763105574; darn=dpdk.org; h=references:in-reply-to:cc:to:from:subject:message-id:date:from:to :cc:subject:date:message-id:reply-to; bh=vJn+9qQ8lZSec1E3jji1pbFzi/DSHq6zZPwouXKrbds=; b=JhFK+R5aY7bQbTYDJ+8Cmy0jvfzUgUOEU4B3N/pq9VNoWupKTi3N8DNiN72VUFbfAS H9rgzMB/Zm+cgrJ17xnizFovQzqITcdQuDtLULp7ulZo8Sn/ISi4+HIQj5oNJIVo8TIK cJrRQXPXkrqm4Pu0RYmF+91+GMFjW5jb93Zmc= X-Google-DKIM-Signature: v=1; a=rsa-sha256; c=relaxed/relaxed; d=1e100.net; s=20230601; t=1762500774; x=1763105574; h=references:in-reply-to:cc:to:from:subject:message-id:date:x-gm-gg :x-gm-message-state:from:to:cc:subject:date:message-id:reply-to; bh=vJn+9qQ8lZSec1E3jji1pbFzi/DSHq6zZPwouXKrbds=; b=GGhLJ/UH4CgeIXsvw/6U/vATAmhj79OM8d9KKCXGqRhji8+yj4RhtLYl4Vz5slAwB+ 3hpsWp5aAcrBFikfTkTq2bnDpgBdtioB8xFqROQwcPwrLNRRsBVXbNfZH7Vc1qeqhFqJ JoNlckD39qH5xc7xT7c6WsEKKMsj6In7KWUoNM+cI1WjZ88BROIeFzixT6aOiSw1+deQ EINxN2dEzSpgrA3Gy+kXdpa9pOJIMG/CXtrm6DSPzyvi6jFv8a0qVF3J9fV+kyIJNEnV 4V+csAVMw3YAw94kzDTKWF6pPjDGRszRmWslHO5nsbotoWJvOliGANVx4N5+QMPZb6lY FshQ== X-Gm-Message-State: AOJu0Yx1P8BtZIq6ccTylI3KmwyFM12gSAhSwylXpuJbkudOnTevWsEI cpbThrwu4q/+WfipEft/n/C1aa9JARAmhZk6lR6mQnqGr4dguU7QAZunhVWIG0hwASdlLOpZdIr YbQl9NiGKjQmJ37rAFcDjvh2IWgSLEBVz4NR2vvAYTe1l X-Gm-Gg: ASbGncuod5g1xdwjqz8X8Ug5zkx+GJt1jK9nuuj/tURelLDd26WUGCECuwywM2EFy0O pf3vXzGTgj2Tm30PUGb0RNJwEjmaH/p8sVvQGMIPSnzqsMpxDMwOLzcX4maFmlYZyUB8Kj8Bgxi 4o7+g1YKc9Emb6GNXyEFHbQKdh1KdH9e5iKCCgIAf9Zth8YkbEtSEEMiMHqlpUxfuY+ottRcEEI U/28bdrkR8pX/6UuKH3GmKXIyCZRLrBYHZ0jM0C+tK5bsxKtqlzocYLKnA6TpPjuGkPG7AawR5R IRnsfau/WmkTKBgQv+gAoqW+cvX+fNCiYA8BR6157/K2yi2vv3SkXYdV8Z30p6McsDbF7IRAhiL Uf+VwzbivzOZFERkZcL3FoVWHeuzQWbI= X-Google-Smtp-Source: AGHT+IHrRS9NXi3pT40WGiJ8moVMvp5oJravh9fdVodFEno7Moz4O7HWnrBJ8FVvkWk6Ahh0laA36IHt0TDg X-Received: by 2002:a05:6a20:2588:b0:34e:e0ba:7c4 with SMTP id adf61e73a8af0-3522556d4cbmr3607868637.0.1762500774304; Thu, 06 Nov 2025 23:32:54 -0800 (PST) Received: from postal.iol.unh.edu (postal.iol.unh.edu. [132.177.123.84]) by smtp-relay.gmail.com with ESMTPS id d2e1a72fcca58-7b0c9ff764asm181623b3a.4.2025.11.06.23.32.54 (version=TLS1_2 cipher=ECDHE-ECDSA-AES128-GCM-SHA256 bits=128/128); Thu, 06 Nov 2025 23:32:54 -0800 (PST) X-Relaying-Domain: iol.unh.edu Date: Thu, 06 Nov 2025 23:32:54 -0800 (PST) Message-ID: <690da0a6.050a0220.342f7c.9374SMTPIN_ADDED_MISSING@mx.google.com> Received: from [172.21.0.3] (unknown [172.18.0.240]) by postal.iol.unh.edu (Postfix) with ESMTP id 7B0F56051835; Fri, 7 Nov 2025 02:32:53 -0500 (EST) Subject: |FAILURE| pw158484-158485 [PATCH] [2/2] test: add more tests for com From: dpdklab@iol.unh.edu To: Test Report Cc: dpdk-test-reports@iol.unh.edu, Stephen Hemminger In-Reply-To: <20251105210657.871310-3-stephen@networkplumber.org> References: <20251105210657.871310-3-stephen@networkplumber.org> Content-Type: text/plain X-BeenThere: test-report@dpdk.org X-Mailman-Version: 2.1.29 Precedence: list List-Id: automatic DPDK test reports List-Unsubscribe: , List-Archive: List-Post: List-Help: List-Subscribe: , Errors-To: test-report-bounces@dpdk.org Test-Label: iol-compile-arm64-testing Test-Status: FAILURE http://dpdk.org/patch/158485 _Testing issues_ Submitter: Stephen Hemminger Date: Wednesday, November 05 2025 21:03:59 DPDK git baseline: Repo:dpdk Branch: master CommitID:87f7895e470c13e13efd6762d701139d0987294a 158484-158485 --> testing issues Upstream job id: Generic-DPDK-Compile-Meson#441789 Test environment and result as below: +------------------------------+--------------------+ | Environment | dpdk_meson_compile | +==============================+====================+ | Ubuntu 20.04 | PASS | +------------------------------+--------------------+ | Red Hat Enterprise Linux 9.5 | PASS | +------------------------------+--------------------+ | Debian GNU/Linux 12 | PASS | +------------------------------+--------------------+ | Fedora Linux 42 | PASS | +------------------------------+--------------------+ | Ubuntu 22.04 | FAIL | +------------------------------+--------------------+ | Ubuntu 24.04 | FAIL | +------------------------------+--------------------+ | CentOS Stream 9 | PASS | +------------------------------+--------------------+ | CentOS Stream 10 | PASS | +------------------------------+--------------------+ ==== 20 line log output for Ubuntu 24.04 (dpdk_meson_compile): ==== [3760/3844] Compiling C object app/dpdk-test.p/test_test_memory.c.o [3761/3844] Compiling C object app/dpdk-test.p/test_test_mempool.c.o [3762/3844] Compiling C object app/dpdk-test.p/test_test_mempool_perf.c.o [3763/3844] Compiling C object app/dpdk-test.p/test_test_memzone.c.o [3764/3844] Compiling C object app/dpdk-test.p/test_test_meter.c.o [3765/3844] Compiling C object app/dpdk-test.p/test_test_metrics.c.o [3766/3844] Compiling C object app/dpdk-test.p/test_test_mp_secondary.c.o [3767/3844] Compiling C object app/dpdk-test.p/test_test_net_ether.c.o [3768/3844] Compiling C object app/dpdk-test.p/test_test_net_ip6.c.o [3769/3844] Compiling C object app/dpdk-test.p/test_test_pcapng.c.o FAILED: app/dpdk-test.p/test_test_pcapng.c.o ccache cc -Iapp/dpdk-test.p -Iapp -I../app -Ilib/cmdline -I../lib/cmdline -Ilib/eal/common -I../lib/eal/common -I. -I.. -Iconfig -I../config -Ilib/eal/include -I../lib/eal/include -Ilib/eal/linux/include -I../lib/eal/linux/include -Ilib/eal/arm/include -I../lib/eal/arm/include -I../kernel/linux -Ilib/eal -I../lib/eal -Ilib/kvargs -I../lib/kvargs -Ilib/log -I../lib/log -Ilib/metrics -I../lib/metrics -Ilib/telemetry -I../lib/telemetry -Ilib/argparse -I../lib/argparse -Ilib/net -I../lib/net -Ilib/mbuf -I../lib/mbuf -Ilib/mempool -I../lib/mempool -Ilib/ring -I../lib/ring -Idrivers/net/ring -I../drivers/net/ring -Ilib/ethdev -I../lib/ethdev -Ilib/meter -I../lib/meter -Idrivers/bus/pci -I../drivers/bus/pci -I../drivers/bus/pci/linux -Ilib/pci -I../lib/pci -Idrivers/bus/vdev -I../drivers/bus/vdev -Ilib/acl -I../lib/acl -Ilib/hash -I../lib/hash -Ilib/rcu -I../lib/rcu -Ilib/bitratestats -I../lib/bitratestats -Ilib/bpf -I../lib/bpf -Ilib/cfgfile -I../lib/cfgfile -Ilib/compressdev -I../lib/comp ressdev -Ilib/cryptodev -I../lib/cryptodev -Ilib/security -I../lib/security -Ilib/dispatcher -I../lib/dispatcher -Ilib/eventdev -I../lib/eventdev -Ilib/timer -I../lib/timer -Ilib/dmadev -I../lib/dmadev -Ilib/distributor -I../lib/distributor -Ilib/efd -I../lib/efd -Ilib/fib -I../lib/fib -Ilib/rib -I../lib/rib -Ilib/table -I../lib/table -Ilib/port -I../lib/port -Ilib/sched -I../lib/sched -Ilib/ip_frag -I../lib/ip_frag -Ilib/lpm -I../lib/lpm -Ilib/graph -I../lib/graph -Ilib/pcapng -I../lib/pcapng -Ilib/ipsec -I../lib/ipsec -Ilib/latencystats -I../lib/latencystats -Idrivers/net/bonding -I../drivers/net/bonding -Ilib/member -I../lib/member -Ilib/pdcp -I../lib/pdcp -Ilib/reorder -I../lib/reorder -Ilib/pdump -I../lib/pdump -Ilib/pmu -I../lib/pmu -Ilib/power -I../lib/power -Idrivers/power/acpi -I../drivers/power/acpi -Idrivers/power/kvm_vm -I../drivers/power/kvm_vm -Idrivers/power/intel_pstate -I../drivers/power/intel_pstate -Idrivers/power/amd_pstate -I../drivers/power/amd_pstate -Idrivers /power/cppc -I../drivers/power/cppc -Idrivers/power/intel_uncore -I../drivers/power/intel_uncore -Ilib/ptr_compress -I../lib/ptr_compress -Ilib/rawdev -I../lib/rawdev -Idrivers/raw/skeleton -I../drivers/raw/skeleton -Ilib/stack -I../lib/stack -Ilib/pipeline -I../lib/pipeline -Idrivers/crypto/scheduler -I../drivers/crypto/scheduler -Iapp/test/test_cfgfiles -I/usr/include/dbus-1.0 -I/usr/lib/aarch64-linux-gnu/dbus-1.0/include -I/usr/include/libnl3 -fdiagnostics-color=always -pipe -D_FILE_OFFSET_BITS=64 -Wall -Winvalid-pch -Wextra -Werror -std=c11 -O3 -include rte_config.h -Wvla -Wcast-qual -Wdeprecated -Wformat -Wformat-nonliteral -Wformat-security -Wmissing-declarations -Wmissing-prototypes -Wnested-externs -Wold-style-definition -Wpointer-arith -Wsign-compare -Wstrict-prototypes -Wundef -Wwrite-strings -Wno-packed-not-aligned -Wno-missing-field-initializers -D_GNU_SOURCE -march=armv8.1-a+crc+crypto -DALLOW_EXPERIMENTAL_API -Wno-vla -fno-strict-aliasing -Wno-format-truncation -DALLOW _INTERNAL_API -MD -MQ app/dpdk-test.p/test_test_pcapng.c.o -MF app/dpdk-test.p/test_test_pcapng.c.o.d -o app/dpdk-test.p/test_test_pcapng.c.o -c ../app/test/test_pcapng.c ../app/test/test_pcapng.c: In function 'fill_pcapng_file': ../app/test/test_pcapng.c:169:33: error: ignoring return value of 'asprintf' declared with attribute 'warn_unused_result' [-Werror=unused-result] 169 | asprintf(&comment, "Function: %s\nPacket %u\n", | ^~~~~~~~~~~~~~~~~~~~~~~~~~~~~~~~~~~~~~~~~~~~~~~ 170 | __func__, count + i); | ~~~~~~~~~~~~~~~~~~~~ cc1: all warnings being treated as errors ninja: build stopped: subcommand failed. ==== End log output ==== Ubuntu 20.04 Kernel: 5.15 Compiler: aarch64-linux-gnu-gcc gcc (Ubuntu 9.4.0-1ubuntu1~20.04.2) 9.4.0 Red Hat Enterprise Linux 9.5 Kernel: 5.4 Compiler: gcc gcc (GCC) 11.5.0 20240719 (Red Hat 11.5.0-2) Debian GNU/Linux 12 Kernel: 5.4 Compiler: gcc gcc (Debian 12.2.0-14+deb12u1) 12.2.0 Fedora Linux 42 Kernel: 5.4 Compiler: clang gcc (GCC) 15.2.1 20250808 (Red Hat 15.2.1-1) Ubuntu 22.04 Kernel: 5.4 Compiler: gcc gcc (Ubuntu 11.4.0-1ubuntu1~22.04) 11.4.0 Ubuntu 24.04 Kernel: 5.4 Compiler: gcc gcc (Ubuntu 13.3.0-6ubuntu2~24.04) 13.3.0 CentOS Stream 9 Kernel: 5.4 Compiler: gcc gcc (GCC) 11.5.0 20240719 (Red Hat 11.5.0-11) CentOS Stream 10 Kernel: 5.4 Compiler: gcc gcc (GCC) 14.2.1 20250110 (Red Hat 14.2.1-8) To view detailed results, visit: https://lab.dpdk.org/results/dashboard/patchsets/34499/ UNH-IOL DPDK Community Lab To manage your email subscriptions, visit: https://lab.dpdk.org/results/dashboard/preferences/subscriptions/