From mboxrd@z Thu Jan 1 00:00:00 1970 Return-Path: Received: from mails.dpdk.org (mails.dpdk.org [217.70.189.124]) by inbox.dpdk.org (Postfix) with ESMTP id E5EF548B30 for ; Mon, 17 Nov 2025 11:04:36 +0100 (CET) Received: from mails.dpdk.org (localhost [127.0.0.1]) by mails.dpdk.org (Postfix) with ESMTP id BFFE34026A; Mon, 17 Nov 2025 11:04:36 +0100 (CET) Received: from mail-pl1-f227.google.com (mail-pl1-f227.google.com [209.85.214.227]) by mails.dpdk.org (Postfix) with ESMTP id 2BA9A4026A for ; Mon, 17 Nov 2025 11:04:35 +0100 (CET) Received: by mail-pl1-f227.google.com with SMTP id d9443c01a7336-2953ad5517dso45326945ad.0 for ; Mon, 17 Nov 2025 02:04:35 -0800 (PST) DKIM-Signature: v=1; a=rsa-sha256; c=relaxed/relaxed; d=iol.unh.edu; s=unh-iol; t=1763373874; x=1763978674; darn=dpdk.org; h=cc:to:from:subject:message-id:date:from:to:cc:subject:date :message-id:reply-to; bh=2UXe38mmhvWcZemZNoW2muBKCSp1ASRa9Au+xtXZVqY=; b=cm4GKIQKIrep2VjG3kSib0YDNTrieLmSwFSZe/YCL7SwK0CRNkZCbk7mPjb+aR9nuc XJZNTIrb+kNs+MxBOpOWlMrSyHFvKpTDpo70WHwPSmN00uf6LP94eMHpKJ/vgU4zbSLU lifgzedQJPySvuOAFweF06aoqKB1YbIBx1WS0= X-Google-DKIM-Signature: v=1; a=rsa-sha256; c=relaxed/relaxed; d=1e100.net; s=20230601; t=1763373874; x=1763978674; h=cc:to:from:subject:message-id:date:x-gm-gg:x-gm-message-state:from :to:cc:subject:date:message-id:reply-to; bh=2UXe38mmhvWcZemZNoW2muBKCSp1ASRa9Au+xtXZVqY=; b=qKoewssl0c1TtojvsRyByDLaZ9WxXnXFo9nK/etkbsWFC9csKZUo5C/sMSKBM1cJGr CC0WhHPefK/8QIlRheXPdkhHNPGhoK4IE79iV5Jl88M4SVUGjQoh1nIHMXnu2VfJkv1J v2se5BAyoUHP4LpiqmFZbaHyKIun/PIiKmAZ45bycQsq7F8TVd5lF1p26Z11QsL6fS1R GZfadBvhsz4OsssKhR+aDoy/+qz5dbqzUIhAS9j2DFbNGa4HRNot8HrAYqYy44i3Z6Xf WO6nekvkO/GroPeDftKvWRFbfIw1RW5Ywhl5MDnebpPrq2VfbKD10BtYC/lPQs/55tWU NeZg== X-Gm-Message-State: AOJu0Ywrjxx2fVrA9ob6xlq4pISjPgHkYYJvW39ULsnVLXyxx03O6sdU x7hjPNtqLmpm2ZWN584/qYxG+CEarxOZkMbRuBzruyl5urZZ1EJTVnzFti+7ko8HXmSwM2LmeSN V1udvc17MUdlNIW+/W8Zdvn2K/aELexxnYkBH X-Gm-Gg: ASbGncudXv+KaMvAbJXfiT9zKdnmTiVGO6WlWQp0o6waJxbGq/mrnHP2PlEVGiAWQ9o VzFoSOOiuN0AoAbePj7Js7XdLpocD1r/iqUU1YNK5+WZrx80RWqQbr7/lo2EsIgOQHTAPCo7MlR +mJ2Z/rySBLDaTOiiuLRP/WyEuZnnwIaB5flMWr1++G56OkXTy0bC7CX/rQdNCCwwq5TafVHUhF lAp0hbrqlVX4CSYthvUloXNTGAwFPKE+i5+89zAvA2BDm1d7szcmb46VJWTcwfjWwNhDy5gG3mg myBcK0NjjuUMsVjB1G7xEwiXViQrprWf4HIqRVJkNuApTptaxtBtXaYwrToWDh9JZMklMec5uIK hY7DsqTR4TuZSrZEv1Xnqbc5DER5R32Q= X-Google-Smtp-Source: AGHT+IFQp3DJdNXb6fOXwctGGo1WIEVe0SYndTrDhYL4FhJW6O29PSNhFiNj7+/ihtfl4X7t17ztsQRqyIxr X-Received: by 2002:a17:902:cccf:b0:295:507c:4b80 with SMTP id d9443c01a7336-2986a77cf82mr141435815ad.61.1763373874164; Mon, 17 Nov 2025 02:04:34 -0800 (PST) Received: from postal.iol.unh.edu (postal.iol.unh.edu. [132.177.123.84]) by smtp-relay.gmail.com with ESMTPS id d9443c01a7336-2985c2b7b81sm14967295ad.50.2025.11.17.02.04.34 (version=TLS1_2 cipher=ECDHE-ECDSA-AES128-GCM-SHA256 bits=128/128); Mon, 17 Nov 2025 02:04:34 -0800 (PST) X-Relaying-Domain: iol.unh.edu Date: Mon, 17 Nov 2025 02:04:34 -0800 (PST) Message-ID: <691af332.170a0220.2073c2.bd6dSMTPIN_ADDED_MISSING@mx.google.com> Received: from [172.21.0.8] (unknown [172.18.0.240]) by postal.iol.unh.edu (Postfix) with ESMTP id 47A1B6051830; Mon, 17 Nov 2025 05:04:33 -0500 (EST) Subject: |FAILURE| [GIT MASTER] 62f583c49bf67dd4d6733ece14e55fe6839e66d1 From: dpdklab@iol.unh.edu To: Test Report Cc: dpdk-test-reports@iol.unh.edu, Xueming Li , Christian Ehrhardt , Kevin Traynor , Luca Boccassi Content-Type: text/plain X-BeenThere: test-report@dpdk.org X-Mailman-Version: 2.1.29 Precedence: list List-Id: automatic DPDK test reports List-Unsubscribe: , List-Archive: List-Post: List-Help: List-Subscribe: , Errors-To: test-report-bounces@dpdk.org _Testing issues_ Branch: tags/v23.11 62f583c49bf67dd4d6733ece14e55fe6839e66d1 --> testing issues Upstream job id: Generic-DPDK-Compile-Meson#445273 Test environment and result as below: +------------------------------+--------------------+ | Environment | dpdk_meson_compile | +==============================+====================+ | Ubuntu 20.04 | PASS | +------------------------------+--------------------+ | Red Hat Enterprise Linux 9.5 | PASS | +------------------------------+--------------------+ | Fedora Linux 42 | PASS | +------------------------------+--------------------+ | CentOS Stream 9 | PASS | +------------------------------+--------------------+ | Ubuntu 24.04 | PASS | +------------------------------+--------------------+ | CentOS Stream 10 | PASS | +------------------------------+--------------------+ | Debian GNU/Linux 12 | PASS | +------------------------------+--------------------+ | Ubuntu 22.04 | PASS | +------------------------------+--------------------+ Ubuntu 20.04 Kernel: 5.15 Compiler: aarch64-linux-gnu-gcc gcc (Ubuntu 9.4.0-1ubuntu1~20.04.2) 9.4.0 Red Hat Enterprise Linux 9.5 Kernel: 5.4 Compiler: gcc gcc (GCC) 11.5.0 20240719 (Red Hat 11.5.0-2) Fedora Linux 42 Kernel: 5.4 Compiler: gcc gcc (GCC) 15.2.1 20250808 (Red Hat 15.2.1-1) CentOS Stream 9 Kernel: 5.4 Compiler: gcc gcc (GCC) 11.5.0 20240719 (Red Hat 11.5.0-11) Ubuntu 24.04 Kernel: 5.4 Compiler: gcc gcc (Ubuntu 13.3.0-6ubuntu2~24.04) 13.3.0 CentOS Stream 10 Kernel: 5.4 Compiler: gcc gcc (GCC) 14.2.1 20250110 (Red Hat 14.2.1-8) Debian GNU/Linux 12 Kernel: 5.4 Compiler: gcc gcc (Debian 12.2.0-14+deb12u1) 12.2.0 Ubuntu 22.04 Kernel: 5.4 Compiler: gcc gcc (Ubuntu 11.4.0-1ubuntu1~22.04) 11.4.0 To view detailed results, visit: https://lab.dpdk.org/results/dashboard/tarballs/35625/ UNH-IOL DPDK Community Lab To manage your email subscriptions, visit: https://lab.dpdk.org/results/dashboard/preferences/subscriptions/