From mboxrd@z Thu Jan 1 00:00:00 1970 Return-Path: Received: from mails.dpdk.org (mails.dpdk.org [217.70.189.124]) by inbox.dpdk.org (Postfix) with ESMTP id 98F9D48B30 for ; Mon, 17 Nov 2025 11:10:02 +0100 (CET) Received: from mails.dpdk.org (localhost [127.0.0.1]) by mails.dpdk.org (Postfix) with ESMTP id 927614026A; Mon, 17 Nov 2025 11:10:02 +0100 (CET) Received: from mail-io1-f97.google.com (mail-io1-f97.google.com [209.85.166.97]) by mails.dpdk.org (Postfix) with ESMTP id 6C8534026A for ; Mon, 17 Nov 2025 11:10:01 +0100 (CET) Received: by mail-io1-f97.google.com with SMTP id ca18e2360f4ac-9490a482b7bso33526639f.1 for ; Mon, 17 Nov 2025 02:10:01 -0800 (PST) DKIM-Signature: v=1; a=rsa-sha256; c=relaxed/relaxed; d=iol.unh.edu; s=unh-iol; t=1763374201; x=1763979001; darn=dpdk.org; h=references:in-reply-to:cc:to:from:subject:message-id:date:from:to :cc:subject:date:message-id:reply-to; bh=Jq0SwytTpLSr8g2gxjt07wX/mhXByObEZnp+NH7iJnM=; b=iltwitO0ZNMFOER9RK8BFCDREd+Db0X2+h97jrLUxHJ56JnZnJwawfLkquCZ262UMI 3RyyP6N/h45KPQhOhJXTUaUb77zCko815XuE5sZYSFwiQrMZhGrs+ulhEk20JFaMopK6 rr/YVCdhUpZOSjuK2G0PLPWY6HRwLMy3FTF1c= X-Google-DKIM-Signature: v=1; a=rsa-sha256; c=relaxed/relaxed; d=1e100.net; s=20230601; t=1763374201; x=1763979001; h=references:in-reply-to:cc:to:from:subject:message-id:date:x-gm-gg :x-gm-message-state:from:to:cc:subject:date:message-id:reply-to; bh=Jq0SwytTpLSr8g2gxjt07wX/mhXByObEZnp+NH7iJnM=; b=R7Xn8ZT6Fl+DfVvEpt6arIcEH96wU2sw+ku8K6n+O9YQVHHajY+4xG9QAt4o4hfFc4 FVY/+VokNobDaGd9zbdPfMiP1o/0EZRdRBvB6tKvQVXAWYVj2xuLOgrNtH9ZWQmQP+w5 wPDWZtof/oRiKMeYtnhgz0Y7XSQEMenUYu+4SomozduDGtDVleYWhnhlnSibaWo3/8f2 aBzNSY5RXS1bs+ALlfhi6AUuoDF4XVfKnFXwm83vTjRRGXppR+MsmNHSHXMeNMiO2Tn5 K7CAZ+fMk02XsLnBy78PxkcJda32DbX3gwIyQHem4SiR4nLkeNXJZEgDSP+K74GGBMd8 nSDA== X-Gm-Message-State: AOJu0YwSnWxYxZaPMxLhRYMh1SAMXP4RhlHt30gj5Zk6mqCqepYw4q0i p6FHHsdqK5vGLBahLAh9poQHJopKejF9LAYpQAipYScMywBiQDfIUGptXihW+QT2pl4lsE7rnZT 4UkVI90wBHQAzBaH8sDC80Dfpj6Ojocj6MiRQms/r3gef X-Gm-Gg: ASbGncukT51Wcp7GBGzBX8r/cGZQJuDwutXMhE+T5Z7r7WuE0+Bko7jB8+ghiycy1ib wnaDljujNAE/bEh462gq2cd6c/fAN6VEPKHK0OyMjbuFAbKpIRe+MCau86PZ8UZvumZ6/eEpRVG KhIxHbteaJbX6B5uZJ1hpuT8KNvdn++7P3l0fi387ZUNz3xiWmz20m/EA6ZMVFxerjljA9LsKGn HOp9S1Q4rvjpfgoXQZRcYSrjzfpmyDWrr0I2EJpi9seXWheC0ivQmKPqSJK4jjLSsAPmZn4Byte jmU8C+ke8ZOcnrkguJ5Ta/iqC1R6w9SJInjNfrkzZ6JHsrh1UOBIvP+uER/8mAkTVnsHltS5FUX zc44frUKG6prsPcggCVUSy2gKvs3Dj8g= X-Google-Smtp-Source: AGHT+IEqWg99IF4rjTKUeWwS+xOBLU2pAE/33KuTTgvdFadB5+lG0QD5FrDIqFD/bxGy7ZiUcx0voPIWASBU X-Received: by 2002:a02:cd90:0:b0:5b7:bb99:921a with SMTP id 8926c6da1cb9f-5b7c9a44843mr5696946173.0.1763374200725; Mon, 17 Nov 2025 02:10:00 -0800 (PST) Received: from postal.iol.unh.edu (postal.iol.unh.edu. [132.177.123.84]) by smtp-relay.gmail.com with ESMTPS id 8926c6da1cb9f-5b7bd3356a5sm861061173.31.2025.11.17.02.10.00 (version=TLS1_2 cipher=ECDHE-ECDSA-AES128-GCM-SHA256 bits=128/128); Mon, 17 Nov 2025 02:10:00 -0800 (PST) X-Relaying-Domain: iol.unh.edu Date: Mon, 17 Nov 2025 02:10:00 -0800 (PST) Message-ID: <691af478.050a0220.21cff4.a655SMTPIN_ADDED_MISSING@mx.google.com> Received: from [172.21.0.11] (unknown [172.18.0.240]) by postal.iol.unh.edu (Postfix) with ESMTP id 6D0796051830; Mon, 17 Nov 2025 05:09:59 -0500 (EST) Subject: |FAILURE| pw158844-158845 [PATCH] [2/2] net/mlx5: use private struct From: dpdklab@iol.unh.edu To: Test Report Cc: dpdk-test-reports@iol.unh.edu, Bing Zhao In-Reply-To: <20251117041537.8161-1-bingz@nvidia.com> References: <20251117041537.8161-1-bingz@nvidia.com> Content-Type: text/plain X-BeenThere: test-report@dpdk.org X-Mailman-Version: 2.1.29 Precedence: list List-Id: automatic DPDK test reports List-Unsubscribe: , List-Archive: List-Post: List-Help: List-Subscribe: , Errors-To: test-report-bounces@dpdk.org Test-Label: iol-compile-arm64-testing Test-Status: FAILURE http://dpdk.org/patch/158845 _Testing issues_ Submitter: Bing Zhao Date: Monday, November 17 2025 04:15:37 DPDK git baseline: Repo:dpdk-next-net-mlx Branch: master CommitID:a3f565c41c73db0f965d62c72627980235d4d7e8 158844-158845 --> testing issues Upstream job id: Generic-DPDK-Compile-Meson#445311 Test environment and result as below: +------------------------------+--------------------+ | Environment | dpdk_meson_compile | +==============================+====================+ | Ubuntu 20.04 | PASS | +------------------------------+--------------------+ | Red Hat Enterprise Linux 9.5 | FAIL | +------------------------------+--------------------+ | Debian GNU/Linux 12 | FAIL | +------------------------------+--------------------+ | Fedora Linux 42 | FAIL | +------------------------------+--------------------+ | Ubuntu 22.04 | FAIL | +------------------------------+--------------------+ | CentOS Stream 9 | FAIL | +------------------------------+--------------------+ | Ubuntu 24.04 | FAIL | +------------------------------+--------------------+ | CentOS Stream 10 | FAIL | +------------------------------+--------------------+ ==== 20 line log output for CentOS Stream 10 (dpdk_meson_compile): ==== [2189/3847] Compiling C object drivers/libtmp_rte_net_mlx5.a.p/net_mlx5_mlx5_stats.c.o [2190/3847] Compiling C object drivers/libtmp_rte_net_mlx5.a.p/net_mlx5_mlx5_trace.c.o [2191/3847] Compiling C object drivers/libtmp_rte_net_mlx5.a.p/net_mlx5_mlx5_trigger.c.o [2192/3847] Compiling C object drivers/libtmp_rte_net_mlx5.a.p/net_mlx5_mlx5_tx.c.o [2193/3847] Compiling C object drivers/libtmp_rte_net_mlx5.a.p/net_mlx5_mlx5_tx_empw.c.o [2194/3847] Compiling C object drivers/libtmp_rte_net_mlx5.a.p/net_mlx5_mlx5_tx_mpw.c.o [2195/3847] Compiling C object drivers/libtmp_rte_net_mlx5.a.p/net_mlx5_mlx5_tx_nompw.c.o [2196/3847] Compiling C object drivers/libtmp_rte_net_mlx5.a.p/net_mlx5_mlx5_tx_txpp.c.o [2197/3847] Compiling C object drivers/libtmp_rte_net_mlx5.a.p/net_mlx5_mlx5_txpp.c.o [2198/3847] Compiling C object drivers/libtmp_rte_net_mlx5.a.p/net_mlx5_mlx5_txq.c.o [2199/3847] Compiling C object drivers/libtmp_rte_net_mlx5.a.p/net_mlx5_mlx5_utils.c.o [2200/3847] Compiling C object drivers/libtmp_rte_net_mlx5.a.p/net_mlx5_mlx5_vlan.c.o [2201/3847] Compiling C object drivers/libtmp_rte_net_mlx5.a.p/net_mlx5_mlx5_flow_hw.c.o FAILED: drivers/libtmp_rte_net_mlx5.a.p/net_mlx5_mlx5_flow_hw.c.o ccache cc -Idrivers/libtmp_rte_net_mlx5.a.p -Idrivers -I../drivers -Idrivers/net/mlx5 -I../drivers/net/mlx5 -Idrivers/net/mlx5/linux -I../drivers/net/mlx5/linux -Idrivers/net/mlx5/hws -I../drivers/net/mlx5/hws -Ilib/ethdev -I../lib/ethdev -Ilib/eal/common -I../lib/eal/common -I. -I.. -Iconfig -I../config -Ilib/eal/include -I../lib/eal/include -Ilib/eal/linux/include -I../lib/eal/linux/include -Ilib/eal/arm/include -I../lib/eal/arm/include -I../kernel/linux -Ilib/eal -I../lib/eal -Ilib/kvargs -I../lib/kvargs -Ilib/log -I../lib/log -Ilib/metrics -I../lib/metrics -Ilib/telemetry -I../lib/telemetry -Ilib/argparse -I../lib/argparse -Ilib/net -I../lib/net -Ilib/mbuf -I../lib/mbuf -Ilib/mempool -I../lib/mempool -Ilib/ring -I../lib/ring -Ilib/meter -I../lib/meter -Idrivers/bus/pci -I../drivers/bus/pci -I../drivers/bus/pci/linux -Ilib/pci -I../lib/pci -Idrivers/bus/vdev -I../drivers/bus/vdev -Ilib/hash -I../lib/hash -Ilib/rcu -I../lib/rcu -Idrivers/common/mlx5 -I../drivers/common/mlx5 -Idrive rs/common/mlx5/linux -I../drivers/common/mlx5/linux -Idrivers/bus/auxiliary -I../drivers/bus/auxiliary -fdiagnostics-color=always -pipe -D_FILE_OFFSET_BITS=64 -Wall -Winvalid-pch -Wextra -Werror -std=c11 -O3 -include rte_config.h -Wvla -Wcast-qual -Wdeprecated -Wformat -Wformat-nonliteral -Wformat-security -Wmissing-declarations -Wmissing-prototypes -Wnested-externs -Wold-style-definition -Wpointer-arith -Wsign-compare -Wstrict-prototypes -Wundef -Wwrite-strings -Wno-packed-not-aligned -Wno-missing-field-initializers -D_GNU_SOURCE -fPIC -march=armv8.1-a+crc+crypto -DALLOW_EXPERIMENTAL_API -DALLOW_INTERNAL_API -Wno-format-truncation -Wno-address-of-packed-member -std=c11 -Wno-strict-prototypes -D_BSD_SOURCE -D_DEFAULT_SOURCE -D_XOPEN_SOURCE=600 -UPEDANTIC -Wno-vla -DRTE_LOG_DEFAULT_LOGTYPE=pmd.net.mlx5 -MD -MQ drivers/libtmp_rte_net_mlx5.a.p/net_mlx5_mlx5_flow_hw.c.o -MF drivers/libtmp_rte_net_mlx5.a.p/net_mlx5_mlx5_flow_hw.c.o.d -o drivers/libtmp_rte_net_mlx5.a.p/net_mlx5_mlx5_flow_ hw.c.o -c ../drivers/net/mlx5/mlx5_flow_hw.c ../drivers/net/mlx5/mlx5_flow_hw.c: In function 'flow_hw_get_rule_items': ../drivers/net/mlx5/mlx5_flow_hw.c:3873:35: error: assignment to expression with array type 3873 | pp->mlx5_tag_spec = (struct mlx5_rte_flow_item_tag) { | ^ ninja: build stopped: subcommand failed. ==== End log output ==== Ubuntu 20.04 Kernel: 5.15 Compiler: aarch64-linux-gnu-gcc gcc (Ubuntu 9.4.0-1ubuntu1~20.04.2) 9.4.0 Red Hat Enterprise Linux 9.5 Kernel: 5.4 Compiler: gcc gcc (GCC) 11.5.0 20240719 (Red Hat 11.5.0-2) Debian GNU/Linux 12 Kernel: 5.4 Compiler: gcc gcc (Debian 12.2.0-14+deb12u1) 12.2.0 Fedora Linux 42 Kernel: 5.4 Compiler: gcc gcc (GCC) 15.2.1 20250808 (Red Hat 15.2.1-1) Ubuntu 22.04 Kernel: 5.4 Compiler: gcc gcc (Ubuntu 11.4.0-1ubuntu1~22.04) 11.4.0 CentOS Stream 9 Kernel: 5.4 Compiler: gcc gcc (GCC) 11.5.0 20240719 (Red Hat 11.5.0-11) Ubuntu 24.04 Kernel: 5.4 Compiler: gcc gcc (Ubuntu 13.3.0-6ubuntu2~24.04) 13.3.0 CentOS Stream 10 Kernel: 5.4 Compiler: gcc gcc (GCC) 14.2.1 20250110 (Red Hat 14.2.1-8) To view detailed results, visit: https://lab.dpdk.org/results/dashboard/patchsets/34615/ UNH-IOL DPDK Community Lab To manage your email subscriptions, visit: https://lab.dpdk.org/results/dashboard/preferences/subscriptions/