From mboxrd@z Thu Jan 1 00:00:00 1970 Return-Path: Received: from mails.dpdk.org (mails.dpdk.org [217.70.189.124]) by inbox.dpdk.org (Postfix) with ESMTP id DF4CA48B32 for ; Mon, 17 Nov 2025 15:41:48 +0100 (CET) Received: from mails.dpdk.org (localhost [127.0.0.1]) by mails.dpdk.org (Postfix) with ESMTP id C33AF4025A; Mon, 17 Nov 2025 15:41:48 +0100 (CET) Received: from mail-pf1-f225.google.com (mail-pf1-f225.google.com [209.85.210.225]) by mails.dpdk.org (Postfix) with ESMTP id 9B1114025A for ; Mon, 17 Nov 2025 15:41:47 +0100 (CET) Received: by mail-pf1-f225.google.com with SMTP id d2e1a72fcca58-7baf61be569so2713570b3a.3 for ; Mon, 17 Nov 2025 06:41:47 -0800 (PST) DKIM-Signature: v=1; a=rsa-sha256; c=relaxed/relaxed; d=iol.unh.edu; s=unh-iol; t=1763390506; x=1763995306; darn=dpdk.org; h=references:in-reply-to:cc:to:from:subject:message-id:date:from:to :cc:subject:date:message-id:reply-to; bh=LLh9diH0vVRbmNGFvu38Zc3vGdeO6NfJTR3176KPC4M=; b=jtwMrRm90SmcxWwKyHU37cFGTdJ7Kdy66sF7w/jfa1kK84sBb4Fe/s6cE5Pb17WNCI saF6jswHYkJXiU1ZzjkcScUxEEBxO78yO4+22aUtuHoxYQ9RBhlLRhc7beCB0lG+wIsJ qRgyReG4vMeYF5J9ZnchoTRAC0ulu83uOQw5U= X-Google-DKIM-Signature: v=1; a=rsa-sha256; c=relaxed/relaxed; d=1e100.net; s=20230601; t=1763390506; x=1763995306; h=references:in-reply-to:cc:to:from:subject:message-id:date:x-gm-gg :x-gm-message-state:from:to:cc:subject:date:message-id:reply-to; bh=LLh9diH0vVRbmNGFvu38Zc3vGdeO6NfJTR3176KPC4M=; b=bHSN+AW42bS3dPf6134iKmpcp1ykRrOy8xBDPY2t6l6zoBRSxTk3V0wZMh12rt9XHI p46Z0MChfO1vyStJZkWSgUt1Yc4kFNZ7CO/UWPkhL3wN18udiG3hKV+nr2Xn1BMkeRst NNWwie0FfRBJBkxsizuKAODqkYtCS3vWizO8aAWhm5Ul4UUqRsBh8HDHUA9ZlzJrmRO1 q0zy1p+osSQxBYYDQxL8/HnSRhHrb0yjcWsuK+IVGv66bFoq/3IGZWkq2dHEIL+aizmN pWedDGIgXrsFZDkqrDNSmXUPV/0HRlGIEEg9dkjtw+Pn/v4a8SZNNDb7G1yxoLXyyKZb WOtQ== X-Gm-Message-State: AOJu0Yz6KMcImB5Ndp4ArJv6IXVMUZasCXwENnNartXTUoHNW84mN4lf yI0opiy7H9CsTiTyeLtsxbeG47P4bF2b9v++/BoXn7YKvoUQSR7FFC9V7C6pSdhaMO4sYdb2HhQ s2a4jInZ8af9abjGcpAv0mUg5O2dY5qCo6xoZMye2llyL X-Gm-Gg: ASbGncuPN2XdCe2Ef/RJZBAzk1H1eR4JR08/evBsKmjz5mon0RipZmw+BFFYWL1Z+8u NFleiTdsjgJ3D30geqqcolttN/Zrf51J3qVBYNQ1wOrRgKIwYS32huUVVXnmfV4SNy+vRdKQvh+ 4tRnnyWV8sNSWdMIkyPkJKZhqQ6mbvbb9EKCl310ScfNvld6RqPsZckdHsRSjdfZ3H4e5VjyVux IJBMWaMh0s33zLBo2Lmz99pWpcUFbstRjmrYn+VD7qBekfqV1oUOgmUEO41UoNglN5EeOR2qW+6 fk4jg/nM5q/9aY6jimYxdHb80dAfHvexHghlB9vKn9zQWN5JJBpsy0VI7vXk7nk2RdMECxc/YsP HVbkDoMN0ds9N3Fs8tYrfNSeILfizGTI= X-Google-Smtp-Source: AGHT+IERG/ae7UHNp8IkR8CwQNHSCa1tCe6HzJO77LqUhXXxRcfkzPNRGStR8URB/yr2YYBLsGAS4ZloGO/T X-Received: by 2002:a05:7022:e04:b0:11a:e426:911a with SMTP id a92af1059eb24-11b40f8ffcemr6265289c88.15.1763390506554; Mon, 17 Nov 2025 06:41:46 -0800 (PST) Received: from postal.iol.unh.edu (postal.iol.unh.edu. [132.177.123.84]) by smtp-relay.gmail.com with ESMTPS id a92af1059eb24-11b7f9a744dsm865519c88.3.2025.11.17.06.41.46 (version=TLS1_2 cipher=ECDHE-ECDSA-AES128-GCM-SHA256 bits=128/128); Mon, 17 Nov 2025 06:41:46 -0800 (PST) X-Relaying-Domain: iol.unh.edu Date: Mon, 17 Nov 2025 06:41:46 -0800 (PST) Message-ID: <691b342a.050a0220.39ca1e.adb7SMTPIN_ADDED_MISSING@mx.google.com> Received: from [172.21.0.3] (unknown [172.18.0.240]) by postal.iol.unh.edu (Postfix) with ESMTP id 88537604D420; Mon, 17 Nov 2025 09:41:45 -0500 (EST) Subject: |FAILURE| pw158854-158855 [PATCH] [2/2] net/mlx5: fix the masked val From: dpdklab@iol.unh.edu To: Test Report Cc: dpdk-test-reports@iol.unh.edu, Stephen Hemminger , Bing Zhao In-Reply-To: <20251117080942.9750-1-bingz@nvidia.com> References: <20251117080942.9750-1-bingz@nvidia.com> Content-Type: text/plain X-BeenThere: test-report@dpdk.org X-Mailman-Version: 2.1.29 Precedence: list List-Id: automatic DPDK test reports List-Unsubscribe: , List-Archive: List-Post: List-Help: List-Subscribe: , Errors-To: test-report-bounces@dpdk.org Test-Label: iol-unit-amd64-testing Test-Status: FAILURE http://dpdk.org/patch/158855 _Testing issues_ Submitter: Bing Zhao Date: Monday, November 17 2025 08:09:42 DPDK git baseline: Repo:dpdk-next-net Branch: master CommitID:18d8a8909b8ed6b0a4bd8f99971da74ebba792e2 158854-158855 --> testing issues Upstream job id: Generic-Unit-Test-DPDK#393850 Test environment and result as below: +-------------------------------+----------------+ | Environment | dpdk_unit_test | +===============================+================+ | CentOS Stream 9 | WARN | +-------------------------------+----------------+ | Debian GNU/Linux 12 | PEND | +-------------------------------+----------------+ | CentOS Stream 10 | PEND | +-------------------------------+----------------+ | Fedora Linux 40 | PEND | +-------------------------------+----------------+ | Fedora Linux 42 | PEND | +-------------------------------+----------------+ | Fedora Linux 41 | PEND | +-------------------------------+----------------+ | Red Hat Enterprise Linux 8.10 | PEND | +-------------------------------+----------------+ | Ubuntu 20.04 | FAIL | +-------------------------------+----------------+ | Red Hat Enterprise Linux 9.5 | PEND | +-------------------------------+----------------+ | Ubuntu 24.04 | PEND | +-------------------------------+----------------+ | Ubuntu 22.04 | PEND | +-------------------------------+----------------+ | Windows Server 2022 | PASS | +-------------------------------+----------------+ ==== Unit test summary for Ubuntu 20.04 (dpdk_unit_test): ==== Failed to get the unit test results. Displaying the unit test results is not supported for some environments, such as our aarch32 testing, where meson is not used to run the tests. Download the logs available on our CI site. ==== End log output ==== CentOS Stream 9 Kernel: 5.15 Compiler: gcc gcc (GCC) 11.5.0 20240719 (Red Hat 11.5.0-11) Debian GNU/Linux 12 Kernel: 5.15 Compiler: gcc gcc (Debian 12.2.0-14+deb12u1) 12.2.0 CentOS Stream 10 Kernel: 5.15 Compiler: gcc gcc (GCC) 14.2.1 20250110 (Red Hat 14.2.1-8) Fedora Linux 40 Kernel: 5.15 Compiler: gcc gcc (GCC) 14.2.1 20240912 (Red Hat 14.2.1-3) Fedora Linux 42 Kernel: 5.15 Compiler: gcc gcc (GCC) 15.2.1 20250808 (Red Hat 15.2.1-1) Fedora Linux 41 Kernel: 5.15 Compiler: gcc gcc (GCC) 14.3.1 20250523 (Red Hat 14.3.1-1) Red Hat Enterprise Linux 8.10 Kernel: 5.15 Compiler: gcc gcc (GCC) 8.5.0 20210514 (Red Hat 8.5.0-22) Ubuntu 20.04 Kernel: 5.15 Compiler: gcc gcc (Ubuntu 9.4.0-1ubuntu1~20.04.2) 9.4.0 Red Hat Enterprise Linux 9.5 Kernel: 5.15 Compiler: gcc gcc (GCC) 11.5.0 20240719 (Red Hat 11.5.0-2) Ubuntu 24.04 Kernel: 5.15 Compiler: gcc gcc (Ubuntu 13.3.0-6ubuntu2~24.04) 13.3.0 Ubuntu 22.04 Kernel: 5.15 Compiler: gcc gcc (Ubuntu 11.4.0-1ubuntu1~22.04) 11.4.0 Windows Server 2022 Kernel: 10.0.20348.2031 Compiler: clang 15.0.7, gcc 14.1.0 (MinGW), and MSVC VS 19.39.33521 To view detailed results, visit: https://lab.dpdk.org/results/dashboard/patchsets/34624/ UNH-IOL DPDK Community Lab To manage your email subscriptions, visit: https://lab.dpdk.org/results/dashboard/preferences/subscriptions/