From mboxrd@z Thu Jan 1 00:00:00 1970 Return-Path: Received: from mails.dpdk.org (mails.dpdk.org [217.70.189.124]) by inbox.dpdk.org (Postfix) with ESMTP id 4E72B48B32 for ; Mon, 17 Nov 2025 15:45:57 +0100 (CET) Received: from mails.dpdk.org (localhost [127.0.0.1]) by mails.dpdk.org (Postfix) with ESMTP id 2B5A74025A; Mon, 17 Nov 2025 15:45:57 +0100 (CET) Received: from mail-yw1-f226.google.com (mail-yw1-f226.google.com [209.85.128.226]) by mails.dpdk.org (Postfix) with ESMTP id 08C164025A for ; Mon, 17 Nov 2025 15:45:56 +0100 (CET) Received: by mail-yw1-f226.google.com with SMTP id 00721157ae682-787f586532bso39590097b3.1 for ; Mon, 17 Nov 2025 06:45:55 -0800 (PST) DKIM-Signature: v=1; a=rsa-sha256; c=relaxed/relaxed; d=iol.unh.edu; s=unh-iol; t=1763390755; x=1763995555; darn=dpdk.org; h=references:in-reply-to:cc:to:from:subject:message-id:date:from:to :cc:subject:date:message-id:reply-to; bh=Hn6KJ4rAGkazv71/uIv0ZvD1VeNwRsg2Y+BiGExHjj8=; b=VEvgaOmT353ghR9LcP1CIHnMRW2HUAgAGdnCBDCfYk+rgDJea1iMivuTIt3fKkbU6D QbaiwSfYe5HTaOrz+ndimdmXWs+9YAJCy5ii5H3MxoLMxmkaqRkx9sOBJHF3rnsKYQ1T hosHfykz5weJ4MHxJygzgmhfaZoLALho1Vll0= X-Google-DKIM-Signature: v=1; a=rsa-sha256; c=relaxed/relaxed; d=1e100.net; s=20230601; t=1763390755; x=1763995555; h=references:in-reply-to:cc:to:from:subject:message-id:date:x-gm-gg :x-gm-message-state:from:to:cc:subject:date:message-id:reply-to; bh=Hn6KJ4rAGkazv71/uIv0ZvD1VeNwRsg2Y+BiGExHjj8=; b=I6qLfx4iziRASWKAsrdN9gq7O5Vuds+Yr2+3laRDkjYbrQZSx/6cQA6h5p8IKOrqpD jYL2Wokp7stkNz5hNUmLQ02q25rNmYKUM6yz2XR2wNr9pkn1Xd+duOkDMLsVCrTZ/zPU pd++N303ebINGiPS5xtDxe3l3a9SQk+qOBnoykbh4kgXaCQiBtqWaCFQCSPRICkeisbG iFwc1yH0QrYedYkgb/4lXLmZKTahHjxPKeFx1tdNBqsz1RJZ+U0zVD5UKs3UyPUJ4mnw NoXwzJ9Z9ZWnH9ZTDb/TR5dg2jBwerBMUoXZcIGzgJXR2gHckf976ZpzH6xfPJQKtLks RsQA== X-Gm-Message-State: AOJu0Yw3inFEsOhfzs2DOmtJCW/5yODCJpIai1QEGaq/extVhENsHR47 225upjkTCRtLL5uwgB9hib8oKsgQya0e0OvfoAXkN7ftWDmxANWbTLuZySB2QfLI0QmkzOENuQZ Fn3+UUklMaRUY5BlnfhiYoDPW+Sesa403zAaWKd5OlfJY X-Gm-Gg: ASbGncuT7X5reQ7ilq0IUvLal17xJx361hzwoZNOE2iloSm4piXuaOdpk1ReXvJaDwh Qq4zsmBxQsdqpUxnvaPvR2Y5Fp7fFV+EhjOT/FkLDs0OzwuxXb/Plq+BGYt94JeWkk8Wgfgbc0Y XIWuyXT6Mek5HXEnsla/rKaqPplo8g+dyAhWAhcd94L7pywGm/ovXSSGtDcuY7JTqjNFLa8BkaC iek0oMoXoaBazW6nuLcd90E9MoIs8XX2ruRyFZFmgmJa54s8POL1Cq+EJSb2pWRe1QTYMGXGpYS OJ10HQku9FRx0XjLzSbeCe9k1TFTjnCh4hGTzb+xOSB6phyC37xoVE3pFxgYuVkfG0EBoz/+D76 JI5m2ypySpjbucQ8AMhPt0IFTOXhR+9U= X-Google-Smtp-Source: AGHT+IHq4BWDoc1Ub0D6bSgrLEWxFtd/8TI3YkOeEblEb87vmOuAi/qKe+ClAFYPPV4jdA4GqvUDlI5VLVkf X-Received: by 2002:a05:690c:2503:b0:789:2e24:b76e with SMTP id 00721157ae682-7892e24bc82mr103129547b3.0.1763390755213; Mon, 17 Nov 2025 06:45:55 -0800 (PST) Received: from postal.iol.unh.edu (postal.iol.unh.edu. [132.177.123.84]) by smtp-relay.gmail.com with ESMTPS id 00721157ae682-789509a30fbsm1761157b3.22.2025.11.17.06.45.55 (version=TLS1_2 cipher=ECDHE-ECDSA-AES128-GCM-SHA256 bits=128/128); Mon, 17 Nov 2025 06:45:55 -0800 (PST) X-Relaying-Domain: iol.unh.edu Date: Mon, 17 Nov 2025 06:45:55 -0800 (PST) Message-ID: <691b3523.050a0220.9c226.8926SMTPIN_ADDED_MISSING@mx.google.com> Received: from [172.21.0.4] (unknown [172.18.0.240]) by postal.iol.unh.edu (Postfix) with ESMTP id DD1F1604D420; Mon, 17 Nov 2025 09:45:54 -0500 (EST) Subject: |FAILURE| pw158854-158855 [PATCH] [2/2] net/mlx5: fix the masked val From: dpdklab@iol.unh.edu To: Test Report Cc: dpdk-test-reports@iol.unh.edu, Stephen Hemminger , Bing Zhao In-Reply-To: <20251117080942.9750-1-bingz@nvidia.com> References: <20251117080942.9750-1-bingz@nvidia.com> Content-Type: text/plain X-BeenThere: test-report@dpdk.org X-Mailman-Version: 2.1.29 Precedence: list List-Id: automatic DPDK test reports List-Unsubscribe: , List-Archive: List-Post: List-Help: List-Subscribe: , Errors-To: test-report-bounces@dpdk.org Test-Label: iol-unit-amd64-testing Test-Status: FAILURE http://dpdk.org/patch/158855 _Testing issues_ Submitter: Bing Zhao Date: Monday, November 17 2025 08:09:42 DPDK git baseline: Repo:dpdk-next-net Branch: master CommitID:18d8a8909b8ed6b0a4bd8f99971da74ebba792e2 158854-158855 --> testing issues Upstream job id: Generic-Unit-Test-DPDK#393854 Test environment and result as below: +-------------------------------+----------------+ | Environment | dpdk_unit_test | +===============================+================+ | CentOS Stream 9 | WARN | +-------------------------------+----------------+ | Debian GNU/Linux 12 | WARN | +-------------------------------+----------------+ | CentOS Stream 10 | PEND | +-------------------------------+----------------+ | Fedora Linux 40 | PEND | +-------------------------------+----------------+ | Fedora Linux 42 | PEND | +-------------------------------+----------------+ | Fedora Linux 41 | PEND | +-------------------------------+----------------+ | Red Hat Enterprise Linux 8.10 | PEND | +-------------------------------+----------------+ | Ubuntu 20.04 | FAIL | +-------------------------------+----------------+ | Red Hat Enterprise Linux 9.5 | PEND | +-------------------------------+----------------+ | Ubuntu 24.04 | PEND | +-------------------------------+----------------+ | Ubuntu 22.04 | PEND | +-------------------------------+----------------+ | Windows Server 2022 | PASS | +-------------------------------+----------------+ ==== Unit test summary for Ubuntu 20.04 (dpdk_unit_test): ==== Failed to get the unit test results. Displaying the unit test results is not supported for some environments, such as our aarch32 testing, where meson is not used to run the tests. Download the logs available on our CI site. ==== End log output ==== CentOS Stream 9 Kernel: 5.15 Compiler: gcc gcc (GCC) 11.5.0 20240719 (Red Hat 11.5.0-11) Debian GNU/Linux 12 Kernel: 5.15 Compiler: gcc gcc (Debian 12.2.0-14+deb12u1) 12.2.0 CentOS Stream 10 Kernel: 5.15 Compiler: gcc gcc (GCC) 14.2.1 20250110 (Red Hat 14.2.1-8) Fedora Linux 40 Kernel: 5.15 Compiler: gcc gcc (GCC) 14.2.1 20240912 (Red Hat 14.2.1-3) Fedora Linux 42 Kernel: 5.15 Compiler: gcc gcc (GCC) 15.2.1 20250808 (Red Hat 15.2.1-1) Fedora Linux 41 Kernel: 5.15 Compiler: gcc gcc (GCC) 14.3.1 20250523 (Red Hat 14.3.1-1) Red Hat Enterprise Linux 8.10 Kernel: 5.15 Compiler: gcc gcc (GCC) 8.5.0 20210514 (Red Hat 8.5.0-22) Ubuntu 20.04 Kernel: 5.15 Compiler: gcc gcc (Ubuntu 9.4.0-1ubuntu1~20.04.2) 9.4.0 Red Hat Enterprise Linux 9.5 Kernel: 5.15 Compiler: gcc gcc (GCC) 11.5.0 20240719 (Red Hat 11.5.0-2) Ubuntu 24.04 Kernel: 5.15 Compiler: gcc gcc (Ubuntu 13.3.0-6ubuntu2~24.04) 13.3.0 Ubuntu 22.04 Kernel: 5.15 Compiler: gcc gcc (Ubuntu 11.4.0-1ubuntu1~22.04) 11.4.0 Windows Server 2022 Kernel: 10.0.20348.2031 Compiler: clang 15.0.7, gcc 14.1.0 (MinGW), and MSVC VS 19.39.33521 To view detailed results, visit: https://lab.dpdk.org/results/dashboard/patchsets/34624/ UNH-IOL DPDK Community Lab To manage your email subscriptions, visit: https://lab.dpdk.org/results/dashboard/preferences/subscriptions/