automatic DPDK test reports
 help / color / mirror / Atom feed
From: dpdklab@iol.unh.edu
To: Test Report <test-report@dpdk.org>
Cc: dpdk-test-reports@iol.unh.edu, Yang Xu <xu.yang3@zte.com.cn>
Subject: |FAILURE| pw158859 [PATCH] [v2,1/1] net/mlx5: fix set port down if d
Date: Mon, 17 Nov 2025 06:46:11 -0800 (PST)	[thread overview]
Message-ID: <691b3533.050a0220.f5b2a.7c04SMTPIN_ADDED_MISSING@mx.google.com> (raw)
In-Reply-To: <20251117091201.2261526-1-xu.yang3@zte.com.cn>

Test-Label: iol-compile-amd64-testing
Test-Status: FAILURE
http://dpdk.org/patch/158859

_Testing issues_

Submitter: Yang Xu <xu.yang3@zte.com.cn>
Date: Monday, November 17 2025 09:12:01 
DPDK git baseline: Repo:dpdk-next-net-mlx
  Branch: master
  CommitID:6c8ab18883d4a51ac512a969d36b47272a63b61b

158859 --> testing issues

Upstream job id: Generic-DPDK-Compile-Meson#445623

Test environment and result as below:

+---------------------+--------------------+
|     Environment     | dpdk_meson_compile |
+=====================+====================+
| FreeBSD 14.2        | PASS               |
+---------------------+--------------------+
| Ubuntu 20.04        | FAIL               |
+---------------------+--------------------+
| CentOS Stream 9     | FAIL               |
+---------------------+--------------------+
| CentOS Stream 10    | PEND               |
+---------------------+--------------------+
| Debian GNU/Linux 12 | PEND               |
+---------------------+--------------------+

==== 20 line log output for CentOS Stream 9 (dpdk_meson_compile): ====
[803/3642] Compiling C object drivers/libtmp_rte_net_mlx5.a.p/net_mlx5_mlx5_txq.c.o
[804/3642] Compiling C object drivers/libtmp_rte_net_mlx5.a.p/net_mlx5_mlx5_utils.c.o
[805/3642] Compiling C object drivers/libtmp_rte_net_mlx5.a.p/net_mlx5_mlx5_vlan.c.o
[806/3642] Compiling C object drivers/libtmp_rte_net_mlx5.a.p/net_mlx5_mlx5_flow_hw.c.o
[807/3642] Compiling C object drivers/libtmp_rte_net_mlx5.a.p/net_mlx5_mlx5_flow_quota.c.o
[808/3642] Compiling C object drivers/libtmp_rte_net_mlx5.a.p/net_mlx5_mlx5_flow_verbs.c.o
[809/3642] Compiling C object drivers/libtmp_rte_net_mlx5.a.p/net_mlx5_mlx5_hws_cnt.c.o
[810/3642] Compiling C object drivers/libtmp_rte_net_mlx5.a.p/net_mlx5_mlx5_nta_split.c.o
[811/3642] Compiling C object drivers/libtmp_rte_net_mlx5.a.p/net_mlx5_mlx5_nta_sample.c.o
[812/3642] Compiling C object drivers/libtmp_rte_net_mlx5.a.p/net_mlx5_mlx5_rxtx_vec.c.o
[813/3642] Compiling C object drivers/libtmp_rte_net_mlx5.a.p/net_mlx5_linux_mlx5_socket.c.o
[814/3642] Compiling C object drivers/libtmp_rte_net_mlx5.a.p/net_mlx5_linux_mlx5_os.c.o
[815/3642] Compiling C object drivers/libtmp_rte_net_mlx5.a.p/net_mlx5_linux_mlx5_ethdev_os.c.o
FAILED: [code=1] drivers/libtmp_rte_net_mlx5.a.p/net_mlx5_linux_mlx5_ethdev_os.c.o
ccache cc -Idrivers/libtmp_rte_net_mlx5.a.p -Idrivers -I../drivers -Idrivers/net/mlx5 -I../drivers/net/mlx5 -Idrivers/net/mlx5/linux -I../drivers/net/mlx5/linux -Idrivers/net/mlx5/hws -I../drivers/net/mlx5/hws -Ilib/ethdev -I../lib/ethdev -Ilib/eal/common -I../lib/eal/common -I. -I.. -Iconfig -I../config -Ilib/eal/include -I../lib/eal/include -Ilib/eal/linux/include -I../lib/eal/linux/include -Ilib/eal/x86/include -I../lib/eal/x86/include -I../kernel/linux -Ilib/eal -I../lib/eal -Ilib/kvargs -I../lib/kvargs -Ilib/log -I../lib/log -Ilib/metrics -I../lib/metrics -Ilib/telemetry -I../lib/telemetry -Ilib/argparse -I../lib/argparse -Ilib/net -I../lib/net -Ilib/mbuf -I../lib/mbuf -Ilib/mempool -I../lib/mempool -Ilib/ring -I../lib/ring -Ilib/meter -I../lib/meter -Idrivers/bus/pci -I../drivers/bus/pci -I../drivers/bus/pci/linux -Ilib/pci -I../lib/pci -Idrivers/bus/vdev -I../drivers/bus/vdev -Ilib/hash -I../lib/hash -Ilib/rcu -I../lib/rcu -Idrivers/common/mlx5 -I../drivers/common/mlx5 -Idrive
 rs/common/mlx5/linux -I../drivers/common/mlx5/linux -Idrivers/bus/auxiliary -I../drivers/bus/auxiliary -fdiagnostics-color=always -pipe -D_FILE_OFFSET_BITS=64 -Wall -Winvalid-pch -Wextra -Werror -std=c11 -O3 -include rte_config.h -Wvla -Wcast-qual -Wdeprecated -Wformat -Wformat-nonliteral -Wformat-security -Wmissing-declarations -Wmissing-prototypes -Wnested-externs -Wold-style-definition -Wpointer-arith -Wsign-compare -Wstrict-prototypes -Wundef -Wwrite-strings -Wno-packed-not-aligned -Wno-missing-field-initializers -D_GNU_SOURCE -fPIC -march=native -mrtm -DALLOW_EXPERIMENTAL_API -DALLOW_INTERNAL_API -Wno-format-truncation -Wno-address-of-packed-member -std=c11 -Wno-strict-prototypes -D_BSD_SOURCE -D_DEFAULT_SOURCE -D_XOPEN_SOURCE=600 -UPEDANTIC -Wno-vla -DRTE_LOG_DEFAULT_LOGTYPE=pmd.net.mlx5 -MD -MQ drivers/libtmp_rte_net_mlx5.a.p/net_mlx5_linux_mlx5_ethdev_os.c.o -MF drivers/libtmp_rte_net_mlx5.a.p/net_mlx5_linux_mlx5_ethdev_os.c.o.d -o drivers/libtmp_rte_net_mlx5.a.p/net_mlx5_li
 nux_mlx5_ethdev_os.c.o -c ../drivers/net/mlx5/linux/mlx5_ethdev_os.c
../drivers/net/mlx5/linux/mlx5_ethdev_os.c: In function 'mlx5_link_update':
../drivers/net/mlx5/linux/mlx5_ethdev_os.c:536:47: error: expected expression before '{' token
536 |                         dev->data->dev_link = {0};
|                                               ^
ninja: build stopped: subcommand failed.
==== End log output ====

FreeBSD 14.2
	Kernel: 14.2-RELEASE
	Compiler: clang 18.1.6

Ubuntu 20.04
	Kernel: 4.19
	Compiler: gcc gcc (Ubuntu 9.4.0-1ubuntu1~20.04.2) 9.4.0

CentOS Stream 9
	Kernel: 5.15
	Compiler: gcc gcc (GCC) 11.5.0 20240719 (Red Hat 11.5.0-11)

CentOS Stream 10
	Kernel: 5.15
	Compiler: gcc gcc (GCC) 14.2.1 20250110 (Red Hat 14.2.1-8)

Debian GNU/Linux 12
	Kernel: 5.15
	Compiler: gcc gcc (Debian 12.2.0-14+deb12u1) 12.2.0

To view detailed results, visit:
https://lab.dpdk.org/results/dashboard/patchsets/34627/

UNH-IOL DPDK Community Lab

To manage your email subscriptions, visit: 
https://lab.dpdk.org/results/dashboard/preferences/subscriptions/

  parent reply	other threads:[~2025-11-17 14:46 UTC|newest]

Thread overview: 40+ messages / expand[flat|nested]  mbox.gz  Atom feed  top
     [not found] <20251117091201.2261526-1-xu.yang3@zte.com.cn>
2025-11-17  8:41 ` |SUCCESS| pw158859 [PATCH v2 1/1] net/mlx5: fix set port down if detect anomaly qemudev
2025-11-17  8:46 ` qemudev
2025-11-17  9:13 ` |WARNING| " checkpatch
2025-11-17  9:44 ` |FAILURE| " 0-day Robot
2025-11-17 13:24 ` |SUCCESS| pw158859 [PATCH] [v2,1/1] net/mlx5: fix set port down if d dpdklab
2025-11-17 13:28 ` |FAILURE| " dpdklab
2025-11-17 13:30 ` dpdklab
2025-11-17 13:48 ` |PENDING| " dpdklab
2025-11-17 14:46 ` dpdklab [this message]
2025-11-17 14:50 ` |FAILURE| " dpdklab
2025-11-17 14:54 ` dpdklab
2025-11-17 14:56 ` dpdklab
2025-11-17 15:00 ` dpdklab
2025-11-17 15:00 ` |PENDING| " dpdklab
2025-11-17 15:04 ` |FAILURE| " dpdklab
2025-11-17 15:04 ` dpdklab
2025-11-17 15:05 ` dpdklab
2025-11-17 15:05 ` dpdklab
2025-11-17 15:10 ` dpdklab
2025-11-17 15:41 ` |PENDING| " dpdklab
2025-11-17 15:43 ` |FAILURE| " dpdklab
2025-11-17 15:49 ` dpdklab
2025-11-17 15:49 ` |WARNING| " dpdklab
2025-11-17 16:12 ` |FAILURE| " dpdklab
2025-11-17 16:14 ` dpdklab
2025-11-17 16:15 ` dpdklab
2025-11-17 16:16 ` dpdklab
2025-11-17 16:16 ` dpdklab
2025-11-17 16:18 ` dpdklab
2025-11-17 16:22 ` dpdklab
2025-11-17 16:27 ` dpdklab
2025-11-17 16:27 ` dpdklab
2025-11-17 16:28 ` dpdklab
2025-11-17 16:28 ` dpdklab
2025-11-17 16:29 ` dpdklab
2025-11-17 16:30 ` dpdklab
2025-11-17 16:30 ` dpdklab
2025-11-17 16:30 ` dpdklab
2025-11-17 16:31 ` dpdklab
2025-11-17 16:35 ` dpdklab

Reply instructions:

You may reply publicly to this message via plain-text email
using any one of the following methods:

* Save the following mbox file, import it into your mail client,
  and reply-to-all from there: mbox

  Avoid top-posting and favor interleaved quoting:
  https://en.wikipedia.org/wiki/Posting_style#Interleaved_style

* Reply using the --to, --cc, and --in-reply-to
  switches of git-send-email(1):

  git send-email \
    --in-reply-to=691b3533.050a0220.f5b2a.7c04SMTPIN_ADDED_MISSING@mx.google.com \
    --to=dpdklab@iol.unh.edu \
    --cc=dpdk-test-reports@iol.unh.edu \
    --cc=test-report@dpdk.org \
    --cc=xu.yang3@zte.com.cn \
    /path/to/YOUR_REPLY

  https://kernel.org/pub/software/scm/git/docs/git-send-email.html

* If your mail client supports setting the In-Reply-To header
  via mailto: links, try the mailto: link
Be sure your reply has a Subject: header at the top and a blank line before the message body.
This is a public inbox, see mirroring instructions
for how to clone and mirror all data and code used for this inbox;
as well as URLs for NNTP newsgroup(s).