From mboxrd@z Thu Jan 1 00:00:00 1970 Return-Path: Received: from mails.dpdk.org (mails.dpdk.org [217.70.189.124]) by inbox.dpdk.org (Postfix) with ESMTP id 3EC0148B32 for ; Mon, 17 Nov 2025 15:46:13 +0100 (CET) Received: from mails.dpdk.org (localhost [127.0.0.1]) by mails.dpdk.org (Postfix) with ESMTP id 3ACD64025A; Mon, 17 Nov 2025 15:46:13 +0100 (CET) Received: from mail-oa1-f97.google.com (mail-oa1-f97.google.com [209.85.160.97]) by mails.dpdk.org (Postfix) with ESMTP id 60A4D4025A for ; Mon, 17 Nov 2025 15:46:12 +0100 (CET) Received: by mail-oa1-f97.google.com with SMTP id 586e51a60fabf-3d2ea93836bso2015397fac.3 for ; Mon, 17 Nov 2025 06:46:12 -0800 (PST) DKIM-Signature: v=1; a=rsa-sha256; c=relaxed/relaxed; d=iol.unh.edu; s=unh-iol; t=1763390771; x=1763995571; darn=dpdk.org; h=references:in-reply-to:cc:to:from:subject:message-id:date:from:to :cc:subject:date:message-id:reply-to; bh=7qTlclt2C9PlGFFzdKpP2BHFNwhq+BtPP6ze+/2BrH8=; b=SqAlBDL1JoyWiIf6iJ+Z8/JXw4Y55OjdfYsDfcLsZwA9e/9zE+GoiABS8rgtjMbSXR yfUurwzu0BZN7KGcWXkO9sQJfVnB5G53WyombwOAlngeVd7QLE1iC9WXoInP//ylBH3y DsUPwOpXIVj4rhua1NoX4YKTidNEmVQ/KEckU= X-Google-DKIM-Signature: v=1; a=rsa-sha256; c=relaxed/relaxed; d=1e100.net; s=20230601; t=1763390771; x=1763995571; h=references:in-reply-to:cc:to:from:subject:message-id:date:x-gm-gg :x-gm-message-state:from:to:cc:subject:date:message-id:reply-to; bh=7qTlclt2C9PlGFFzdKpP2BHFNwhq+BtPP6ze+/2BrH8=; b=FLygGz5xL5UAefqjSylCZrQKBsVbHuIrhaqer+PfBspy6SNGWs8n9sG/u58SrpphkL nAlm153jlsiGse02qL4rJpEsu9qG2thLHvPX9wI/cvxuQXF9qn1CiiyzeYrzm2EY80xH HLlhjq3KBI6fsO6O6/ivKJ9EVx4+IsGmyLDTaCT+bJt8QdakWMe7FCbRNTZaKon+bKuo F9wTAqJ6Qu6weUIAXk0Jd7IER831H7tuuRK+pq3T2cAOXklfupTn6ruxSXpxI8nUXBhv MJai1ze8RHJjTBj9xvuKfhT8maRXQiliCJpc2eh0xMUlItDBdBiVojcaIoEMo6VNdxlr p6Aw== X-Gm-Message-State: AOJu0YwtBDx3XRYPR6R/atPWEyo6XN1PutbqEVXIL4aJnW47Lkylllnf ac8Nv38Af2XnGAnMuqB2hotWLiZdTS+y/UsywcRyqjoLxyVwpexwAw2D2NYUrj2zQ/Tkv7H9ciO m/GTl7YvIweYSlgoB3cnJ5zXl/hGUsSy/SziGPb7guQF4 X-Gm-Gg: ASbGncsTyFE3N4m92qb9eNZikH+8RmZRtAn3lvvG6dZ9aauSiaddofcO0xLqP/sDiPE yhP8q0kLd26QH4UBO6dj6auF+9RhpB4jVtUjaSrDjjyonWQsOht7GPScCixKEsUti90T/GjgMy/ Y/Y1yivZKl3ZLm41VXJkcr8dWo1cuv2i0OqdqqMzDcRdt2K3QUjVFkqoEwG6yXf4K8eth2aDOkQ EDMMJ/UBKME8IBgAyZBHynqwsTXhIXmCyP5pBhDkC/dgETOv9PHep7zGo7wdmtffSGxvT68ryt2 XrR8IfyWRPvkEFMSUwllSodAQFyAraQRhZZeNgq/+IRi+D5r2QezHlc7NJnc9hDhWjkFYCCXLKl 3aHqQFbt6Dque4AhlRZZwP+MEbVTpEGw= X-Google-Smtp-Source: AGHT+IH3KeW9aYVqFIPiPfuR6O74a3FaSWmP9ME7P1Vtw/h6E+FEd5tn90yIjTv7Tw1kqPpOJv0bEKY7ZCER X-Received: by 2002:a05:6870:1951:b0:3e7:f174:ae1d with SMTP id 586e51a60fabf-3e868ea63cfmr5121360fac.5.1763390771568; Mon, 17 Nov 2025 06:46:11 -0800 (PST) Received: from postal.iol.unh.edu (postal.iol.unh.edu. [132.177.123.84]) by smtp-relay.gmail.com with ESMTPS id 586e51a60fabf-3ebd19aa31csm483870fac.18.2025.11.17.06.46.11 (version=TLS1_2 cipher=ECDHE-ECDSA-AES128-GCM-SHA256 bits=128/128); Mon, 17 Nov 2025 06:46:11 -0800 (PST) X-Relaying-Domain: iol.unh.edu Date: Mon, 17 Nov 2025 06:46:11 -0800 (PST) Message-ID: <691b3533.050a0220.f5b2a.7c04SMTPIN_ADDED_MISSING@mx.google.com> Received: from [172.21.0.3] (unknown [172.18.0.240]) by postal.iol.unh.edu (Postfix) with ESMTP id 1A2C8604D420; Mon, 17 Nov 2025 09:46:11 -0500 (EST) Subject: |FAILURE| pw158859 [PATCH] [v2,1/1] net/mlx5: fix set port down if d From: dpdklab@iol.unh.edu To: Test Report Cc: dpdk-test-reports@iol.unh.edu, Yang Xu In-Reply-To: <20251117091201.2261526-1-xu.yang3@zte.com.cn> References: <20251117091201.2261526-1-xu.yang3@zte.com.cn> Content-Type: text/plain X-BeenThere: test-report@dpdk.org X-Mailman-Version: 2.1.29 Precedence: list List-Id: automatic DPDK test reports List-Unsubscribe: , List-Archive: List-Post: List-Help: List-Subscribe: , Errors-To: test-report-bounces@dpdk.org Test-Label: iol-compile-amd64-testing Test-Status: FAILURE http://dpdk.org/patch/158859 _Testing issues_ Submitter: Yang Xu Date: Monday, November 17 2025 09:12:01 DPDK git baseline: Repo:dpdk-next-net-mlx Branch: master CommitID:6c8ab18883d4a51ac512a969d36b47272a63b61b 158859 --> testing issues Upstream job id: Generic-DPDK-Compile-Meson#445623 Test environment and result as below: +---------------------+--------------------+ | Environment | dpdk_meson_compile | +=====================+====================+ | FreeBSD 14.2 | PASS | +---------------------+--------------------+ | Ubuntu 20.04 | FAIL | +---------------------+--------------------+ | CentOS Stream 9 | FAIL | +---------------------+--------------------+ | CentOS Stream 10 | PEND | +---------------------+--------------------+ | Debian GNU/Linux 12 | PEND | +---------------------+--------------------+ ==== 20 line log output for CentOS Stream 9 (dpdk_meson_compile): ==== [803/3642] Compiling C object drivers/libtmp_rte_net_mlx5.a.p/net_mlx5_mlx5_txq.c.o [804/3642] Compiling C object drivers/libtmp_rte_net_mlx5.a.p/net_mlx5_mlx5_utils.c.o [805/3642] Compiling C object drivers/libtmp_rte_net_mlx5.a.p/net_mlx5_mlx5_vlan.c.o [806/3642] Compiling C object drivers/libtmp_rte_net_mlx5.a.p/net_mlx5_mlx5_flow_hw.c.o [807/3642] Compiling C object drivers/libtmp_rte_net_mlx5.a.p/net_mlx5_mlx5_flow_quota.c.o [808/3642] Compiling C object drivers/libtmp_rte_net_mlx5.a.p/net_mlx5_mlx5_flow_verbs.c.o [809/3642] Compiling C object drivers/libtmp_rte_net_mlx5.a.p/net_mlx5_mlx5_hws_cnt.c.o [810/3642] Compiling C object drivers/libtmp_rte_net_mlx5.a.p/net_mlx5_mlx5_nta_split.c.o [811/3642] Compiling C object drivers/libtmp_rte_net_mlx5.a.p/net_mlx5_mlx5_nta_sample.c.o [812/3642] Compiling C object drivers/libtmp_rte_net_mlx5.a.p/net_mlx5_mlx5_rxtx_vec.c.o [813/3642] Compiling C object drivers/libtmp_rte_net_mlx5.a.p/net_mlx5_linux_mlx5_socket.c.o [814/3642] Compiling C object drivers/libtmp_rte_net_mlx5.a.p/net_mlx5_linux_mlx5_os.c.o [815/3642] Compiling C object drivers/libtmp_rte_net_mlx5.a.p/net_mlx5_linux_mlx5_ethdev_os.c.o FAILED: [code=1] drivers/libtmp_rte_net_mlx5.a.p/net_mlx5_linux_mlx5_ethdev_os.c.o ccache cc -Idrivers/libtmp_rte_net_mlx5.a.p -Idrivers -I../drivers -Idrivers/net/mlx5 -I../drivers/net/mlx5 -Idrivers/net/mlx5/linux -I../drivers/net/mlx5/linux -Idrivers/net/mlx5/hws -I../drivers/net/mlx5/hws -Ilib/ethdev -I../lib/ethdev -Ilib/eal/common -I../lib/eal/common -I. -I.. -Iconfig -I../config -Ilib/eal/include -I../lib/eal/include -Ilib/eal/linux/include -I../lib/eal/linux/include -Ilib/eal/x86/include -I../lib/eal/x86/include -I../kernel/linux -Ilib/eal -I../lib/eal -Ilib/kvargs -I../lib/kvargs -Ilib/log -I../lib/log -Ilib/metrics -I../lib/metrics -Ilib/telemetry -I../lib/telemetry -Ilib/argparse -I../lib/argparse -Ilib/net -I../lib/net -Ilib/mbuf -I../lib/mbuf -Ilib/mempool -I../lib/mempool -Ilib/ring -I../lib/ring -Ilib/meter -I../lib/meter -Idrivers/bus/pci -I../drivers/bus/pci -I../drivers/bus/pci/linux -Ilib/pci -I../lib/pci -Idrivers/bus/vdev -I../drivers/bus/vdev -Ilib/hash -I../lib/hash -Ilib/rcu -I../lib/rcu -Idrivers/common/mlx5 -I../drivers/common/mlx5 -Idrive rs/common/mlx5/linux -I../drivers/common/mlx5/linux -Idrivers/bus/auxiliary -I../drivers/bus/auxiliary -fdiagnostics-color=always -pipe -D_FILE_OFFSET_BITS=64 -Wall -Winvalid-pch -Wextra -Werror -std=c11 -O3 -include rte_config.h -Wvla -Wcast-qual -Wdeprecated -Wformat -Wformat-nonliteral -Wformat-security -Wmissing-declarations -Wmissing-prototypes -Wnested-externs -Wold-style-definition -Wpointer-arith -Wsign-compare -Wstrict-prototypes -Wundef -Wwrite-strings -Wno-packed-not-aligned -Wno-missing-field-initializers -D_GNU_SOURCE -fPIC -march=native -mrtm -DALLOW_EXPERIMENTAL_API -DALLOW_INTERNAL_API -Wno-format-truncation -Wno-address-of-packed-member -std=c11 -Wno-strict-prototypes -D_BSD_SOURCE -D_DEFAULT_SOURCE -D_XOPEN_SOURCE=600 -UPEDANTIC -Wno-vla -DRTE_LOG_DEFAULT_LOGTYPE=pmd.net.mlx5 -MD -MQ drivers/libtmp_rte_net_mlx5.a.p/net_mlx5_linux_mlx5_ethdev_os.c.o -MF drivers/libtmp_rte_net_mlx5.a.p/net_mlx5_linux_mlx5_ethdev_os.c.o.d -o drivers/libtmp_rte_net_mlx5.a.p/net_mlx5_li nux_mlx5_ethdev_os.c.o -c ../drivers/net/mlx5/linux/mlx5_ethdev_os.c ../drivers/net/mlx5/linux/mlx5_ethdev_os.c: In function 'mlx5_link_update': ../drivers/net/mlx5/linux/mlx5_ethdev_os.c:536:47: error: expected expression before '{' token 536 | dev->data->dev_link = {0}; | ^ ninja: build stopped: subcommand failed. ==== End log output ==== FreeBSD 14.2 Kernel: 14.2-RELEASE Compiler: clang 18.1.6 Ubuntu 20.04 Kernel: 4.19 Compiler: gcc gcc (Ubuntu 9.4.0-1ubuntu1~20.04.2) 9.4.0 CentOS Stream 9 Kernel: 5.15 Compiler: gcc gcc (GCC) 11.5.0 20240719 (Red Hat 11.5.0-11) CentOS Stream 10 Kernel: 5.15 Compiler: gcc gcc (GCC) 14.2.1 20250110 (Red Hat 14.2.1-8) Debian GNU/Linux 12 Kernel: 5.15 Compiler: gcc gcc (Debian 12.2.0-14+deb12u1) 12.2.0 To view detailed results, visit: https://lab.dpdk.org/results/dashboard/patchsets/34627/ UNH-IOL DPDK Community Lab To manage your email subscriptions, visit: https://lab.dpdk.org/results/dashboard/preferences/subscriptions/