From mboxrd@z Thu Jan 1 00:00:00 1970 Return-Path: Received: from mails.dpdk.org (mails.dpdk.org [217.70.189.124]) by inbox.dpdk.org (Postfix) with ESMTP id 7297C48B32 for ; Mon, 17 Nov 2025 15:47:52 +0100 (CET) Received: from mails.dpdk.org (localhost [127.0.0.1]) by mails.dpdk.org (Postfix) with ESMTP id 6E62D4025A; Mon, 17 Nov 2025 15:47:52 +0100 (CET) Received: from mail-pl1-f227.google.com (mail-pl1-f227.google.com [209.85.214.227]) by mails.dpdk.org (Postfix) with ESMTP id 4A24C4025A for ; Mon, 17 Nov 2025 15:47:51 +0100 (CET) Received: by mail-pl1-f227.google.com with SMTP id d9443c01a7336-295548467c7so51535385ad.2 for ; Mon, 17 Nov 2025 06:47:51 -0800 (PST) DKIM-Signature: v=1; a=rsa-sha256; c=relaxed/relaxed; d=iol.unh.edu; s=unh-iol; t=1763390870; x=1763995670; darn=dpdk.org; h=references:in-reply-to:cc:to:from:subject:message-id:date:from:to :cc:subject:date:message-id:reply-to; bh=LCLsZvYNJMX0Q/Fq9dGF8J2gm5UfhGHS5LHE9BdMZYE=; b=XHGqfvCZVOqmXWG86R2yuYT1VheFfdQLh5/gKGnxQC55JqULxr4TzKiT3pQ6kXRA0U oS8nSa+Tc5Zi2P+CksYTwnD636BzOuhP/SEWh1OWCFSV/17aQNLdFv/kXacy8Hue1wSG SSdKn3eJ1fFwrp3mYujfDRSAYeSE1l2sEKH4s= X-Google-DKIM-Signature: v=1; a=rsa-sha256; c=relaxed/relaxed; d=1e100.net; s=20230601; t=1763390870; x=1763995670; h=references:in-reply-to:cc:to:from:subject:message-id:date:x-gm-gg :x-gm-message-state:from:to:cc:subject:date:message-id:reply-to; bh=LCLsZvYNJMX0Q/Fq9dGF8J2gm5UfhGHS5LHE9BdMZYE=; b=xBdzxueLfdZ97supz49aUQJRPqTYg8Tc8yFvY6pw6GLtlj8tR+qUHcUAmU0uO+qGKD /LSrZ9cgm1DgydJLFx6usuIc5TXBRzwz8Nl4LH4RHV5uifYakBQcysgAMm9vw6sld8Wj C12UkyiBJp6CeeaxIsTcLA1RnLjawaCVwOHscINEDnlYOYpMwWiVFPMdG/KW7T1yEXfE 605qU5XwbbykObG6T/wFMWWA1rsGXI4bbiRYQkstVB72RrqIvILxUzFsHkuIJHF/qHyl StBkdLOyyd/vpOhUG7HcEizFtsCh0hbJ7pKSN1eB2enKXWVICJTEepKfkTWp6VBGXz/V jNHA== X-Gm-Message-State: AOJu0YxchpVjfoR0EIQVfGAp6/jzYWhYeRrLzWTuZG/qHS1n5r0dPN18 8hKVxG/63ZFkXj6ndlMFMmimdTZQaLcPi2Dunzg7FpseB/+Jwom+Gh9B69KhR1lUCuze+9pWs6e H2sywn7Jr5sdBF9F+8lZ+t2u0QrBO2ia6CVt7amKJDLO/ X-Gm-Gg: ASbGncuIEOVy3jiIAusVKd4hN8taDClgzYklHYx/AX9liq7x08rT8i1h9B9lulgKGOg PQ5MWEpG5ysgO3kopDuXPw5NrX/MiGWAGEEONaasdGBuSIx0IPSHhexbXSLUF/t2DdiHfSZ1L5h Yt7wRFZXp1Sm9c6u5aTNZR36NPePA2hu0ZWwJ43TMkoB898bpfBjEhVHpeaL9OMOkcePJl6c37r BUyvAs9q2/9OHbH0rsJwmV0XB64ULeRdcUOXAkf4PO8N4i0OWNG15KiMVapn58uWSneVqhrHSNX IHy7trilxXRT3DQbxvajwbXTqB8AzClQWqk7Wnr7tKye9JkHDOa3SrAeiideLwNd9buIGGZBz/s YlJPKIaYCEAW1qUc5UzUQGlzabs0eI/E= X-Google-Smtp-Source: AGHT+IGaVrMgvU1ySyRths2e6WyGgV5tFwcr06LzmAH92VbaOX8yFm7c51kD4Mcyv8odpqxE9IZXHmeTPi2n X-Received: by 2002:a17:903:3503:b0:295:195:23b6 with SMTP id d9443c01a7336-2986a758e70mr137347495ad.55.1763390870378; Mon, 17 Nov 2025 06:47:50 -0800 (PST) Received: from postal.iol.unh.edu (postal.iol.unh.edu. [132.177.123.84]) by smtp-relay.gmail.com with ESMTPS id d9443c01a7336-2985c2b84d8sm15378005ad.48.2025.11.17.06.47.50 (version=TLS1_2 cipher=ECDHE-ECDSA-AES128-GCM-SHA256 bits=128/128); Mon, 17 Nov 2025 06:47:50 -0800 (PST) X-Relaying-Domain: iol.unh.edu Date: Mon, 17 Nov 2025 06:47:50 -0800 (PST) Message-ID: <691b3596.170a0220.315a52.d410SMTPIN_ADDED_MISSING@mx.google.com> Received: from [172.21.0.3] (unknown [172.18.0.240]) by postal.iol.unh.edu (Postfix) with ESMTP id 9FB306051830; Mon, 17 Nov 2025 09:47:49 -0500 (EST) Subject: |FAILURE| pw158854-158855 [PATCH] [2/2] net/mlx5: fix the masked val From: dpdklab@iol.unh.edu To: Test Report Cc: dpdk-test-reports@iol.unh.edu, Stephen Hemminger , Bing Zhao In-Reply-To: <20251117080942.9750-1-bingz@nvidia.com> References: <20251117080942.9750-1-bingz@nvidia.com> Content-Type: text/plain X-BeenThere: test-report@dpdk.org X-Mailman-Version: 2.1.29 Precedence: list List-Id: automatic DPDK test reports List-Unsubscribe: , List-Archive: List-Post: List-Help: List-Subscribe: , Errors-To: test-report-bounces@dpdk.org Test-Label: iol-unit-amd64-testing Test-Status: FAILURE http://dpdk.org/patch/158855 _Testing issues_ Submitter: Bing Zhao Date: Monday, November 17 2025 08:09:42 DPDK git baseline: Repo:dpdk-next-net Branch: master CommitID:18d8a8909b8ed6b0a4bd8f99971da74ebba792e2 158854-158855 --> testing issues Upstream job id: Generic-Unit-Test-DPDK#393852 Test environment and result as below: +-------------------------------+----------------+ | Environment | dpdk_unit_test | +===============================+================+ | CentOS Stream 9 | WARN | +-------------------------------+----------------+ | Debian GNU/Linux 12 | WARN | +-------------------------------+----------------+ | CentOS Stream 10 | WARN | +-------------------------------+----------------+ | Fedora Linux 40 | PEND | +-------------------------------+----------------+ | Fedora Linux 42 | PEND | +-------------------------------+----------------+ | Fedora Linux 41 | PEND | +-------------------------------+----------------+ | Red Hat Enterprise Linux 8.10 | PEND | +-------------------------------+----------------+ | Ubuntu 20.04 | FAIL | +-------------------------------+----------------+ | Red Hat Enterprise Linux 9.5 | PEND | +-------------------------------+----------------+ | Ubuntu 24.04 | PEND | +-------------------------------+----------------+ | Ubuntu 22.04 | PEND | +-------------------------------+----------------+ | Windows Server 2022 | PASS | +-------------------------------+----------------+ ==== Unit test summary for Ubuntu 20.04 (dpdk_unit_test): ==== Failed to get the unit test results. Displaying the unit test results is not supported for some environments, such as our aarch32 testing, where meson is not used to run the tests. Download the logs available on our CI site. ==== End log output ==== CentOS Stream 9 Kernel: 5.15 Compiler: gcc gcc (GCC) 11.5.0 20240719 (Red Hat 11.5.0-11) Debian GNU/Linux 12 Kernel: 5.15 Compiler: gcc gcc (Debian 12.2.0-14+deb12u1) 12.2.0 CentOS Stream 10 Kernel: 5.15 Compiler: gcc gcc (GCC) 14.2.1 20250110 (Red Hat 14.2.1-8) Fedora Linux 40 Kernel: 5.15 Compiler: gcc gcc (GCC) 14.2.1 20240912 (Red Hat 14.2.1-3) Fedora Linux 42 Kernel: 5.15 Compiler: gcc gcc (GCC) 15.2.1 20250808 (Red Hat 15.2.1-1) Fedora Linux 41 Kernel: 5.15 Compiler: gcc gcc (GCC) 14.3.1 20250523 (Red Hat 14.3.1-1) Red Hat Enterprise Linux 8.10 Kernel: 5.15 Compiler: gcc gcc (GCC) 8.5.0 20210514 (Red Hat 8.5.0-22) Ubuntu 20.04 Kernel: 5.15 Compiler: gcc gcc (Ubuntu 9.4.0-1ubuntu1~20.04.2) 9.4.0 Red Hat Enterprise Linux 9.5 Kernel: 5.15 Compiler: gcc gcc (GCC) 11.5.0 20240719 (Red Hat 11.5.0-2) Ubuntu 24.04 Kernel: 5.15 Compiler: gcc gcc (Ubuntu 13.3.0-6ubuntu2~24.04) 13.3.0 Ubuntu 22.04 Kernel: 5.15 Compiler: gcc gcc (Ubuntu 11.4.0-1ubuntu1~22.04) 11.4.0 Windows Server 2022 Kernel: 10.0.20348.2031 Compiler: clang 15.0.7, gcc 14.1.0 (MinGW), and MSVC VS 19.39.33521 To view detailed results, visit: https://lab.dpdk.org/results/dashboard/patchsets/34624/ UNH-IOL DPDK Community Lab To manage your email subscriptions, visit: https://lab.dpdk.org/results/dashboard/preferences/subscriptions/