From mboxrd@z Thu Jan 1 00:00:00 1970 Return-Path: Received: from mails.dpdk.org (mails.dpdk.org [217.70.189.124]) by inbox.dpdk.org (Postfix) with ESMTP id CBE1648B32 for ; Mon, 17 Nov 2025 15:50:31 +0100 (CET) Received: from mails.dpdk.org (localhost [127.0.0.1]) by mails.dpdk.org (Postfix) with ESMTP id C05BE4025A; Mon, 17 Nov 2025 15:50:31 +0100 (CET) Received: from mail-ot1-f100.google.com (mail-ot1-f100.google.com [209.85.210.100]) by mails.dpdk.org (Postfix) with ESMTP id D9DF74025A for ; Mon, 17 Nov 2025 15:50:29 +0100 (CET) Received: by mail-ot1-f100.google.com with SMTP id 46e09a7af769-7c7545310b8so761385a34.1 for ; Mon, 17 Nov 2025 06:50:29 -0800 (PST) DKIM-Signature: v=1; a=rsa-sha256; c=relaxed/relaxed; d=iol.unh.edu; s=unh-iol; t=1763391029; x=1763995829; darn=dpdk.org; h=references:in-reply-to:cc:to:from:subject:message-id:date:from:to :cc:subject:date:message-id:reply-to; bh=M3yTsrfipMmBSc7M1SHmsvWNplod7sc/8BZfIv6Wc58=; b=DluoMdjHE0fgT6qf25fSv/6yJWU67PjEU9ixkeDXB0dR4Yu9Fnn9LXvCLJnkrA4h7k 2NHGNXeTVAHAz2YAef4e3jPhMW4BXAbmMuAGa2v25E2JKv+WeeB5NJg++i+DJ7BjRj4H LW5z/IbxSMIQyIqtlGM6DRiLxsv/0A6r0gFTU= X-Google-DKIM-Signature: v=1; a=rsa-sha256; c=relaxed/relaxed; d=1e100.net; s=20230601; t=1763391029; x=1763995829; h=references:in-reply-to:cc:to:from:subject:message-id:date:x-gm-gg :x-gm-message-state:from:to:cc:subject:date:message-id:reply-to; bh=M3yTsrfipMmBSc7M1SHmsvWNplod7sc/8BZfIv6Wc58=; b=pNTGF7rMtJgxxHrd7LEz4+4AFWzp1ooHkNcx1ZYd/vGOsrk7pg6EWMMfdqVKv5/+U7 vxlowz9WLsaG/uSPKNJpJmOwEncWWLu0/NDVcirzUqJMBb2iI6Bwwf2p/8kSJ1Rqy7LL Fp/saqRHG7ukky6K2XQc9f0sORL5SYPLFY6Tl22y418b0AMnDrIsbvPrIlDnUpCSM220 aA9Zw1L3+2YgbGRUxA9QabnyFIQqVwnjwbHT91aPs6zr1IYPMD+x5Dje9Jgd8ZsBux/P rJ6CGP97dbnqnlO7nLRes1GkfUBphfa+psU4lMh/zd71ubXraSlPoJLPQt26Ql8dZz7o GE8A== X-Gm-Message-State: AOJu0Yx7qZRlT28Q2Ee2NvhQ/IjUgKHneboz69SVGIHxuIOzsPqd0hT5 +FZGf7M/BTJiuYwfEljVNAcqnu7pVbWwS6Ch9Zl+GlQPX5Ycb1wM4tnC9MqYTGSyNQyetk7zfmw 4+vInUyN0CxMzPfE1v4BhHAFWbzwICQVZ/lxCQr0FBNG5Q/i8xj1fxjReQzJs X-Gm-Gg: ASbGnctS4G7azX9MLijtdht6oLnMB97F0NFyDUQI4N/+En3xxntEmeROOifntLNuFDz bHy1E4B2mU8OBBkvAH5TD+OZ97K8qcM/NQvPBREf8D2J//x8MLwrXQpqddZ/KPmxM8XVIGPeIYg HspVfRmJ1qLi8wHoU9wQyKoPTfxVSuSU1EpAeNtTXELQSn+WBySvxsDiF5jzyZfOMSuaayp1Gb6 utRJ/Yc0MbLkYsdiCjnObjECR5hUN1znJv8U0hOGq8MWgRzVQHkge+acfy3NTsoq5fK7Hxr6qO9 Wu3w1j+9HilK0TdzUwUCuMxZuh4GSlHM/fYctfozoV2mP/ELU4e2PlkhKZoOG2gepMGiwxbulb0 1a5wjdGbU X-Google-Smtp-Source: AGHT+IHEOdKGR25rHV731yE1eLmlmpJ2M3qdntz99WFGi7364bSMIoZWIKsFPI9XeGc1/Hg0U/LoCLYEEqgY X-Received: by 2002:a05:6830:650e:b0:7c7:6174:191 with SMTP id 46e09a7af769-7c761834606mr2428121a34.26.1763391029032; Mon, 17 Nov 2025 06:50:29 -0800 (PST) Received: from postal.iol.unh.edu (postal.iol.unh.edu. [2606:4100:3880:1234::84]) by smtp-relay.gmail.com with ESMTPS id 46e09a7af769-7c761f172a2sm376381a34.1.2025.11.17.06.50.28 (version=TLS1_2 cipher=ECDHE-ECDSA-AES128-GCM-SHA256 bits=128/128); Mon, 17 Nov 2025 06:50:29 -0800 (PST) X-Relaying-Domain: iol.unh.edu Date: Mon, 17 Nov 2025 06:50:29 -0800 (PST) Message-ID: <691b3635.050a0220.16bdb5.2cc5SMTPIN_ADDED_MISSING@mx.google.com> Received: from [172.21.0.6] (unknown [172.18.0.240]) by postal.iol.unh.edu (Postfix) with ESMTP id 4ECDB6051830; Mon, 17 Nov 2025 09:50:28 -0500 (EST) Subject: |FAILURE| pw158859 [PATCH] [v2,1/1] net/mlx5: fix set port down if d From: dpdklab@iol.unh.edu To: Test Report Cc: dpdk-test-reports@iol.unh.edu, Yang Xu In-Reply-To: <20251117091201.2261526-1-xu.yang3@zte.com.cn> References: <20251117091201.2261526-1-xu.yang3@zte.com.cn> Content-Type: text/plain X-BeenThere: test-report@dpdk.org X-Mailman-Version: 2.1.29 Precedence: list List-Id: automatic DPDK test reports List-Unsubscribe: , List-Archive: List-Post: List-Help: List-Subscribe: , Errors-To: test-report-bounces@dpdk.org Test-Label: iol-compile-amd64-testing Test-Status: FAILURE http://dpdk.org/patch/158859 _Testing issues_ Submitter: Yang Xu Date: Monday, November 17 2025 09:12:01 DPDK git baseline: Repo:dpdk-next-net-mlx Branch: master CommitID:6c8ab18883d4a51ac512a969d36b47272a63b61b 158859 --> testing issues Upstream job id: Generic-DPDK-Compile-Meson#445624 Test environment and result as below: +---------------------+--------------------+------------------+ | Environment | dpdk_meson_compile | dpdk_compile_ovs | +=====================+====================+==================+ | FreeBSD 14.2 | PASS | SKIPPED | +---------------------+--------------------+------------------+ | Ubuntu 20.04 | FAIL | SKIPPED | +---------------------+--------------------+------------------+ | CentOS Stream 9 | FAIL | SKIPPED | +---------------------+--------------------+------------------+ | CentOS Stream 10 | FAIL | SKIPPED | +---------------------+--------------------+------------------+ | Debian GNU/Linux 12 | PEND | SKIPPED | +---------------------+--------------------+------------------+ | Fedora Linux 42 | PEND | PEND | +---------------------+--------------------+------------------+ ==== 20 line log output for CentOS Stream 10 (dpdk_meson_compile): ==== [2057/3642] Compiling C object drivers/libtmp_rte_net_mlx5.a.p/net_mlx5_mlx5_txq.c.o [2058/3642] Compiling C object drivers/libtmp_rte_net_mlx5.a.p/net_mlx5_mlx5_utils.c.o [2059/3642] Compiling C object drivers/libtmp_rte_net_mlx5.a.p/net_mlx5_mlx5_vlan.c.o [2060/3642] Compiling C object drivers/libtmp_rte_net_mlx5.a.p/net_mlx5_mlx5_flow_hw.c.o [2061/3642] Compiling C object drivers/libtmp_rte_net_mlx5.a.p/net_mlx5_mlx5_flow_quota.c.o [2062/3642] Compiling C object drivers/libtmp_rte_net_mlx5.a.p/net_mlx5_mlx5_flow_verbs.c.o [2063/3642] Compiling C object drivers/libtmp_rte_net_mlx5.a.p/net_mlx5_mlx5_hws_cnt.c.o [2064/3642] Compiling C object drivers/libtmp_rte_net_mlx5.a.p/net_mlx5_mlx5_nta_split.c.o [2065/3642] Compiling C object drivers/libtmp_rte_net_mlx5.a.p/net_mlx5_mlx5_nta_sample.c.o [2066/3642] Compiling C object drivers/libtmp_rte_net_mlx5.a.p/net_mlx5_mlx5_rxtx_vec.c.o [2067/3642] Compiling C object drivers/libtmp_rte_net_mlx5.a.p/net_mlx5_linux_mlx5_socket.c.o [2068/3642] Compiling C object drivers/libtmp_rte_net_mlx5.a.p/net_mlx5_linux_mlx5_os.c.o [2069/3642] Compiling C object drivers/libtmp_rte_net_mlx5.a.p/net_mlx5_linux_mlx5_ethdev_os.c.o FAILED: drivers/libtmp_rte_net_mlx5.a.p/net_mlx5_linux_mlx5_ethdev_os.c.o ccache cc -Idrivers/libtmp_rte_net_mlx5.a.p -Idrivers -I../drivers -Idrivers/net/mlx5 -I../drivers/net/mlx5 -Idrivers/net/mlx5/linux -I../drivers/net/mlx5/linux -Idrivers/net/mlx5/hws -I../drivers/net/mlx5/hws -Ilib/ethdev -I../lib/ethdev -Ilib/eal/common -I../lib/eal/common -I. -I.. -Iconfig -I../config -Ilib/eal/include -I../lib/eal/include -Ilib/eal/linux/include -I../lib/eal/linux/include -Ilib/eal/x86/include -I../lib/eal/x86/include -I../kernel/linux -Ilib/eal -I../lib/eal -Ilib/kvargs -I../lib/kvargs -Ilib/log -I../lib/log -Ilib/metrics -I../lib/metrics -Ilib/telemetry -I../lib/telemetry -Ilib/argparse -I../lib/argparse -Ilib/net -I../lib/net -Ilib/mbuf -I../lib/mbuf -Ilib/mempool -I../lib/mempool -Ilib/ring -I../lib/ring -Ilib/meter -I../lib/meter -Idrivers/bus/pci -I../drivers/bus/pci -I../drivers/bus/pci/linux -Ilib/pci -I../lib/pci -Idrivers/bus/vdev -I../drivers/bus/vdev -Ilib/hash -I../lib/hash -Ilib/rcu -I../lib/rcu -Idrivers/common/mlx5 -I../drivers/common/mlx5 -Idrive rs/common/mlx5/linux -I../drivers/common/mlx5/linux -Idrivers/bus/auxiliary -I../drivers/bus/auxiliary -fdiagnostics-color=always -pipe -D_FILE_OFFSET_BITS=64 -Wall -Winvalid-pch -Wextra -Werror -std=c11 -O3 -include rte_config.h -Wvla -Wcast-qual -Wdeprecated -Wformat -Wformat-nonliteral -Wformat-security -Wmissing-declarations -Wmissing-prototypes -Wnested-externs -Wold-style-definition -Wpointer-arith -Wsign-compare -Wstrict-prototypes -Wundef -Wwrite-strings -Wno-packed-not-aligned -Wno-missing-field-initializers -D_GNU_SOURCE -fPIC -march=native -mrtm -DALLOW_EXPERIMENTAL_API -DALLOW_INTERNAL_API -Wno-format-truncation -Wno-address-of-packed-member -std=c11 -Wno-strict-prototypes -D_BSD_SOURCE -D_DEFAULT_SOURCE -D_XOPEN_SOURCE=600 -UPEDANTIC -Wno-vla -DRTE_LOG_DEFAULT_LOGTYPE=pmd.net.mlx5 -MD -MQ drivers/libtmp_rte_net_mlx5.a.p/net_mlx5_linux_mlx5_ethdev_os.c.o -MF drivers/libtmp_rte_net_mlx5.a.p/net_mlx5_linux_mlx5_ethdev_os.c.o.d -o drivers/libtmp_rte_net_mlx5.a.p/net_mlx5_li nux_mlx5_ethdev_os.c.o -c ../drivers/net/mlx5/linux/mlx5_ethdev_os.c ../drivers/net/mlx5/linux/mlx5_ethdev_os.c: In function 'mlx5_link_update': ../drivers/net/mlx5/linux/mlx5_ethdev_os.c:536:47: error: expected expression before '{' token 536 | dev->data->dev_link = {0}; | ^ ninja: build stopped: subcommand failed. ==== End log output ==== FreeBSD 14.2 Kernel: 14.2-RELEASE Compiler: clang 18.1.6 Ubuntu 20.04 Kernel: 4.19 Compiler: gcc gcc (Ubuntu 9.4.0-1ubuntu1~20.04.2) 9.4.0 CentOS Stream 9 Kernel: 5.15 Compiler: gcc gcc (GCC) 11.5.0 20240719 (Red Hat 11.5.0-11) CentOS Stream 10 Kernel: 5.15 Compiler: gcc gcc (GCC) 14.2.1 20250110 (Red Hat 14.2.1-8) Debian GNU/Linux 12 Kernel: 5.15 Compiler: gcc gcc (Debian 12.2.0-14+deb12u1) 12.2.0 Fedora Linux 42 Kernel: 5.15 Compiler: clang gcc (GCC) 15.2.1 20250808 (Red Hat 15.2.1-1) To view detailed results, visit: https://lab.dpdk.org/results/dashboard/patchsets/34627/ UNH-IOL DPDK Community Lab To manage your email subscriptions, visit: https://lab.dpdk.org/results/dashboard/preferences/subscriptions/