From mboxrd@z Thu Jan 1 00:00:00 1970 Return-Path: Received: from mails.dpdk.org (mails.dpdk.org [217.70.189.124]) by inbox.dpdk.org (Postfix) with ESMTP id 5392D48B32 for ; Mon, 17 Nov 2025 15:54:39 +0100 (CET) Received: from mails.dpdk.org (localhost [127.0.0.1]) by mails.dpdk.org (Postfix) with ESMTP id 4F3E64025A; Mon, 17 Nov 2025 15:54:39 +0100 (CET) Received: from mail-io1-f98.google.com (mail-io1-f98.google.com [209.85.166.98]) by mails.dpdk.org (Postfix) with ESMTP id 2A34C4025A for ; Mon, 17 Nov 2025 15:54:38 +0100 (CET) Received: by mail-io1-f98.google.com with SMTP id ca18e2360f4ac-949033fb2a9so54399839f.2 for ; Mon, 17 Nov 2025 06:54:38 -0800 (PST) DKIM-Signature: v=1; a=rsa-sha256; c=relaxed/relaxed; d=iol.unh.edu; s=unh-iol; t=1763391277; x=1763996077; darn=dpdk.org; h=references:in-reply-to:cc:to:from:subject:message-id:date:from:to :cc:subject:date:message-id:reply-to; bh=zXu5PonmeKldf+I+qs4E2g5O5H1hXP5jQlzmuQHYxl8=; b=Uu/vvP9MOh8Vl9ClPUgu+r0gHEzZy4R44VE7q2aev3/RSSahFHaN7FDMa/Yzuo/R3k rOJAljLjPusjlta0yqb04fJ++0ke2LbYYfdTUcFut2LtU2vSZ2dcXxeMKpg712ggUMkS vQp/oKVbTc6LTf1yQM3DsP2tTGz1Bd0H3vKGE= X-Google-DKIM-Signature: v=1; a=rsa-sha256; c=relaxed/relaxed; d=1e100.net; s=20230601; t=1763391277; x=1763996077; h=references:in-reply-to:cc:to:from:subject:message-id:date:x-gm-gg :x-gm-message-state:from:to:cc:subject:date:message-id:reply-to; bh=zXu5PonmeKldf+I+qs4E2g5O5H1hXP5jQlzmuQHYxl8=; b=QRNuQhyytPIRPz2ImRc8SrYYDl6IpSXki9jGf9uaclbptKMifkegKjb74xkHTPfzTA f6aRLctci6O9mlCdEuRDMMJc6NcE46gCGEYYgOVS6OhRwrqCP8rGYlT5lTtPTwHFdrR2 bTCSg6OeIjajpqst7HkoRL9/rn/+RSa7Y6zJy9zQIohxOLiSwAl+DH3AIQeVy08v1o1P PErbNjHKJhKXPGA6nar5SjXR5l6SZh08/eZ2gX8E8R4z3qlJazJZz2CCTGKFBodj97Qx pUkqQz0UApWI6O9p2qQi7YJkSvBoo5UJSuL/+OTHw+arLC1EN2+/8itOMS3IG8WzVOiJ 3Nmg== X-Gm-Message-State: AOJu0YziRoHdcDfBD2ZXG8vKnqgNB7bMGaPIEz0zH92Ch169/JsmWzlQ nu6r5TYB0zx8YvNRw29PMRAuxBY3zz3F0wV7FkkMO9RBdRyx6+fv6G/9I2dC66xk0TjMH4tgnlO N2Dvy89LEgnueO+ReYtgYG1M8gj9rVggP+tgJR4D4iZitpLBZRYiFggvp2tA3 X-Gm-Gg: ASbGncu1tJKAgJ4XVRsItmXSscv/x/TuB51cFNrTMdDuyy6u6OGJW76bnFIVmtI+v+O U1JnFqkWMjVz//K+iS4v7HfUM7j9xnToNzvAh+vRtKOpPNZABID9kJGiG4DGaXKnPYsB80E8eQT yX6LOIQD5qZ6ZhCjzMCpDnjFQ3Ax31v1Cb3MIgoobN8fiPBgLV/n1U00g7oRZkq5O1x8A/syVHE /YKTo3n6e+vHSnutuckbfx50eQcLTli2I1rxqzYGv5P7dAvjBCtlZQTQcYKcM2O4fVIXgF1tPRA VtsGuVn8vkZsk9Ymcf+uH1FTn4puVJxjGYavO0daZNskGCpNp35IrW1PoIHQnzH4wYntpVAapOz +aNaorTMN X-Google-Smtp-Source: AGHT+IFE9S1T/gUkpCos+fiiNcw5gbqko/M/S/VS8xbcTxeg3XslA0mUwYyqBj8Nco0p8GpOhywMvZKznWxQ X-Received: by 2002:a05:6602:4a0c:b0:948:b49f:c859 with SMTP id ca18e2360f4ac-948e0cd3c73mr1501234439f.4.1763391277485; Mon, 17 Nov 2025 06:54:37 -0800 (PST) Received: from postal.iol.unh.edu (postal.iol.unh.edu. [2606:4100:3880:1234::84]) by smtp-relay.gmail.com with ESMTPS id ca18e2360f4ac-948d2ba338dsm58594539f.4.2025.11.17.06.54.37 (version=TLS1_2 cipher=ECDHE-ECDSA-AES128-GCM-SHA256 bits=128/128); Mon, 17 Nov 2025 06:54:37 -0800 (PST) X-Relaying-Domain: iol.unh.edu Date: Mon, 17 Nov 2025 06:54:37 -0800 (PST) Message-ID: <691b372d.6b0a0220.2121c.cdaaSMTPIN_ADDED_MISSING@mx.google.com> Received: from [172.21.0.7] (unknown [172.18.0.240]) by postal.iol.unh.edu (Postfix) with ESMTP id 260B76051830; Mon, 17 Nov 2025 09:54:37 -0500 (EST) Subject: |FAILURE| pw158859 [PATCH] [v2,1/1] net/mlx5: fix set port down if d From: dpdklab@iol.unh.edu To: Test Report Cc: dpdk-test-reports@iol.unh.edu, Yang Xu In-Reply-To: <20251117091201.2261526-1-xu.yang3@zte.com.cn> References: <20251117091201.2261526-1-xu.yang3@zte.com.cn> Content-Type: text/plain X-BeenThere: test-report@dpdk.org X-Mailman-Version: 2.1.29 Precedence: list List-Id: automatic DPDK test reports List-Unsubscribe: , List-Archive: List-Post: List-Help: List-Subscribe: , Errors-To: test-report-bounces@dpdk.org Test-Label: iol-compile-amd64-testing Test-Status: FAILURE http://dpdk.org/patch/158859 _Testing issues_ Submitter: Yang Xu Date: Monday, November 17 2025 09:12:01 DPDK git baseline: Repo:dpdk-next-net-mlx Branch: master CommitID:6c8ab18883d4a51ac512a969d36b47272a63b61b 158859 --> testing issues Upstream job id: Generic-DPDK-Compile-Meson#445628 Test environment and result as below: +-------------------------------+--------------------+------------------+-------------------+ | Environment | dpdk_meson_compile | dpdk_compile_ovs | dpdk_msvc_compile | +===============================+====================+==================+===================+ | FreeBSD 14.2 | PASS | SKIPPED | SKIPPED | +-------------------------------+--------------------+------------------+-------------------+ | Ubuntu 20.04 | FAIL | SKIPPED | SKIPPED | +-------------------------------+--------------------+------------------+-------------------+ | CentOS Stream 9 | FAIL | SKIPPED | SKIPPED | +-------------------------------+--------------------+------------------+-------------------+ | CentOS Stream 10 | FAIL | SKIPPED | SKIPPED | +-------------------------------+--------------------+------------------+-------------------+ | Debian GNU/Linux 12 | PEND | SKIPPED | SKIPPED | +-------------------------------+--------------------+------------------+-------------------+ | Fedora Linux 42 | FAIL | WARN | SKIPPED | +-------------------------------+--------------------+------------------+-------------------+ | openSUSE Leap 15.6 | PEND | SKIPPED | SKIPPED | +-------------------------------+--------------------+------------------+-------------------+ | Red Hat Enterprise Linux 8.10 | PEND | SKIPPED | SKIPPED | +-------------------------------+--------------------+------------------+-------------------+ | Red Hat Enterprise Linux 9.5 | PEND | SKIPPED | SKIPPED | +-------------------------------+--------------------+------------------+-------------------+ | Windows Server 2022 | SKIPPED | SKIPPED | PEND | +-------------------------------+--------------------+------------------+-------------------+ ==== 20 line log output for Fedora Linux 42 (dpdk_compile_ovs): ==== --- Failed to get log output --- ==== End log output ==== FreeBSD 14.2 Kernel: 14.2-RELEASE Compiler: clang 18.1.6 Ubuntu 20.04 Kernel: 4.19 Compiler: gcc gcc (Ubuntu 9.4.0-1ubuntu1~20.04.2) 9.4.0 CentOS Stream 9 Kernel: 5.15 Compiler: gcc gcc (GCC) 11.5.0 20240719 (Red Hat 11.5.0-11) CentOS Stream 10 Kernel: 5.15 Compiler: gcc gcc (GCC) 14.2.1 20250110 (Red Hat 14.2.1-8) Debian GNU/Linux 12 Kernel: 5.15 Compiler: gcc gcc (Debian 12.2.0-14+deb12u1) 12.2.0 Fedora Linux 42 Kernel: 5.15 Compiler: clang gcc (GCC) 15.2.1 20250808 (Red Hat 15.2.1-1) openSUSE Leap 15.6 Kernel: 5.15 Compiler: gcc gcc (SUSE Linux) 7.5.0 Red Hat Enterprise Linux 8.10 Kernel: 5.15 Compiler: gcc gcc (GCC) 8.5.0 20210514 (Red Hat 8.5.0-22) Red Hat Enterprise Linux 9.5 Kernel: 5.15 Compiler: gcc gcc (GCC) 11.5.0 20240719 (Red Hat 11.5.0-2) Windows Server 2022 Kernel: 10.0.20348.2031 Compiler: clang 15.0.7, gcc 14.1.0 (MinGW), and MSVC VS 19.39.33521 To view detailed results, visit: https://lab.dpdk.org/results/dashboard/patchsets/34627/ UNH-IOL DPDK Community Lab To manage your email subscriptions, visit: https://lab.dpdk.org/results/dashboard/preferences/subscriptions/