automatic DPDK test reports
 help / color / mirror / Atom feed
From: dpdklab@iol.unh.edu
To: Test Report <test-report@dpdk.org>
Cc: dpdk-test-reports@iol.unh.edu, Yang Xu <xu.yang3@zte.com.cn>
Subject: |FAILURE| pw158859 [PATCH] [v2,1/1] net/mlx5: fix set port down if d
Date: Mon, 17 Nov 2025 06:56:20 -0800 (PST)	[thread overview]
Message-ID: <691b3794.050a0220.30e67.075fSMTPIN_ADDED_MISSING@mx.google.com> (raw)
In-Reply-To: <20251117091201.2261526-1-xu.yang3@zte.com.cn>

Test-Label: iol-compile-amd64-testing
Test-Status: FAILURE
http://dpdk.org/patch/158859

_Testing issues_

Submitter: Yang Xu <xu.yang3@zte.com.cn>
Date: Monday, November 17 2025 09:12:01 
DPDK git baseline: Repo:dpdk-next-net-mlx
  Branch: master
  CommitID:6c8ab18883d4a51ac512a969d36b47272a63b61b

158859 --> testing issues

Upstream job id: Generic-DPDK-Compile-Meson#445625

Test environment and result as below:

+-------------------------------+--------------------+------------------+-------------------+
|          Environment          | dpdk_meson_compile | dpdk_compile_ovs | dpdk_msvc_compile |
+===============================+====================+==================+===================+
| FreeBSD 14.2                  | PASS               | SKIPPED          | SKIPPED           |
+-------------------------------+--------------------+------------------+-------------------+
| Ubuntu 20.04                  | FAIL               | SKIPPED          | SKIPPED           |
+-------------------------------+--------------------+------------------+-------------------+
| CentOS Stream 9               | FAIL               | SKIPPED          | SKIPPED           |
+-------------------------------+--------------------+------------------+-------------------+
| CentOS Stream 10              | FAIL               | SKIPPED          | SKIPPED           |
+-------------------------------+--------------------+------------------+-------------------+
| Debian GNU/Linux 12           | FAIL               | SKIPPED          | SKIPPED           |
+-------------------------------+--------------------+------------------+-------------------+
| Fedora Linux 42               | FAIL               | WARN             | SKIPPED           |
+-------------------------------+--------------------+------------------+-------------------+
| openSUSE Leap 15.6            | PEND               | SKIPPED          | SKIPPED           |
+-------------------------------+--------------------+------------------+-------------------+
| Red Hat Enterprise Linux 8.10 | PEND               | SKIPPED          | SKIPPED           |
+-------------------------------+--------------------+------------------+-------------------+
| Red Hat Enterprise Linux 9.5  | PEND               | SKIPPED          | SKIPPED           |
+-------------------------------+--------------------+------------------+-------------------+
| Windows Server 2022           | SKIPPED            | SKIPPED          | PEND              |
+-------------------------------+--------------------+------------------+-------------------+

==== 20 line log output for Fedora Linux 42 (dpdk_compile_ovs): ====
 --- Failed to get log output --- 
==== End log output ====

FreeBSD 14.2
	Kernel: 14.2-RELEASE
	Compiler: clang 18.1.6

Ubuntu 20.04
	Kernel: 4.19
	Compiler: gcc gcc (Ubuntu 9.4.0-1ubuntu1~20.04.2) 9.4.0

CentOS Stream 9
	Kernel: 5.15
	Compiler: gcc gcc (GCC) 11.5.0 20240719 (Red Hat 11.5.0-11)

CentOS Stream 10
	Kernel: 5.15
	Compiler: gcc gcc (GCC) 14.2.1 20250110 (Red Hat 14.2.1-8)

Debian GNU/Linux 12
	Kernel: 5.15
	Compiler: gcc gcc (Debian 12.2.0-14+deb12u1) 12.2.0

Fedora Linux 42
	Kernel: 5.15
	Compiler: clang gcc (GCC) 15.2.1 20250808 (Red Hat 15.2.1-1)

openSUSE Leap 15.6
	Kernel: 5.15
	Compiler: gcc gcc (SUSE Linux) 7.5.0

Red Hat Enterprise Linux 8.10
	Kernel: 5.15
	Compiler: gcc gcc (GCC) 8.5.0 20210514 (Red Hat 8.5.0-22)

Red Hat Enterprise Linux 9.5
	Kernel: 5.15
	Compiler: gcc gcc (GCC) 11.5.0 20240719 (Red Hat 11.5.0-2)

Windows Server 2022
	Kernel: 10.0.20348.2031
	Compiler: clang 15.0.7, gcc 14.1.0 (MinGW), and MSVC VS 19.39.33521

To view detailed results, visit:
https://lab.dpdk.org/results/dashboard/patchsets/34627/

UNH-IOL DPDK Community Lab

To manage your email subscriptions, visit: 
https://lab.dpdk.org/results/dashboard/preferences/subscriptions/

  parent reply	other threads:[~2025-11-17 14:56 UTC|newest]

Thread overview: 40+ messages / expand[flat|nested]  mbox.gz  Atom feed  top
     [not found] <20251117091201.2261526-1-xu.yang3@zte.com.cn>
2025-11-17  8:41 ` |SUCCESS| pw158859 [PATCH v2 1/1] net/mlx5: fix set port down if detect anomaly qemudev
2025-11-17  8:46 ` qemudev
2025-11-17  9:13 ` |WARNING| " checkpatch
2025-11-17  9:44 ` |FAILURE| " 0-day Robot
2025-11-17 13:24 ` |SUCCESS| pw158859 [PATCH] [v2,1/1] net/mlx5: fix set port down if d dpdklab
2025-11-17 13:28 ` |FAILURE| " dpdklab
2025-11-17 13:30 ` dpdklab
2025-11-17 13:48 ` |PENDING| " dpdklab
2025-11-17 14:46 ` |FAILURE| " dpdklab
2025-11-17 14:50 ` dpdklab
2025-11-17 14:54 ` dpdklab
2025-11-17 14:56 ` dpdklab [this message]
2025-11-17 15:00 ` dpdklab
2025-11-17 15:00 ` |PENDING| " dpdklab
2025-11-17 15:04 ` |FAILURE| " dpdklab
2025-11-17 15:04 ` dpdklab
2025-11-17 15:05 ` dpdklab
2025-11-17 15:05 ` dpdklab
2025-11-17 15:10 ` dpdklab
2025-11-17 15:41 ` |PENDING| " dpdklab
2025-11-17 15:43 ` |FAILURE| " dpdklab
2025-11-17 15:49 ` dpdklab
2025-11-17 15:49 ` |WARNING| " dpdklab
2025-11-17 16:12 ` |FAILURE| " dpdklab
2025-11-17 16:14 ` dpdklab
2025-11-17 16:15 ` dpdklab
2025-11-17 16:16 ` dpdklab
2025-11-17 16:16 ` dpdklab
2025-11-17 16:18 ` dpdklab
2025-11-17 16:22 ` dpdklab
2025-11-17 16:27 ` dpdklab
2025-11-17 16:27 ` dpdklab
2025-11-17 16:28 ` dpdklab
2025-11-17 16:28 ` dpdklab
2025-11-17 16:29 ` dpdklab
2025-11-17 16:30 ` dpdklab
2025-11-17 16:30 ` dpdklab
2025-11-17 16:30 ` dpdklab
2025-11-17 16:31 ` dpdklab
2025-11-17 16:35 ` dpdklab

Reply instructions:

You may reply publicly to this message via plain-text email
using any one of the following methods:

* Save the following mbox file, import it into your mail client,
  and reply-to-all from there: mbox

  Avoid top-posting and favor interleaved quoting:
  https://en.wikipedia.org/wiki/Posting_style#Interleaved_style

* Reply using the --to, --cc, and --in-reply-to
  switches of git-send-email(1):

  git send-email \
    --in-reply-to=691b3794.050a0220.30e67.075fSMTPIN_ADDED_MISSING@mx.google.com \
    --to=dpdklab@iol.unh.edu \
    --cc=dpdk-test-reports@iol.unh.edu \
    --cc=test-report@dpdk.org \
    --cc=xu.yang3@zte.com.cn \
    /path/to/YOUR_REPLY

  https://kernel.org/pub/software/scm/git/docs/git-send-email.html

* If your mail client supports setting the In-Reply-To header
  via mailto: links, try the mailto: link
Be sure your reply has a Subject: header at the top and a blank line before the message body.
This is a public inbox, see mirroring instructions
for how to clone and mirror all data and code used for this inbox;
as well as URLs for NNTP newsgroup(s).