From mboxrd@z Thu Jan 1 00:00:00 1970 Return-Path: Received: from mails.dpdk.org (mails.dpdk.org [217.70.189.124]) by inbox.dpdk.org (Postfix) with ESMTP id 8CEB548B32 for ; Mon, 17 Nov 2025 15:56:21 +0100 (CET) Received: from mails.dpdk.org (localhost [127.0.0.1]) by mails.dpdk.org (Postfix) with ESMTP id 88AC84025A; Mon, 17 Nov 2025 15:56:21 +0100 (CET) Received: from mail-oa1-f97.google.com (mail-oa1-f97.google.com [209.85.160.97]) by mails.dpdk.org (Postfix) with ESMTP id AC86F4025A for ; Mon, 17 Nov 2025 15:56:20 +0100 (CET) Received: by mail-oa1-f97.google.com with SMTP id 586e51a60fabf-3ec41466a30so504689fac.0 for ; Mon, 17 Nov 2025 06:56:20 -0800 (PST) DKIM-Signature: v=1; a=rsa-sha256; c=relaxed/relaxed; d=iol.unh.edu; s=unh-iol; t=1763391380; x=1763996180; darn=dpdk.org; h=references:in-reply-to:cc:to:from:subject:message-id:date:from:to :cc:subject:date:message-id:reply-to; bh=EsIOVRItBwAHTkqZ+mC9VaHU1hZ8Ux95Tlrj5FIl5ko=; b=UeRGSvPu9chqNGEAcyutuusWLPKQ9U3XPwLEZzeXTAzfQOXnLwq3eA9uEeRexPp7HL 9nYULovR6N2N9gLwrpo3gyn8/P59WbkKOn+5k6K6atI/y64YWQEBNjmrIg0ymBO0VCiF 0tL+o88DIhs0jU3VCPTqaQjJyVS+aO1NV0pz0= X-Google-DKIM-Signature: v=1; a=rsa-sha256; c=relaxed/relaxed; d=1e100.net; s=20230601; t=1763391380; x=1763996180; h=references:in-reply-to:cc:to:from:subject:message-id:date:x-gm-gg :x-gm-message-state:from:to:cc:subject:date:message-id:reply-to; bh=EsIOVRItBwAHTkqZ+mC9VaHU1hZ8Ux95Tlrj5FIl5ko=; b=ZZJcgWpjQbmmPIy6OvWqSs2tbJnLhEWMXrvenybJMnl0jn3JH/jB6VEUpS4Uof9TPt 5udrE4z332Jp44QWz2pJcBkNdvTC5h/gnm6NTh4AvKWawHe9o/MuakdulI8he0DJF/wu /fBXGXeuqIxdOcCpE8i1akLxYIPwc4pqhzsUDZcu9Fd1s0dlsrSvhjOGuzO4DIDwt9Dd fFIqkYNNfWuvEVx8qm/4BfBQsgr5iTYooWHxS+VfZC5AmEixQl+hHU4nkDU33TStwcBf j5JaxdVOkP9vHUYvjVC2FTzAkxywu+34kUHIZmxf81cih3XgKpOKS2DeCELHBPt93gsx zfpg== X-Gm-Message-State: AOJu0Yzqlq9p5Vn0Cq31KAlZvGR5xeYkF8YBcUQh2vIDS63//HJuqtEc VRtMRBFfxUxFVFWvvrQsRZ7cKN9gWNxAIS1n2QwcX3aPMccN+pPj4XqUEQryMCJOt4qWx3I6p/U MEQCy1kBZPHP+PJdbxG+oHt2eBfVtW6Kf934uX6h18WJcTCnFV5Ticuvn+ivV X-Gm-Gg: ASbGncsHGprxeMft1KwcWbKeFTOafy0k4ckQoM+dvX5OyhUhrSbQFjoedrhnwBkcm7M jecMqtGf3yJvPQ3pw87/yVH1TxUVF1NC26MbnDPSNOskaiNfnrvHOqbKK2sguqTTBEmzES7ZUJL ps57+KTiZPNHPWc7M2C7uh+WaiZd7SqjddCf2M2y9nHxrLR2b4FWNAZvekk55yT0meBm5Mx4NJK hirBn18WuRwhv548CqW5jVY5AnUO/biSc5ppt8n/IPdmpPInFX+Lm/UV3FDi91zajfAKMSSrMBL 0bonR/gC7I44rWzVOF38sS3hpvT0rvBvaksGD4BXEwDENH8G/1cuj5x5aI7GcrJck12uzrl4Jm7 Yq0EvUpKd X-Google-Smtp-Source: AGHT+IGIsF3TDxc27BiRcDNlAJqru3mFLY0elToNgy3A3MeMe0CUKif5Js+1brXEFp6V+14tT8bYR9+7qJnb X-Received: by 2002:a05:6870:a10e:b0:3dc:5c9f:695f with SMTP id 586e51a60fabf-3e8671afbbbmr6338844fac.4.1763391380008; Mon, 17 Nov 2025 06:56:20 -0800 (PST) Received: from postal.iol.unh.edu (postal.iol.unh.edu. [2606:4100:3880:1234::84]) by smtp-relay.gmail.com with ESMTPS id 586e51a60fabf-3e85200865bsm1263132fac.8.2025.11.17.06.56.19 (version=TLS1_2 cipher=ECDHE-ECDSA-AES128-GCM-SHA256 bits=128/128); Mon, 17 Nov 2025 06:56:20 -0800 (PST) X-Relaying-Domain: iol.unh.edu Date: Mon, 17 Nov 2025 06:56:20 -0800 (PST) Message-ID: <691b3794.050a0220.30e67.075fSMTPIN_ADDED_MISSING@mx.google.com> Received: from [172.21.0.3] (unknown [172.18.0.240]) by postal.iol.unh.edu (Postfix) with ESMTP id 85E7A6051830; Mon, 17 Nov 2025 09:56:19 -0500 (EST) Subject: |FAILURE| pw158859 [PATCH] [v2,1/1] net/mlx5: fix set port down if d From: dpdklab@iol.unh.edu To: Test Report Cc: dpdk-test-reports@iol.unh.edu, Yang Xu In-Reply-To: <20251117091201.2261526-1-xu.yang3@zte.com.cn> References: <20251117091201.2261526-1-xu.yang3@zte.com.cn> Content-Type: text/plain X-BeenThere: test-report@dpdk.org X-Mailman-Version: 2.1.29 Precedence: list List-Id: automatic DPDK test reports List-Unsubscribe: , List-Archive: List-Post: List-Help: List-Subscribe: , Errors-To: test-report-bounces@dpdk.org Test-Label: iol-compile-amd64-testing Test-Status: FAILURE http://dpdk.org/patch/158859 _Testing issues_ Submitter: Yang Xu Date: Monday, November 17 2025 09:12:01 DPDK git baseline: Repo:dpdk-next-net-mlx Branch: master CommitID:6c8ab18883d4a51ac512a969d36b47272a63b61b 158859 --> testing issues Upstream job id: Generic-DPDK-Compile-Meson#445625 Test environment and result as below: +-------------------------------+--------------------+------------------+-------------------+ | Environment | dpdk_meson_compile | dpdk_compile_ovs | dpdk_msvc_compile | +===============================+====================+==================+===================+ | FreeBSD 14.2 | PASS | SKIPPED | SKIPPED | +-------------------------------+--------------------+------------------+-------------------+ | Ubuntu 20.04 | FAIL | SKIPPED | SKIPPED | +-------------------------------+--------------------+------------------+-------------------+ | CentOS Stream 9 | FAIL | SKIPPED | SKIPPED | +-------------------------------+--------------------+------------------+-------------------+ | CentOS Stream 10 | FAIL | SKIPPED | SKIPPED | +-------------------------------+--------------------+------------------+-------------------+ | Debian GNU/Linux 12 | FAIL | SKIPPED | SKIPPED | +-------------------------------+--------------------+------------------+-------------------+ | Fedora Linux 42 | FAIL | WARN | SKIPPED | +-------------------------------+--------------------+------------------+-------------------+ | openSUSE Leap 15.6 | PEND | SKIPPED | SKIPPED | +-------------------------------+--------------------+------------------+-------------------+ | Red Hat Enterprise Linux 8.10 | PEND | SKIPPED | SKIPPED | +-------------------------------+--------------------+------------------+-------------------+ | Red Hat Enterprise Linux 9.5 | PEND | SKIPPED | SKIPPED | +-------------------------------+--------------------+------------------+-------------------+ | Windows Server 2022 | SKIPPED | SKIPPED | PEND | +-------------------------------+--------------------+------------------+-------------------+ ==== 20 line log output for Fedora Linux 42 (dpdk_compile_ovs): ==== --- Failed to get log output --- ==== End log output ==== FreeBSD 14.2 Kernel: 14.2-RELEASE Compiler: clang 18.1.6 Ubuntu 20.04 Kernel: 4.19 Compiler: gcc gcc (Ubuntu 9.4.0-1ubuntu1~20.04.2) 9.4.0 CentOS Stream 9 Kernel: 5.15 Compiler: gcc gcc (GCC) 11.5.0 20240719 (Red Hat 11.5.0-11) CentOS Stream 10 Kernel: 5.15 Compiler: gcc gcc (GCC) 14.2.1 20250110 (Red Hat 14.2.1-8) Debian GNU/Linux 12 Kernel: 5.15 Compiler: gcc gcc (Debian 12.2.0-14+deb12u1) 12.2.0 Fedora Linux 42 Kernel: 5.15 Compiler: clang gcc (GCC) 15.2.1 20250808 (Red Hat 15.2.1-1) openSUSE Leap 15.6 Kernel: 5.15 Compiler: gcc gcc (SUSE Linux) 7.5.0 Red Hat Enterprise Linux 8.10 Kernel: 5.15 Compiler: gcc gcc (GCC) 8.5.0 20210514 (Red Hat 8.5.0-22) Red Hat Enterprise Linux 9.5 Kernel: 5.15 Compiler: gcc gcc (GCC) 11.5.0 20240719 (Red Hat 11.5.0-2) Windows Server 2022 Kernel: 10.0.20348.2031 Compiler: clang 15.0.7, gcc 14.1.0 (MinGW), and MSVC VS 19.39.33521 To view detailed results, visit: https://lab.dpdk.org/results/dashboard/patchsets/34627/ UNH-IOL DPDK Community Lab To manage your email subscriptions, visit: https://lab.dpdk.org/results/dashboard/preferences/subscriptions/