From mboxrd@z Thu Jan 1 00:00:00 1970 Return-Path: Received: from mails.dpdk.org (mails.dpdk.org [217.70.189.124]) by inbox.dpdk.org (Postfix) with ESMTP id F166448B32 for ; Mon, 17 Nov 2025 15:59:49 +0100 (CET) Received: from mails.dpdk.org (localhost [127.0.0.1]) by mails.dpdk.org (Postfix) with ESMTP id EA5D84025A; Mon, 17 Nov 2025 15:59:49 +0100 (CET) Received: from mail-pl1-f226.google.com (mail-pl1-f226.google.com [209.85.214.226]) by mails.dpdk.org (Postfix) with ESMTP id 71F0D4025A for ; Mon, 17 Nov 2025 15:59:48 +0100 (CET) Received: by mail-pl1-f226.google.com with SMTP id d9443c01a7336-2958db8ae4fso40516465ad.2 for ; Mon, 17 Nov 2025 06:59:48 -0800 (PST) DKIM-Signature: v=1; a=rsa-sha256; c=relaxed/relaxed; d=iol.unh.edu; s=unh-iol; t=1763391587; x=1763996387; darn=dpdk.org; h=references:in-reply-to:cc:to:from:subject:message-id:date:from:to :cc:subject:date:message-id:reply-to; bh=cZXOFS0bT9n4OHjF6DWhnPLN1kZklDzbiry1dD6xslY=; b=MmHx1jriREYhAW2S6rO0uKe6UnDyOheD/mGRzkZ06wDb/WNNJ/ISSKw1nt0ne83X/s cvVK0OyDHDnkL6aGEYTKpameoVMIVI4B+YH2CBEX/yC5/4ytTLtzqMJZf2yh1h6Amh/r fTZ+wJME579r01Ol0Yt8Av3gpKsaXl69+f25U= X-Google-DKIM-Signature: v=1; a=rsa-sha256; c=relaxed/relaxed; d=1e100.net; s=20230601; t=1763391587; x=1763996387; h=references:in-reply-to:cc:to:from:subject:message-id:date:x-gm-gg :x-gm-message-state:from:to:cc:subject:date:message-id:reply-to; bh=cZXOFS0bT9n4OHjF6DWhnPLN1kZklDzbiry1dD6xslY=; b=OfDl+Rb/VcaQh2KxuT5gczmfWk8bJTQQdDncXWgOhPG0mWjOE4yrIYznsMrRNocbRC xjMVhG+i7MTUPqL6KU4cHC84xsMZYkf+FBHQHpLYvr5uA6PUdC7TZxJoU/aBJZZNt7bk kY4ibqBnLLMYktSoBexKkFUU3A68UfbooieGtS0iLsEW+qyteRZKAUQ+XVmSoUbKwoUZ FjfUwHH216+ATvy4BjnCC3qh8VnEv/crBiZiVJQEs0eO7IC90KC8Ug7PVLtKEiZ0j9mE 7eFJC/Rl2+RSOYeSN9ygnqCdGgei1PGSeJHBP76QIur52COBKTX14VZp/ggU1lZiUaKX Y7+Q== X-Gm-Message-State: AOJu0Yww+DUnM7zJuJIOCuHq4E2pPvxzwPYu2m7aqqXwmAhhRpf++W1/ ONCUAhVurC9GA08JXRi6pAl5zuTVZRGJCjEvb2qKCPqLyWgbaXK6Bf6GMMic6ayUK0+JnAhoXzv Xgv24TN+w6o/KztpnOLpobZV/X0P1h7Q7lTS4PxG2w8No X-Gm-Gg: ASbGnctH2D15PvA1Ty/YqXEC0adv+S4Zr+Wy8oADY7IFylurlZU1f7/4JyQ+Xz7xhtj egfsSpMIeYNXOY5sqoaM00PPCLYB3ziNUBXHomrdMJUFamWfXdEFkl3OvmrGMxZoow5l6jVPuUA 5OWzjbIcpHtitV7BnVItIK0LSXhCcDe56fP/Rs0BtmJkEBvBu1CbiGNOgM2jiP+jICFQd/1oSqR kULCEzd6423DK3eNPgmhbbMemoTJejTCkBXB9yJXZEAOkVIZIqAm8MM5E3BEqUCWN3A9ChJRjuE ABVnkiseLCs5YPT7QRj2lQEsMjvCHekkbLZjdtW39x69QrN51jvjDwxKriu41gDMOijgKXn6+aa Y+0cprs9aoCO1jtzxBpmSpq+bdTmEpfE= X-Google-Smtp-Source: AGHT+IE2RdaVL1u9rmjky58GHEz7zjpB+P5opybViyQei5KEUv8KRfX74hW/sXJXdmgglkvhjdwCka1RrEEi X-Received: by 2002:a17:903:3b8e:b0:298:485d:557d with SMTP id d9443c01a7336-2986a752869mr154605215ad.45.1763391587611; Mon, 17 Nov 2025 06:59:47 -0800 (PST) Received: from postal.iol.unh.edu (postal.iol.unh.edu. [132.177.123.84]) by smtp-relay.gmail.com with ESMTPS id d9443c01a7336-2985c234263sm14578055ad.1.2025.11.17.06.59.47 (version=TLS1_2 cipher=ECDHE-ECDSA-AES128-GCM-SHA256 bits=128/128); Mon, 17 Nov 2025 06:59:47 -0800 (PST) X-Relaying-Domain: iol.unh.edu Date: Mon, 17 Nov 2025 06:59:47 -0800 (PST) Message-ID: <691b3863.170a0220.30e0d7.84e2SMTPIN_ADDED_MISSING@mx.google.com> Received: from [172.21.0.3] (unknown [172.18.0.240]) by postal.iol.unh.edu (Postfix) with ESMTP id 1D5CF6051830; Mon, 17 Nov 2025 09:59:47 -0500 (EST) Subject: |FAILURE| pw158854-158855 [PATCH] [2/2] net/mlx5: fix the masked val From: dpdklab@iol.unh.edu To: Test Report Cc: dpdk-test-reports@iol.unh.edu, Stephen Hemminger , Bing Zhao In-Reply-To: <20251117080942.9750-1-bingz@nvidia.com> References: <20251117080942.9750-1-bingz@nvidia.com> Content-Type: text/plain X-BeenThere: test-report@dpdk.org X-Mailman-Version: 2.1.29 Precedence: list List-Id: automatic DPDK test reports List-Unsubscribe: , List-Archive: List-Post: List-Help: List-Subscribe: , Errors-To: test-report-bounces@dpdk.org Test-Label: iol-unit-amd64-testing Test-Status: FAILURE http://dpdk.org/patch/158855 _Testing issues_ Submitter: Bing Zhao Date: Monday, November 17 2025 08:09:42 DPDK git baseline: Repo:dpdk-next-net Branch: master CommitID:18d8a8909b8ed6b0a4bd8f99971da74ebba792e2 158854-158855 --> testing issues Upstream job id: Generic-Unit-Test-DPDK#393867 Test environment and result as below: +-------------------------------+----------------+ | Environment | dpdk_unit_test | +===============================+================+ | CentOS Stream 9 | WARN | +-------------------------------+----------------+ | Debian GNU/Linux 12 | WARN | +-------------------------------+----------------+ | CentOS Stream 10 | WARN | +-------------------------------+----------------+ | Fedora Linux 40 | PEND | +-------------------------------+----------------+ | Fedora Linux 42 | PEND | +-------------------------------+----------------+ | Fedora Linux 41 | PEND | +-------------------------------+----------------+ | Red Hat Enterprise Linux 8.10 | PEND | +-------------------------------+----------------+ | Ubuntu 20.04 | FAIL | +-------------------------------+----------------+ | Red Hat Enterprise Linux 9.5 | PEND | +-------------------------------+----------------+ | Ubuntu 24.04 | PEND | +-------------------------------+----------------+ | Ubuntu 22.04 | PEND | +-------------------------------+----------------+ | Windows Server 2022 | PASS | +-------------------------------+----------------+ ==== Unit test summary for Ubuntu 20.04 (dpdk_unit_test): ==== Failed to get the unit test results. Displaying the unit test results is not supported for some environments, such as our aarch32 testing, where meson is not used to run the tests. Download the logs available on our CI site. ==== End log output ==== CentOS Stream 9 Kernel: 5.15 Compiler: gcc gcc (GCC) 11.5.0 20240719 (Red Hat 11.5.0-11) Debian GNU/Linux 12 Kernel: 5.15 Compiler: gcc gcc (Debian 12.2.0-14+deb12u1) 12.2.0 CentOS Stream 10 Kernel: 5.15 Compiler: gcc gcc (GCC) 14.2.1 20250110 (Red Hat 14.2.1-8) Fedora Linux 40 Kernel: 5.15 Compiler: gcc gcc (GCC) 14.2.1 20240912 (Red Hat 14.2.1-3) Fedora Linux 42 Kernel: 5.15 Compiler: gcc gcc (GCC) 15.2.1 20250808 (Red Hat 15.2.1-1) Fedora Linux 41 Kernel: 5.15 Compiler: gcc gcc (GCC) 14.3.1 20250523 (Red Hat 14.3.1-1) Red Hat Enterprise Linux 8.10 Kernel: 5.15 Compiler: gcc gcc (GCC) 8.5.0 20210514 (Red Hat 8.5.0-22) Ubuntu 20.04 Kernel: 5.15 Compiler: gcc gcc (Ubuntu 9.4.0-1ubuntu1~20.04.2) 9.4.0 Red Hat Enterprise Linux 9.5 Kernel: 5.15 Compiler: gcc gcc (GCC) 11.5.0 20240719 (Red Hat 11.5.0-2) Ubuntu 24.04 Kernel: 5.15 Compiler: gcc gcc (Ubuntu 13.3.0-6ubuntu2~24.04) 13.3.0 Ubuntu 22.04 Kernel: 5.15 Compiler: gcc gcc (Ubuntu 11.4.0-1ubuntu1~22.04) 11.4.0 Windows Server 2022 Kernel: 10.0.20348.2031 Compiler: clang 15.0.7, gcc 14.1.0 (MinGW), and MSVC VS 19.39.33521 To view detailed results, visit: https://lab.dpdk.org/results/dashboard/patchsets/34624/ UNH-IOL DPDK Community Lab To manage your email subscriptions, visit: https://lab.dpdk.org/results/dashboard/preferences/subscriptions/